{"id":82,"date":"2011-09-29T08:13:47","date_gmt":"2011-09-29T08:13:47","guid":{"rendered":"http:\/\/www.bc-maps.com\/mapa-vectorial-eps\/"},"modified":"2025-12-03T08:22:02","modified_gmt":"2025-12-03T08:22:02","slug":"vinaros","status":"publish","type":"page","link":"https:\/\/www.bc-maps.com\/mapa-vectorial-eps\/proyectos\/vinaros\/","title":{"rendered":"Ajuntament de Vinar\u00f2s"},"content":{"rendered":"\n<h1 class=\"wp-block-heading\">Mapa Vectorial Eps y Cartografia digital.<\/h1>\n\n\n\n<h2 class=\"wp-block-heading\">Proyectos de cartograf\u00eda vectorial.<\/h2>\n\n\n\n<h3 class=\"wp-block-heading\">PATRONAT TURISME VINAR\u00d2S.<\/h3>\n\n\n\n<p>BC MAPS ha elaborado el nuevo plano del Excmo. Ayuntamiento de Vinar\u00f2s, Se elaboro una primera versi\u00f3n del mapa para a posteriori revisarla por nuestro personal en la misma poblaci\u00f3n.<\/p>\n\n\n\n<p>En una segunda fase se procedi\u00f3 a la correcci\u00f3n, revisi\u00f3n y normalizaci\u00f3n de la toponimia por parte del Servei L\u00edng\u00fc\u00edstico del Ayuntamiento.<\/p>\n\n\n\n<p>Para finalmente montar el mapa final con la divisi\u00f3n en las zonas Norte y Sur adem\u00e1s de una ampliaci\u00f3n del Centro Urbano.<\/p>\n\n\n\n<figure class=\"wp-block-gallery has-nested-images columns-default is-cropped wp-block-gallery-1 is-layout-flex wp-block-gallery-is-layout-flex\">\n<figure class=\"wp-block-image size-large\"><a href=\"https:\/\/www.bc-maps.com\/wp-content\/uploads\/2013\/08\/VINAROS-MAPA-20132.jpg\" target=\"_blank\" rel=\"noopener noreferrer\"><img loading=\"lazy\" decoding=\"async\" width=\"724\" height=\"1024\" data-id=\"1975\" src=\"https:\/\/www.bc-maps.com\/wp-content\/uploads\/2013\/08\/VINAROS-MAPA-20132-724x1024.jpg\" alt=\"Mapa turistico B Vinaros (Castello), BC Maps 2013\" class=\"wp-image-1975\" srcset=\"https:\/\/www.bc-maps.com\/wp-content\/uploads\/2013\/08\/VINAROS-MAPA-20132-724x1024.jpg 724w, https:\/\/www.bc-maps.com\/wp-content\/uploads\/2013\/08\/VINAROS-MAPA-20132-212x300.jpg 212w, https:\/\/www.bc-maps.com\/wp-content\/uploads\/2013\/08\/VINAROS-MAPA-20132.jpg 1123w\" sizes=\"auto, (max-width: 724px) 100vw, 724px\" \/><\/a><figcaption class=\"wp-element-caption\">Mapa turistico B Vinaros (Castello), BC Maps 2013<\/figcaption><\/figure>\n<\/figure>\n\n\n\n<figure class=\"wp-block-gallery has-nested-images columns-default is-cropped wp-block-gallery-2 is-layout-flex wp-block-gallery-is-layout-flex\">\n<figure class=\"wp-block-image size-large\"><a href=\"https:\/\/www.bc-maps.com\/wp-content\/uploads\/2013\/08\/VINAROS-MAPA-2013.jpg\" target=\"_blank\" rel=\"noopener noreferrer\"><img loading=\"lazy\" decoding=\"async\" width=\"724\" height=\"1024\" data-id=\"1974\" src=\"https:\/\/www.bc-maps.com\/wp-content\/uploads\/2013\/08\/VINAROS-MAPA-2013-724x1024.jpg\" alt=\"Mapa turistico Vinaros (Castell\u00f3), Casco Urbano y Sur\" class=\"wp-image-1974\" srcset=\"https:\/\/www.bc-maps.com\/wp-content\/uploads\/2013\/08\/VINAROS-MAPA-2013-724x1024.jpg 724w, https:\/\/www.bc-maps.com\/wp-content\/uploads\/2013\/08\/VINAROS-MAPA-2013-212x300.jpg 212w, https:\/\/www.bc-maps.com\/wp-content\/uploads\/2013\/08\/VINAROS-MAPA-2013.jpg 1123w\" sizes=\"auto, (max-width: 724px) 100vw, 724px\" \/><\/a><figcaption class=\"wp-element-caption\">Mapa turistico Vinaros (Castell\u00f3), Casco Urbano y Sur<\/figcaption><\/figure>\n<\/figure>\n","protected":false},"excerpt":{"rendered":"<p>Mapa Vectorial Eps y Cartografia digital. Proyectos de cartograf\u00eda vectorial. PATRONAT TURISME VINAR\u00d2S. BC MAPS ha elaborado el nuevo plano del Excmo. Ayuntamiento de Vinar\u00f2s, Se elaboro una primera versi\u00f3n del mapa para a posteriori revisarla por nuestro personal en la misma poblaci\u00f3n. En una segunda fase se procedi\u00f3 a la correcci\u00f3n, revisi\u00f3n y normalizaci\u00f3n &hellip; <a href=\"https:\/\/www.bc-maps.com\/mapa-vectorial-eps\/proyectos\/vinaros\/\" class=\"more-link\">Seguir leyendo <span class=\"screen-reader-text\">Ajuntament de Vinar\u00f2s<\/span> <span class=\"meta-nav\">&rarr;<\/span><\/a><\/p>\n","protected":false},"author":1,"featured_media":1975,"parent":6,"menu_order":1,"comment_status":"closed","ping_status":"open","template":"","meta":{"footnotes":""},"class_list":["post-82","page","type-page","status-publish","has-post-thumbnail","hentry"],"_links":{"self":[{"href":"https:\/\/www.bc-maps.com\/mapa-vectorial-eps\/wp-json\/wp\/v2\/pages\/82","targetHints":{"allow":["GET"]}}],"collection":[{"href":"https:\/\/www.bc-maps.com\/mapa-vectorial-eps\/wp-json\/wp\/v2\/pages"}],"about":[{"href":"https:\/\/www.bc-maps.com\/mapa-vectorial-eps\/wp-json\/wp\/v2\/types\/page"}],"author":[{"embeddable":true,"href":"https:\/\/www.bc-maps.com\/mapa-vectorial-eps\/wp-json\/wp\/v2\/users\/1"}],"replies":[{"embeddable":true,"href":"https:\/\/www.bc-maps.com\/mapa-vectorial-eps\/wp-json\/wp\/v2\/comments?post=82"}],"version-history":[{"count":3,"href":"https:\/\/www.bc-maps.com\/mapa-vectorial-eps\/wp-json\/wp\/v2\/pages\/82\/revisions"}],"predecessor-version":[{"id":8230,"href":"https:\/\/www.bc-maps.com\/mapa-vectorial-eps\/wp-json\/wp\/v2\/pages\/82\/revisions\/8230"}],"up":[{"embeddable":true,"href":"https:\/\/www.bc-maps.com\/mapa-vectorial-eps\/wp-json\/wp\/v2\/pages\/6"}],"wp:featuredmedia":[{"embeddable":true,"href":"https:\/\/www.bc-maps.com\/mapa-vectorial-eps\/wp-json\/wp\/v2\/media\/1975"}],"wp:attachment":[{"href":"https:\/\/www.bc-maps.com\/mapa-vectorial-eps\/wp-json\/wp\/v2\/media?parent=82"}],"curies":[{"name":"wp","href":"https:\/\/api.w.org\/{rel}","templated":true}]}}