{"id":8151,"date":"2025-10-08T19:15:05","date_gmt":"2025-10-08T19:15:05","guid":{"rendered":"https:\/\/www.bc-maps.com\/mapa-vectorial-eps\/austria-mapa-vectorial-ilustrator-eps-2\/"},"modified":"2025-12-22T16:49:13","modified_gmt":"2025-12-22T16:49:13","slug":"cataluna-mapas-vectoriales-illustrator-eps-editables","status":"publish","type":"page","link":"https:\/\/www.bc-maps.com\/mapa-vectorial-eps\/cataluna-mapas-vectoriales-illustrator-eps-editables\/","title":{"rendered":"Catalu\u00f1a mapas vectoriales editables en illustrator o eps"},"content":{"rendered":"\n<h1 class=\"wp-block-heading\">Catalu\u00f1a mapas editables vectoriales con capas<\/h1>\n\n\n\n<h2 class=\"wp-block-heading\">Mapas vectoriales de los diferentes comarcas o municipios de la comunidad catalana<\/h2>\n\n\n\n<h2 class=\"wp-block-heading\">Mapas editables eps illustrator ciudades, municipios y pueblos  de Catalu\u00f1a<\/h2>\n\n\n\n<p>Podemos crear cualquier tipo de mapa de Catalu\u00f1a mapas de ciudades, mapas de comarcas,  mapas de municipios &#8230;etc. Un ejemplo de lo que podemos hacer ser\u00eda este mapa :<\/p>\n\n\n\n<figure class=\"wp-block-gallery aligncenter has-nested-images columns-default is-cropped wp-block-gallery-1 is-layout-flex wp-block-gallery-is-layout-flex\">\n<figure class=\"wp-block-image size-large\"><a href=\"https:\/\/www.bc-maps.com\/wp-content\/uploads\/2025\/03\/Mapa-mural-municipios-comarcas-Cataluna.jpg\" target=\"_blank\" rel=\" noreferrer noopener\"><img loading=\"lazy\" decoding=\"async\" width=\"1024\" height=\"931\" data-id=\"7613\" src=\"https:\/\/www.bc-maps.com\/wp-content\/uploads\/2025\/03\/Mapa-mural-municipios-comarcas-Cataluna-1024x931.jpg\" alt=\"Mapa mural de municipios y comarcas de Catalu\u00f1a\" class=\"wp-image-7613\" srcset=\"https:\/\/www.bc-maps.com\/wp-content\/uploads\/2025\/03\/Mapa-mural-municipios-comarcas-Cataluna-1024x931.jpg 1024w, https:\/\/www.bc-maps.com\/wp-content\/uploads\/2025\/03\/Mapa-mural-municipios-comarcas-Cataluna-300x273.jpg 300w, https:\/\/www.bc-maps.com\/wp-content\/uploads\/2025\/03\/Mapa-mural-municipios-comarcas-Cataluna-768x698.jpg 768w, https:\/\/www.bc-maps.com\/wp-content\/uploads\/2025\/03\/Mapa-mural-municipios-comarcas-Cataluna-1536x1396.jpg 1536w, https:\/\/www.bc-maps.com\/wp-content\/uploads\/2025\/03\/Mapa-mural-municipios-comarcas-Cataluna.jpg 1701w\" sizes=\"auto, (max-width: 1024px) 100vw, 1024px\" \/><\/a><figcaption class=\"wp-element-caption\">Mapa mural de municipios y comarcas de Catalu\u00f1a<\/figcaption><\/figure>\n<\/figure>\n\n\n\n<h5 class=\"wp-block-heading\">Provincias<\/h5>\n\n\n<div class=\"wp-block-image\">\n<figure class=\"aligncenter size-medium\"><a href=\"https:\/\/www.bc-maps.com\/wp-content\/uploads\/2025\/12\/mapa-vectorial-mural-provincia-tarragona-scaled.jpg\" target=\"_blank\" rel=\" noreferrer noopener\"><img loading=\"lazy\" decoding=\"async\" width=\"300\" height=\"263\" src=\"https:\/\/www.bc-maps.com\/wp-content\/uploads\/2025\/12\/mapa-vectorial-mural-provincia-tarragona-300x263.jpg\" alt=\"Mapa provincia Tarragona con relieve vectorial illustrator eps mural\" class=\"wp-image-8322\" srcset=\"https:\/\/www.bc-maps.com\/wp-content\/uploads\/2025\/12\/mapa-vectorial-mural-provincia-tarragona-300x263.jpg 300w, https:\/\/www.bc-maps.com\/wp-content\/uploads\/2025\/12\/mapa-vectorial-mural-provincia-tarragona-1024x897.jpg 1024w, https:\/\/www.bc-maps.com\/wp-content\/uploads\/2025\/12\/mapa-vectorial-mural-provincia-tarragona-768x673.jpg 768w, https:\/\/www.bc-maps.com\/wp-content\/uploads\/2025\/12\/mapa-vectorial-mural-provincia-tarragona-1536x1345.jpg 1536w, https:\/\/www.bc-maps.com\/wp-content\/uploads\/2025\/12\/mapa-vectorial-mural-provincia-tarragona-2048x1794.jpg 2048w\" sizes=\"auto, (max-width: 300px) 100vw, 300px\" \/><\/a><figcaption class=\"wp-element-caption\">Mapa provincia Tarragona con relieve vectorial illustrator eps mural<\/figcaption><\/figure>\n<\/div>\n\n\n<p><a href=\"https:\/\/www.bc-maps.com\/mapa-vectorial-eps\/provincia-barcelona-illustrator\/\">Barcelona,<\/a> <a href=\"https:\/\/www.bc-maps.com\/mapa-vectorial-eps\/provincia-tarragona-illustrator\/\" data-wplink-edit=\"true\">Tarragona<\/a>, <a href=\"https:\/\/www.bc-maps.com\/mapa-vectorial-eps\/provincia-lleida-illustrator\/\">Lleida<\/a> y <a href=\"https:\/\/www.bc-maps.com\/mapa-vectorial-eps\/provincia-girona-illustrator\/\">Girona<\/a><\/p>\n<h5><strong>COMARCAS<\/strong><\/h5>\n\n\n\n<figure class=\"wp-block-gallery has-nested-images columns-default is-cropped wp-block-gallery-2 is-layout-flex wp-block-gallery-is-layout-flex\">\n<figure class=\"wp-block-image size-large\"><a href=\"https:\/\/www.bc-maps.com\/wp-content\/uploads\/2025\/01\/Conca-de-Barbera-illustrator-mapa-vectorial-eps.jpg\" target=\"_blank\" rel=\" noreferrer noopener\"><img loading=\"lazy\" decoding=\"async\" width=\"1024\" height=\"724\" data-id=\"7129\" src=\"https:\/\/www.bc-maps.com\/wp-content\/uploads\/2025\/01\/Conca-de-Barbera-illustrator-mapa-vectorial-eps-1024x724.jpg\" alt=\"Conca de Barbera illustrator mapa vectorial eps\" class=\"wp-image-7129\" srcset=\"https:\/\/www.bc-maps.com\/wp-content\/uploads\/2025\/01\/Conca-de-Barbera-illustrator-mapa-vectorial-eps-1024x724.jpg 1024w, https:\/\/www.bc-maps.com\/wp-content\/uploads\/2025\/01\/Conca-de-Barbera-illustrator-mapa-vectorial-eps-300x212.jpg 300w, https:\/\/www.bc-maps.com\/wp-content\/uploads\/2025\/01\/Conca-de-Barbera-illustrator-mapa-vectorial-eps-768x543.jpg 768w, https:\/\/www.bc-maps.com\/wp-content\/uploads\/2025\/01\/Conca-de-Barbera-illustrator-mapa-vectorial-eps-1536x1086.jpg 1536w, https:\/\/www.bc-maps.com\/wp-content\/uploads\/2025\/01\/Conca-de-Barbera-illustrator-mapa-vectorial-eps.jpg 1754w\" sizes=\"auto, (max-width: 1024px) 100vw, 1024px\" \/><\/a><figcaption class=\"wp-element-caption\">Conca de Barbera illustrator mapa vectorial eps<\/figcaption><\/figure>\n<\/figure>\n\n\n\n<p><strong><a href=\"https:\/\/www.bc-maps.com\/mapa-vectorial-eps\/cat-mapa-alt-camp-vectorial-illustrator-eps-comarca-catalunya\/\" data-type=\"page\" data-id=\"7194\">Alt Camp<\/a>, <a href=\"https:\/\/www.bc-maps.com\/wp-content\/uploads\/2025\/02\/comarca-Alt-Emporda-mapa-vectorial-illustrator-eps-municipis.jpg\" data-type=\"attachment\" data-id=\"7202\">Alt Empord\u00e0,<\/a> <a href=\"https:\/\/www.bc-maps.com\/mapa-vectorial-eps\/cat-mapa-alt-penedes-vectorial-illustrator-eps-comarca-catalunya\/\" data-type=\"page\" data-id=\"7207\">Alt Pened\u00e8s<\/a>, <a href=\"https:\/\/www.bc-maps.com\/mapa-vectorial-eps\/cat-mapa-alt-urgell-vectorial-illustrator-eps-comarca-catalunya\/\" data-type=\"page\" data-id=\"7212\">Alt Urgell<\/a>, <a href=\"https:\/\/www.bc-maps.com\/mapa-vectorial-eps\/cat-mapa-alta-ribagorca-vectorial-illustrator-eps-comarca-catalunya\/\" data-type=\"page\" data-id=\"7217\">Alta Ribagor\u00e7a<\/a>, <a href=\"https:\/\/www.bc-maps.com\/mapa-vectorial-eps\/cat-mapa-anoia-vectorial-illustrator-eps-comarca-catalunya\/\" data-type=\"page\" data-id=\"7223\">Anoia<\/a>, <a href=\"https:\/\/www.bc-maps.com\/mapa-vectorial-eps\/cat-mapa-bages-vectorial-illustrator-eps-comarca-catalunya\/\" data-type=\"page\" data-id=\"7235\">Bages,<\/a> <a href=\"https:\/\/www.bc-maps.com\/mapa-vectorial-eps\/cat-mapa-alt-camp-vectorial-illustrator-eps-comarca-catalunya\/\" data-type=\"page\" data-id=\"7194\">Baix Camp<\/a>, Baix Ebre, Baix Empord\u00e0, Baix Llobregat, Baix Pened\u00e8s, Barcelon\u00e8s, Bergued\u00e0, Cerdanya, <a href=\"https:\/\/www.bc-maps.com\/wp-content\/uploads\/2025\/02\/comarca-Conca-de-Barbera-mapa-vectorial-illustrator-eps-municipis.jpg\" data-type=\"attachment\" data-id=\"7282\">Conca de Barber\u00e0<\/a>, Garraf, <a href=\"https:\/\/www.bc-maps.com\/mapa-vectorial-eps\/cat-mapa-garrigues-vectorial-illustrator-eps-comarca-catalunya\/\" data-type=\"page\" data-id=\"7289\">Garrigues<\/a>, Garrotxa, Giron\u00e8s, Maresme, Moian\u00e8s, Montsi\u00e0, Noguera, Osona, Pallars Juss\u00e0, Pallars Sobir\u00e0, Pla d\u2019Urgell, <a href=\"https:\/\/www.bc-maps.com\/wp-content\/uploads\/2025\/02\/comarca-Pla-de-lEstany-mapa-vectorial-illustrator-eps-municipis.jpg\" data-type=\"attachment\" data-id=\"7355\">Pla de l\u2019Estany<\/a>, Priorat, Ribera d\u2019Ebre, Ripoll\u00e8s, Segarra, Segri\u00e0, Selva, Solson\u00e8s, <a href=\"https:\/\/www.bc-maps.com\/mapa-vectorial-eps\/cat-mapa-tarragones-vectorial-illustrator-eps-comarca-catalunya\/\" data-type=\"page\" data-id=\"7395\">Tarragon\u00e8s<\/a>, <a href=\"https:\/\/www.bc-maps.com\/mapa-vectorial-eps\/cat-mapa-terra-alta-vectorial-illustrator-eps-comarca-catalunya\/\" data-type=\"page\" data-id=\"7401\">Terra Alta<\/a>, <a href=\"https:\/\/www.bc-maps.com\/mapa-vectorial-eps\/cat-mapa-urgell-vectorial-illustrator-eps-comarca-catalunya\/\" data-type=\"page\" data-id=\"7406\">Urgell<\/a>, <a href=\"https:\/\/www.bc-maps.com\/mapa-vectorial-eps\/cat-mapa-val-aran-vectorial-illustrator-eps-comarca-catalunya\/\" data-type=\"page\" data-id=\"7228\">Vall d\u2019Aran<\/a>, <a href=\"https:\/\/www.bc-maps.com\/mapa-vectorial-eps\/cat-mapa-valles-occidental-vectorial-illustrator-eps-comarca-catalunya\/\" data-type=\"page\" data-id=\"7411\">Vall\u00e8s Occidental,<\/a> <a href=\"https:\/\/www.bc-maps.com\/mapa-vectorial-eps\/cat-mapa-valles-oriental-vectorial-illustrator-eps-comarca-catalunya\/\" data-type=\"page\" data-id=\"7416\">Vall\u00e8s Oriental<\/a>.<\/strong><\/p>\n\n\n\n<h5 class=\"wp-block-heading\">CIUDADES<\/h5>\n\n\n\n<p><a href=\"https:\/\/www.bc-maps.com\/mapa-vectorial-eps\/mapa-barcelona-ilustrator-eps\/\" data-type=\"page\" data-id=\"4413\"><strong>Barcelona<\/strong><\/a>, l&#8217;Hospitalet de Llobregat , Terrassa, Badalona, <a href=\"https:\/\/www.bc-maps.com\/mapa-vectorial-eps\/sabadell-mapa-vectorial-ilustrator-eps-cat\/\" data-type=\"page\" data-id=\"5504\">Sabadell,<\/a> Lleida, <strong><a href=\"https:\/\/www.bc-maps.com\/mapa-vectorial-eps\/tarragona-ilustrator-eps\/\" data-type=\"page\" data-id=\"4601\">Tarragona<\/a><\/strong>, Matar\u00f3, Santa Coloma de Gramenet, Reus, <a href=\"https:\/\/www.bc-maps.com\/mapa-vectorial-eps\/girona-mapa-vectorial-illustrator-eps-ai-cc\/\" data-type=\"page\" data-id=\"4742\"><strong>Girona<\/strong><\/a>, Sant Cugat del Vall\u00e8s, Cornell\u00e0 de Llobregat, Sant Boi de Llobregat, Rub\u00ed, Manresa, Vilanova i la Geltr\u00fa, Castelldefels, Viladecans, el Prat de Llobregat, Granollers, Cerdanyola del Vall\u00e8s, Mollet del Vall\u00e8s, Vic, Figueres, Gav\u00e0, Esplugues de Llobregat, Sant Feliu de Llobregat, Lloret de Mar, Blanes, Igualada, Vilafranca del Pened\u00e8s, el Vendrell,  Ripollet, Olot, Sant Adri\u00e0 de Bes\u00f2s, Montcada i Reixac, Cambrils, Tortosa, Sant Joan Desp\u00ed, Salt, Barber\u00e0 del Vall\u00e8s, Sitges, Sant Pere de Ribes, Calafell, Salou, Pineda de Mar, <strong><a href=\"https:\/\/www.bc-maps.com\/mapa-vectorial-eps\/premia-de-mar-mapa-vectorial-illustrator-eps-ai-cc\/\" data-type=\"page\" data-id=\"4894\">Premi\u00e0 de Mar<\/a><\/strong>, Sant Vicen\u00e7 dels Horts, Martorell, Sant Andreu de la Barca, Molins de Rei, Santa Perp\u00e8tua de Mogoda, Castellar del Vall\u00e8s, Valls, Olesa de Montserrat, el Masnou, Palafrugell, Vila-seca, Sant Feliu de Gu\u00edxols, Amposta, Esparreguera, Manlleu, Vilassar de Mar, Sant Just Desvern, Banyoles, les Franqueses del Vall\u00e8s,  <strong><a href=\"https:\/\/www.bc-maps.com\/mapa-vectorial-eps\/roses-mapa-vectorial-illustrator-eps-ai-pdf\/\" data-type=\"page\" data-id=\"8161\">Roses<\/a>,<\/strong> Calella, Sant Quirze del Vall\u00e8s,&nbsp;<\/p>\n\n\n\n<p>Un <strong>mapa vectorial en illustrator eps<\/strong> de <strong>Catalu\u00f1a <\/strong>es un archivo digital que representa gr\u00e1ficamente la geograf\u00eda, la infraestructura y otros elementos geoespaciales en forma de vectores.<\/p>\n\n\n\n<p>Los mapas se entregan en formatos editables <strong><a href=\"http:\/\/www.adobe.es\">adobe<\/a> illustrator, eps<\/strong><\/p>\n\n\n\n<p>Estas son algunas de las caracter\u00edsticas comunes de un mapa vectorial:<\/p>\n\n\n\n<p>1. Escalabilidad: Los mapas vectoriales son escalables, lo que significa que se pueden ampliar o reducir sin perder calidad.<\/p>\n\n\n\n<p>2. Geometr\u00eda precisa: Los elementos en un mapa vectorial se representan mediante formas geom\u00e9tricas, como l\u00edneas, puntos y pol\u00edgonos. Estas formas se definen matem\u00e1ticamente, lo que garantiza una representaci\u00f3n precisa de la geograf\u00eda y las caracter\u00edsticas del terreno.<\/p>\n\n\n\n<p>3. Capas y atributos: Un mapa vectorial puede contener diferentes capas que representan diferentes tipos de informaci\u00f3n, como carreteras, r\u00edos, edificios, \u00e1reas verdes, entre otros. .<\/p>\n\n\n\n<p>4. Edici\u00f3n y personalizaci\u00f3n: Los mapas vectoriales son editables, lo que permite agregar, eliminar o modificar elementos seg\u00fan las necesidades del usuario. Tambi\u00e9n se pueden personalizar mediante la selecci\u00f3n de colores, estilos de l\u00ednea y s\u00edmbolos.<\/p>\n\n\n\n<p>5. Compatibilidad: Los mapas vectoriales suelen estar disponibles en formatos est\u00e1ndar, como SVG (Scalable Vector Graphics), AI (Adobe Illustrator), EPS (Encapsulated PostScript) o DXF (Drawing Exchange Format), lo que permite su visualizaci\u00f3n y edici\u00f3n en diferentes software de dise\u00f1o y cartograf\u00eda.<\/p>\n\n\n\n<p>Estas caracter\u00edsticas hacen que los mapas vectoriales sean \u00fatiles para an\u00e1lisis espacial, planificaci\u00f3n urbana, navegaci\u00f3n, representaci\u00f3n cartogr\u00e1fica y otras aplicaciones donde la precisi\u00f3n y la flexibilidad son importantes.<\/p>\n\n\n\n<p>Los mapas de ciudades pueden contener el nombre de todas las calles o solo las principales, as\u00ed como los lugares de inter\u00e9s m\u00e1s importantes.<\/p>\n\n\n\n<p>El contenido de informaci\u00f3n depender\u00e1 del tama\u00f1o de la zona y la escala o medidas de reproducci\u00f3n, ya que no trabajamos con textos inferiores a 5 puntos<\/p>\n\n\n\n<p>Todos nuestros mapas estan estructurados por medio de capas y son totalmenete editables, colores y textos.<\/p>\n\n\n\n<p>Los mapas son libres de derechos de reproducci\u00f3n, incluyendo nuestro copyright, s\u00f3lo pagar\u00e1 por ellos una vez.<\/p>\n","protected":false},"excerpt":{"rendered":"<p>Catalu\u00f1a mapas editables vectoriales con capas Mapas vectoriales de los diferentes comarcas o municipios de la comunidad catalana Mapas editables eps illustrator ciudades, municipios y pueblos de Catalu\u00f1a Podemos crear cualquier tipo de mapa de Catalu\u00f1a mapas de ciudades, mapas de comarcas, mapas de municipios &#8230;etc. Un ejemplo de lo que podemos hacer ser\u00eda este &hellip; <a href=\"https:\/\/www.bc-maps.com\/mapa-vectorial-eps\/cataluna-mapas-vectoriales-illustrator-eps-editables\/\" class=\"more-link\">Seguir leyendo <span class=\"screen-reader-text\">Catalu\u00f1a mapas vectoriales editables en illustrator o eps<\/span> <span class=\"meta-nav\">&rarr;<\/span><\/a><\/p>\n","protected":false},"author":1,"featured_media":3314,"parent":0,"menu_order":0,"comment_status":"closed","ping_status":"closed","template":"","meta":{"footnotes":""},"class_list":["post-8151","page","type-page","status-publish","has-post-thumbnail","hentry"],"_links":{"self":[{"href":"https:\/\/www.bc-maps.com\/mapa-vectorial-eps\/wp-json\/wp\/v2\/pages\/8151","targetHints":{"allow":["GET"]}}],"collection":[{"href":"https:\/\/www.bc-maps.com\/mapa-vectorial-eps\/wp-json\/wp\/v2\/pages"}],"about":[{"href":"https:\/\/www.bc-maps.com\/mapa-vectorial-eps\/wp-json\/wp\/v2\/types\/page"}],"author":[{"embeddable":true,"href":"https:\/\/www.bc-maps.com\/mapa-vectorial-eps\/wp-json\/wp\/v2\/users\/1"}],"replies":[{"embeddable":true,"href":"https:\/\/www.bc-maps.com\/mapa-vectorial-eps\/wp-json\/wp\/v2\/comments?post=8151"}],"version-history":[{"count":7,"href":"https:\/\/www.bc-maps.com\/mapa-vectorial-eps\/wp-json\/wp\/v2\/pages\/8151\/revisions"}],"predecessor-version":[{"id":8365,"href":"https:\/\/www.bc-maps.com\/mapa-vectorial-eps\/wp-json\/wp\/v2\/pages\/8151\/revisions\/8365"}],"wp:featuredmedia":[{"embeddable":true,"href":"https:\/\/www.bc-maps.com\/mapa-vectorial-eps\/wp-json\/wp\/v2\/media\/3314"}],"wp:attachment":[{"href":"https:\/\/www.bc-maps.com\/mapa-vectorial-eps\/wp-json\/wp\/v2\/media?parent=8151"}],"curies":[{"name":"wp","href":"https:\/\/api.w.org\/{rel}","templated":true}]}}