{"id":7608,"date":"2025-03-16T07:55:00","date_gmt":"2025-03-16T07:55:00","guid":{"rendered":"https:\/\/www.bc-maps.com\/mapa-vectorial-eps\/mapa-mural-municipios-comarcas-castilla-la-mancha-illustrator-foam-forex-imanes-velleda-2\/"},"modified":"2025-03-17T11:19:26","modified_gmt":"2025-03-17T11:19:26","slug":"mapa-mural-municipios-comarcas-castilla-leon-illustrator-foam-forex-imanes-velleda-2","status":"publish","type":"page","link":"https:\/\/www.bc-maps.com\/mapa-vectorial-eps\/mapa-mural-municipios-comarcas-castilla-leon-illustrator-foam-forex-imanes-velleda-2\/","title":{"rendered":"Mapa mural de municipios y comarcas de Castilla-Le\u00f3n, foam, magn\u00e9tico, imanes"},"content":{"rendered":"<h1>Mapa mural con el nombre de todos los municipios de <strong data-start=\"197\" data-end=\"225\">Castilla-Le\u00f3n<\/strong><\/h1>\n<h1>Mapa mural con el nombre de todas las comarcas de <strong data-start=\"197\" data-end=\"225\">Castilla-Le\u00f3n<\/strong><\/h1>\n<p data-start=\"182\" data-end=\"503\">Disponemos de un <strong data-start=\"197\" data-end=\"225\">mapa vectorial <\/strong>que nos permite elaborar un <strong>mapa mural<\/strong> <strong data-start=\"197\" data-end=\"225\">de Castilla-Le\u00f3n<\/strong>\u00a0con la divisi\u00f3n completa de <strong data-start=\"254\" data-end=\"279\">municipios y comarcas<\/strong>, dise\u00f1ado para ofrecer la m\u00e1xima calidad y precisi\u00f3n. Este archivo es totalmente <strong data-start=\"361\" data-end=\"394\">editable en <a href=\"http:\/\/www.adobe.es\">Adobe Illustrator<\/a><\/strong>, permitiendo personalizar colores, etiquetas y otros elementos gr\u00e1ficos seg\u00fan las necesidades del usuario.<\/p>\n<h2 data-start=\"1511\" data-end=\"1564\"><strong data-start=\"1515\" data-end=\"1562\">Ideal para Mapas Murales y Grandes Formatos<\/strong><\/h2>\n<p data-start=\"182\" data-end=\"503\">Este fichero nos permite imprimir \u00a0un mapa mural \u00a0personalizado en diferentes tama\u00f1os y materiales como papel, vinilo, pvc flexible, cart\u00f3n pluma\/foam, forex, vinilo f\u00e9rrico adem\u00e1s de completarlo con diferentes acabados , como laminado UV, laminado velleda o perfil de aluminio y as\u00ed entregarlo enmarcado para facilitar su colocaci\u00f3n.<\/p>\n<figure id=\"attachment_7611\" aria-describedby=\"caption-attachment-7611\" style=\"width: 300px\" class=\"wp-caption alignnone\"><a href=\"https:\/\/www.bc-maps.com\/wp-content\/uploads\/2025\/03\/Mapa-mural-municipios-comarcas-Castilla-Leon.jpg\" target=\"_blank\" rel=\"noopener\"><img loading=\"lazy\" decoding=\"async\" class=\"wp-image-7611 size-medium\" title=\"Mapa mural de municipios y comarcas de Castilla-Le\u00f3n\" src=\"https:\/\/www.bc-maps.com\/wp-content\/uploads\/2025\/03\/Mapa-mural-municipios-comarcas-Castilla-Leon-300x238.jpg\" alt=\"Mapa mural de municipios y comarcas de Castilla-Le\u00f3n\" width=\"300\" height=\"238\" srcset=\"https:\/\/www.bc-maps.com\/wp-content\/uploads\/2025\/03\/Mapa-mural-municipios-comarcas-Castilla-Leon-300x238.jpg 300w, https:\/\/www.bc-maps.com\/wp-content\/uploads\/2025\/03\/Mapa-mural-municipios-comarcas-Castilla-Leon-1024x811.jpg 1024w, https:\/\/www.bc-maps.com\/wp-content\/uploads\/2025\/03\/Mapa-mural-municipios-comarcas-Castilla-Leon-768x608.jpg 768w, https:\/\/www.bc-maps.com\/wp-content\/uploads\/2025\/03\/Mapa-mural-municipios-comarcas-Castilla-Leon-1536x1216.jpg 1536w, https:\/\/www.bc-maps.com\/wp-content\/uploads\/2025\/03\/Mapa-mural-municipios-comarcas-Castilla-Leon.jpg 1701w\" sizes=\"auto, (max-width: 300px) 100vw, 300px\" \/><\/a><figcaption id=\"caption-attachment-7611\" class=\"wp-caption-text\">Mapa mural de municipios y comarcas de Castilla-Le\u00f3n<\/figcaption><\/figure>\n<h4 data-start=\"505\" data-end=\"566\"><strong data-start=\"509\" data-end=\"564\">Diferenciaci\u00f3n de Comarcas Oficiales y no oficiales<\/strong><\/h4>\n<p data-start=\"567\" data-end=\"1006\">En algunas comunidades aut\u00f3nomas, las <strong data-start=\"605\" data-end=\"617\">comarcas<\/strong> cuentan con una divisi\u00f3n oficial establecida por sus respectivas administraciones. Sin embargo, en otras regiones, no existe una delimitaci\u00f3n administrativa reconocida, por lo que hemos adoptado criterios basados en <strong data-start=\"834\" data-end=\"885\">comarcas hist\u00f3ricas, funcionales o de uso com\u00fan<\/strong> ampliamente aceptadas. De este modo, garantizamos que el mapa refleje la realidad territorial y cultural de cada zona.<\/p>\n<h4 data-start=\"505\" data-end=\"566\"><strong data-start=\"509\" data-end=\"564\">Comarcas de Castilla-Le\u00f3n<\/strong><\/h4>\n<h5 style=\"font-weight: 400;\"><strong>\u00c1vila<\/strong><\/h5>\n<p style=\"font-weight: 400;\">La Mora\u00f1a, Comarca de \u00c1vila, Comarca de El Barco de \u00c1vila &#8211; Piedrah\u00edta, Comarca de Burgohondo &#8211; El Tiemblo &#8211; Cebreros, Comarca de Arenas de San Pedro<\/p>\n<h5 style=\"font-weight: 400;\"><strong>Burgos<\/strong><\/h5>\n<p style=\"font-weight: 400;\">Arlanza, Burgos , Ebro, La Bureba, Las Merindades, Montes de Oca, Odra-Pisuerga, P\u00e1ramos, Ribera del Duero, ierra de la Demanda<\/p>\n<h5 style=\"font-weight: 400;\"><strong>\u00a0Le\u00f3n<\/strong><\/h5>\n<p style=\"font-weight: 400;\">La Monta\u00f1a de Luna, La Monta\u00f1a de Ria\u00f1o, La Cabrera, Astorga, El Bierzo, Tierras de Le\u00f3n, La Ba\u00f1eza, El P\u00e1ramo, Esla-Campos,S ahag\u00fan<\/p>\n<h5 style=\"font-weight: 400;\"><strong>Palencia<\/strong><\/h5>\n<p style=\"font-weight: 400;\">Monta\u00f1a Palentina, P\u00e1ramos-Valles, Tierra de Campos, El Cerrato<\/p>\n<h5 style=\"font-weight: 400;\"><strong>Salamanca<\/strong><\/h5>\n<p style=\"font-weight: 400;\">Comarca de Vitigudino, Comarca de Ciudad Rodrigo, La Armu\u00f1a, Las Villas, Tierra de Pe\u00f1aranda y Las Guare\u00f1as, Tierra de Ledesma, Comarca de Guijuelo , Tierra de Alba, Sierra de B\u00e9jar, Sierra de Francia, Campo de Salamanca<\/p>\n<h5 style=\"font-weight: 400;\"><strong>Segovia<\/strong><\/h5>\n<p style=\"font-weight: 400;\">El Carracillo, Comunidad de Ciudad y Tierra de Segovia, Comunidad de Villa y Tierra de Cu\u00e9llar, Comunidad de Villa y Tierra de Pedraza, Comunidad de Villa y Tierra de Sep\u00falveda, Alfoz de Segovia, Tierra de Pinares<\/p>\n<h5 style=\"font-weight: 400;\"><strong>Soria<\/strong><\/h5>\n<p style=\"font-weight: 400;\">Comarcas de Soria, Campo de G\u00f3mara, Almarza, Almaz\u00e1n, Berlanga, Frentes, Pinares,\u00a0 Moncayo, El Valle y La Vega Cintora, Las Vicar\u00edas, Tierra de Medinaceli, Tierras Altas, Tierras del Burgo<\/p>\n<h5 style=\"font-weight: 400;\"><strong>Valladolid<\/strong><\/h5>\n<p style=\"font-weight: 400;\">Campi\u00f1a del Pisuerga, Campo de Pe\u00f1afiel, Montes Torozos, P\u00e1ramos del Esgueva,\u00a0 Tierra de Campos, Tierra de Medina, Tierra de Pinares, Tierra del Vino.<\/p>\n<h5 style=\"font-weight: 400;\"><strong>Zamora<\/strong><\/h5>\n<p style=\"font-weight: 400;\">Alfoz de Toro, Aliste, Benavente y Los Valles, La Carballeda, La Guare\u00f1a, Sanabria, Sayago, Tierra de Alba, Tierra de Campos, Tierra de T\u00e1bara, Tierra del Pan, Tierra del Vino.<\/p>\n<h3><strong data-start=\"1012\" data-end=\"1040\">Caracter\u00edsticas del Mapa<\/strong><\/h3>\n<ul data-start=\"1043\" data-end=\"1509\">\n<li data-start=\"1043\" data-end=\"1135\"><strong data-start=\"1045\" data-end=\"1066\">Formato vectorial<\/strong> totalmente editable en Illustrator, ideal para dise\u00f1o e impresi\u00f3n.<\/li>\n<li data-start=\"1136\" data-end=\"1209\"><strong data-start=\"1138\" data-end=\"1174\">Divisi\u00f3n completa por municipios<\/strong>, con sus l\u00edmites bien definidos.<\/li>\n<li data-start=\"1210\" data-end=\"1326\"><strong data-start=\"1212\" data-end=\"1267\">Diferenciaci\u00f3n de comarcas oficiales y no oficiales<\/strong>, respetando la estructura territorial de cada comunidad.<\/li>\n<li data-start=\"1327\" data-end=\"1416\"><strong data-start=\"1329\" data-end=\"1364\">Alta resoluci\u00f3n y escalabilidad<\/strong>, permitiendo ampliaciones sin p\u00e9rdida de calidad.<\/li>\n<li data-start=\"1417\" data-end=\"1509\"><strong data-start=\"1419\" data-end=\"1471\">Compatible con distintos materiales de impresi\u00f3n<\/strong>, como papel, vinilo o panel r\u00edgido.\n<p data-start=\"2467\" data-end=\"2854\" data-is-last-node=\"\" data-is-only-node=\"\">\n<\/li>\n<\/ul>\n<p data-start=\"1565\" data-end=\"1926\">\n","protected":false},"excerpt":{"rendered":"<p>Mapa mural con el nombre de todos los municipios de Castilla-Le\u00f3n Mapa mural con el nombre de todas las comarcas de Castilla-Le\u00f3n Disponemos de un mapa vectorial que nos permite elaborar un mapa mural de Castilla-Le\u00f3n\u00a0con la divisi\u00f3n completa de municipios y comarcas, dise\u00f1ado para ofrecer la m\u00e1xima calidad y precisi\u00f3n. Este archivo es totalmente &hellip; <a href=\"https:\/\/www.bc-maps.com\/mapa-vectorial-eps\/mapa-mural-municipios-comarcas-castilla-leon-illustrator-foam-forex-imanes-velleda-2\/\" class=\"more-link\">Seguir leyendo <span class=\"screen-reader-text\">Mapa mural de municipios y comarcas de Castilla-Le\u00f3n, foam, magn\u00e9tico, imanes<\/span> <span class=\"meta-nav\">&rarr;<\/span><\/a><\/p>\n","protected":false},"author":1,"featured_media":7611,"parent":0,"menu_order":0,"comment_status":"closed","ping_status":"closed","template":"","meta":{"footnotes":""},"class_list":["post-7608","page","type-page","status-publish","has-post-thumbnail","hentry"],"_links":{"self":[{"href":"https:\/\/www.bc-maps.com\/mapa-vectorial-eps\/wp-json\/wp\/v2\/pages\/7608","targetHints":{"allow":["GET"]}}],"collection":[{"href":"https:\/\/www.bc-maps.com\/mapa-vectorial-eps\/wp-json\/wp\/v2\/pages"}],"about":[{"href":"https:\/\/www.bc-maps.com\/mapa-vectorial-eps\/wp-json\/wp\/v2\/types\/page"}],"author":[{"embeddable":true,"href":"https:\/\/www.bc-maps.com\/mapa-vectorial-eps\/wp-json\/wp\/v2\/users\/1"}],"replies":[{"embeddable":true,"href":"https:\/\/www.bc-maps.com\/mapa-vectorial-eps\/wp-json\/wp\/v2\/comments?post=7608"}],"version-history":[{"count":2,"href":"https:\/\/www.bc-maps.com\/mapa-vectorial-eps\/wp-json\/wp\/v2\/pages\/7608\/revisions"}],"predecessor-version":[{"id":7612,"href":"https:\/\/www.bc-maps.com\/mapa-vectorial-eps\/wp-json\/wp\/v2\/pages\/7608\/revisions\/7612"}],"wp:featuredmedia":[{"embeddable":true,"href":"https:\/\/www.bc-maps.com\/mapa-vectorial-eps\/wp-json\/wp\/v2\/media\/7611"}],"wp:attachment":[{"href":"https:\/\/www.bc-maps.com\/mapa-vectorial-eps\/wp-json\/wp\/v2\/media?parent=7608"}],"curies":[{"name":"wp","href":"https:\/\/api.w.org\/{rel}","templated":true}]}}