{"id":7532,"date":"2025-02-03T10:32:20","date_gmt":"2025-02-03T10:32:20","guid":{"rendered":"https:\/\/www.bc-maps.com\/mapa-vectorial-eps\/mapa-provincia-cordoba-municipios-comarcas-ilustrator-eps-2\/"},"modified":"2025-02-28T19:21:31","modified_gmt":"2025-02-28T19:21:31","slug":"mapa-provincia-granada-municipios-comarcas-ilustrator-eps","status":"publish","type":"page","link":"https:\/\/www.bc-maps.com\/mapa-vectorial-eps\/mapa-provincia-granada-municipios-comarcas-ilustrator-eps\/","title":{"rendered":"Municipios y comarcas de la provincia de Granada mapa vectorial illustrator eps"},"content":{"rendered":"<h1>Mapas vectoriales de municipios de la provincia de Granada y sus comarcas<\/h1>\n<h2>Planos\u00a0editables eps illustrator de ciudades y de carreteras de\u00a0Andaluc\u00eda<\/h2>\n<h2>Mapas digitales de c\u00f3digos postales y municipios de Granada<\/h2>\n<figure id=\"attachment_7534\" aria-describedby=\"caption-attachment-7534\" style=\"width: 407px\" class=\"wp-caption alignnone\"><a href=\"https:\/\/www.bc-maps.com\/wp-content\/uploads\/2025\/02\/Mapa-vectorial-illustrator-eps-municipios-comarcas-provincia-Granada.jpg\" target=\"_blank\" rel=\"noopener\"><img loading=\"lazy\" decoding=\"async\" class=\"wp-image-7534\" title=\"Mapa vectorial illustrator eps municipios y comarcas de la provincia de Granada\" src=\"https:\/\/www.bc-maps.com\/wp-content\/uploads\/2025\/02\/Mapa-vectorial-illustrator-eps-municipios-comarcas-provincia-Granada-300x238.jpg\" alt=\"Mapa vectorial illustrator eps municipios y comarcas de la provincia de Granada\" width=\"407\" height=\"323\" srcset=\"https:\/\/www.bc-maps.com\/wp-content\/uploads\/2025\/02\/Mapa-vectorial-illustrator-eps-municipios-comarcas-provincia-Granada-300x238.jpg 300w, https:\/\/www.bc-maps.com\/wp-content\/uploads\/2025\/02\/Mapa-vectorial-illustrator-eps-municipios-comarcas-provincia-Granada-1024x812.jpg 1024w, https:\/\/www.bc-maps.com\/wp-content\/uploads\/2025\/02\/Mapa-vectorial-illustrator-eps-municipios-comarcas-provincia-Granada-768x609.jpg 768w, https:\/\/www.bc-maps.com\/wp-content\/uploads\/2025\/02\/Mapa-vectorial-illustrator-eps-municipios-comarcas-provincia-Granada-1536x1218.jpg 1536w, https:\/\/www.bc-maps.com\/wp-content\/uploads\/2025\/02\/Mapa-vectorial-illustrator-eps-municipios-comarcas-provincia-Granada.jpg 1701w\" sizes=\"auto, (max-width: 407px) 100vw, 407px\" \/><\/a><figcaption id=\"caption-attachment-7534\" class=\"wp-caption-text\">Mapa vectorial illustrator eps municipios y comarcas de la provincia de Granada<\/figcaption><\/figure>\n<p>Podemos crear mapas de municipios y comarcas de la provincia de Granada mapas y planos de ciudades.<\/p>\n<p>Los mapas se entregan en formatos editables<span class=\"apple-converted-space\">\u00a0<\/span><a href=\"http:\/\/www.adobe.es\">adobe<\/a><span class=\"apple-converted-space\">\u00a0<\/span>illustrator, eps.<\/p>\n<h4>Municipios de Granada<\/h4>\n<p style=\"font-weight: 400;\">Agr\u00f3n, Alamedilla, Albolote, Albond\u00f3n, Albu\u00f1\u00e1n, Albu\u00f1ol, Albu\u00f1uelas, Aldeire, Alfacar, Algarinejo, Alhama de Granada, Alhend\u00edn, Alic\u00fan de Ortega, Almeg\u00edjar, Almu\u00f1\u00e9car, Alpujarra de la Sierra, Alquife, Arenas del Rey, Armilla, Atarfe,<\/p>\n<p style=\"font-weight: 400;\">Baza, Beas de Granada, Beas de Guadix, Benal\u00faa, Benal\u00faa de las Villas, Benamaurel, B\u00e9rchules, Bubi\u00f3n, Busqu\u00edstar, Cac\u00edn, C\u00e1diar, C\u00e1jar, Calicasas, Campot\u00e9jar, Caniles, C\u00e1\u00f1ar, Capileira,<\/p>\n<p style=\"font-weight: 400;\">Carataunas, C\u00e1staras, Castill\u00e9jar, Castril, Cenes de la Vega, Chauchina, Chimeneas, Churriana de la Vega, Cijuela,<\/p>\n<p style=\"font-weight: 400;\">Cogollos de Guadix, Cogollos de la Vega, Colomera, Cortes de Baza, Cortes y Graena, Cuevas del Campo, C\u00fallar, C\u00fallar Vega, Darro, Dehesas de Guadix, Dehesas Viejas, Deifontes, Diezma, D\u00edlar, D\u00f3lar, D\u00fadar, D\u00farcal, El Pinar,<\/p>\n<p style=\"font-weight: 400;\">El Valle, Esc\u00fazar, Ferreira, Fonelas, Freila, Fuente Vaqueros, Galera, Gobernador, G\u00f3jar, Gor, Gorafe, Granada, Guadahortuna, Guadix, Gualchos, G\u00fcejar Sierra, G\u00fcev\u00e9jar, Hu\u00e9lago,<\/p>\n<p style=\"font-weight: 400;\">Hu\u00e9neja, Hu\u00e9scar, Hu\u00e9tor de Santill\u00e1n, Hu\u00e9tor T\u00e1jar, Hu\u00e9tor Vega, Illora, Itrabo, Iznalloz, Jayena, Jerez del Marquesado,<\/p>\n<p style=\"font-weight: 400;\">Jete, Jun, Juviles, La Calahorra, La Malah\u00e1, La Peza, La Taha, La Zubia, L\u00e1char, Lanjar\u00f3n, Lanteira, Las Gabias, Lecr\u00edn, Lenteg\u00ed, Lobras, Loja, Los Guajares, Lugros, L\u00fajar, Maracena, Marchal, Mocl\u00edn,<\/p>\n<p style=\"font-weight: 400;\">Molv\u00edzar, Monachil, Montefr\u00edo, Montej\u00edcar, Montillana, Moraleda de Zafayona, Morel\u00e1bor, Motril, Murtas,<\/p>\n<p style=\"font-weight: 400;\">Nevada, Nig\u00fcelas, N\u00edvar, Og\u00edjares, Orce, \u00d3rgiva, Ot\u00edvar, Padul, Pampaneira, Pedro Mart\u00ednez, Peligros, Pinos Genil, Pinos Puente, P\u00ed\u00f1ar, Pol\u00edcar, Polopos, P\u00f3rtugos, Puebla de Don Fadrique, Pulianas, Purullena, Qu\u00e9ntar,<\/p>\n<p style=\"font-weight: 400;\">Rubite, Salar, Salobre\u00f1a, Santa Cruz del Comercio, Santa Fe, Soport\u00fajar, Sorvil\u00e1n, Torre-Cardela, Torvizc\u00f3n, Trev\u00e9lez, Tur\u00f3n, Ug\u00edjar, Valderrubio, Valle del Zalab\u00ed, V\u00e1lor,<\/p>\n<p style=\"font-weight: 400;\">Vegas del Genil, V\u00e9lez de Benaudalla, Ventas de Huelma, Villa de Otura, Villamena, Villanueva de las Torres, Villanueva Mes\u00eda, V\u00edznar, Zafarraya, Zagra, Z\u00fajar.<\/p>\n<h5>Caracter\u00edsticas t\u00e9cnicas :<\/h5>\n<p style=\"font-weight: 400;\"><span style=\"font-size: revert;\">Los mapas de ciudades pueden contener el nombre de todas las calles o solo las principales, as\u00ed como los lugares de inter\u00e9s m\u00e1s importantes.<\/span><\/p>\n<p>El contenido de informaci\u00f3n depender\u00e1 del tama\u00f1o de la zona y la escala o medidas de reproducci\u00f3n.<\/p>\n<p>No trabajamos con textos inferiores a 5 puntos para que sean legibles.<\/p>\n<p>Todos nuestros mapas est\u00e1n estructurados por medio de capas y son totalmente editables, colores y textos.<\/p>\n<p>Los mapas son libres de derechos de reproducci\u00f3n, incluyendo nuestro copyright, s\u00f3lo pagar\u00e1 por ellos una vez independientemente de los usos que realice.<\/p>\n","protected":false},"excerpt":{"rendered":"<p>Mapas vectoriales de municipios de la provincia de Granada y sus comarcas Planos\u00a0editables eps illustrator de ciudades y de carreteras de\u00a0Andaluc\u00eda Mapas digitales de c\u00f3digos postales y municipios de Granada Podemos crear mapas de municipios y comarcas de la provincia de Granada mapas y planos de ciudades. Los mapas se entregan en formatos editables\u00a0adobe\u00a0illustrator, eps. &hellip; <a href=\"https:\/\/www.bc-maps.com\/mapa-vectorial-eps\/mapa-provincia-granada-municipios-comarcas-ilustrator-eps\/\" class=\"more-link\">Seguir leyendo <span class=\"screen-reader-text\">Municipios y comarcas de la provincia de Granada mapa vectorial illustrator eps<\/span> <span class=\"meta-nav\">&rarr;<\/span><\/a><\/p>\n","protected":false},"author":1,"featured_media":7534,"parent":0,"menu_order":0,"comment_status":"closed","ping_status":"closed","template":"","meta":{"footnotes":""},"class_list":["post-7532","page","type-page","status-publish","has-post-thumbnail","hentry"],"_links":{"self":[{"href":"https:\/\/www.bc-maps.com\/mapa-vectorial-eps\/wp-json\/wp\/v2\/pages\/7532","targetHints":{"allow":["GET"]}}],"collection":[{"href":"https:\/\/www.bc-maps.com\/mapa-vectorial-eps\/wp-json\/wp\/v2\/pages"}],"about":[{"href":"https:\/\/www.bc-maps.com\/mapa-vectorial-eps\/wp-json\/wp\/v2\/types\/page"}],"author":[{"embeddable":true,"href":"https:\/\/www.bc-maps.com\/mapa-vectorial-eps\/wp-json\/wp\/v2\/users\/1"}],"replies":[{"embeddable":true,"href":"https:\/\/www.bc-maps.com\/mapa-vectorial-eps\/wp-json\/wp\/v2\/comments?post=7532"}],"version-history":[{"count":2,"href":"https:\/\/www.bc-maps.com\/mapa-vectorial-eps\/wp-json\/wp\/v2\/pages\/7532\/revisions"}],"predecessor-version":[{"id":7536,"href":"https:\/\/www.bc-maps.com\/mapa-vectorial-eps\/wp-json\/wp\/v2\/pages\/7532\/revisions\/7536"}],"wp:featuredmedia":[{"embeddable":true,"href":"https:\/\/www.bc-maps.com\/mapa-vectorial-eps\/wp-json\/wp\/v2\/media\/7534"}],"wp:attachment":[{"href":"https:\/\/www.bc-maps.com\/mapa-vectorial-eps\/wp-json\/wp\/v2\/media?parent=7532"}],"curies":[{"name":"wp","href":"https:\/\/api.w.org\/{rel}","templated":true}]}}