{"id":7527,"date":"2025-02-03T10:32:20","date_gmt":"2025-02-03T10:32:20","guid":{"rendered":"https:\/\/www.bc-maps.com\/mapa-vectorial-eps\/mapa-provincia-cordoba-municipios-comarcas-ilustrator-eps-2\/"},"modified":"2025-02-28T19:18:14","modified_gmt":"2025-02-28T19:18:14","slug":"mapa-provincia-cadiz-municipios-comarcas-ilustrator-eps","status":"publish","type":"page","link":"https:\/\/www.bc-maps.com\/mapa-vectorial-eps\/mapa-provincia-cadiz-municipios-comarcas-ilustrator-eps\/","title":{"rendered":"Municipios y comarcas de la provincia de C\u00e1diz mapa vectorial illustrator eps"},"content":{"rendered":"<h1>Mapas vectoriales de municipios de la provincia de C\u00e1diz y sus comarcas<\/h1>\n<h2>Planos\u00a0editables eps illustrator de ciudades y de carreteras de\u00a0Andaluc\u00eda<\/h2>\n<h2>Mapas digitales de c\u00f3digos postales y municipios de C\u00e1diz<\/h2>\n<figure id=\"attachment_7529\" aria-describedby=\"caption-attachment-7529\" style=\"width: 386px\" class=\"wp-caption alignnone\"><a href=\"https:\/\/www.bc-maps.com\/wp-content\/uploads\/2025\/02\/Mapa-vectorial-illustrator-eps-municipios-comarcas-provincia-Cadiz.jpg\" target=\"_blank\" rel=\"noopener\"><img loading=\"lazy\" decoding=\"async\" class=\"wp-image-7529\" title=\"Mapa vectorial illustrator eps municipios y comarcas de la provincia de C\u00e1diz\" src=\"https:\/\/www.bc-maps.com\/wp-content\/uploads\/2025\/02\/Mapa-vectorial-illustrator-eps-municipios-comarcas-provincia-Cadiz-300x269.jpg\" alt=\"Mapa vectorial illustrator eps municipios y comarcas de la provincia de C\u00e1diz\" width=\"386\" height=\"346\" srcset=\"https:\/\/www.bc-maps.com\/wp-content\/uploads\/2025\/02\/Mapa-vectorial-illustrator-eps-municipios-comarcas-provincia-Cadiz-300x269.jpg 300w, https:\/\/www.bc-maps.com\/wp-content\/uploads\/2025\/02\/Mapa-vectorial-illustrator-eps-municipios-comarcas-provincia-Cadiz-1024x919.jpg 1024w, https:\/\/www.bc-maps.com\/wp-content\/uploads\/2025\/02\/Mapa-vectorial-illustrator-eps-municipios-comarcas-provincia-Cadiz-768x689.jpg 768w, https:\/\/www.bc-maps.com\/wp-content\/uploads\/2025\/02\/Mapa-vectorial-illustrator-eps-municipios-comarcas-provincia-Cadiz-1536x1379.jpg 1536w, https:\/\/www.bc-maps.com\/wp-content\/uploads\/2025\/02\/Mapa-vectorial-illustrator-eps-municipios-comarcas-provincia-Cadiz.jpg 1701w\" sizes=\"auto, (max-width: 386px) 100vw, 386px\" \/><\/a><figcaption id=\"caption-attachment-7529\" class=\"wp-caption-text\">Mapa vectorial illustrator eps municipios y comarcas de la provincia de C\u00e1diz<\/figcaption><\/figure>\n<p>Podemos crear mapas de municipios y comarcas de la provincia de C\u00e1diz mapas y planos de ciudades.<\/p>\n<p>Los mapas se entregan en formatos editables<span class=\"apple-converted-space\">\u00a0<\/span><a href=\"http:\/\/www.adobe.es\">adobe<\/a><span class=\"apple-converted-space\">\u00a0<\/span>illustrator, eps.<\/p>\n<h4>Municipios de C\u00e1diz<\/h4>\n<p style=\"font-weight: 400;\">Alcal\u00e1 de los Gazules, Alcal\u00e1 del Valle, Algar, Algeciras, Algodonales, Arcos de la Frontera, Barbate, Benalup-Casas Viejas, Benaocaz, Bornos, <a href=\"https:\/\/www.bc-maps.com\/mapa-vectorial-eps\/mapas-vectoriales\/espana\/ciudades\/cadiz-ilustrator\/\">C\u00e1diz<\/a>, Castellar de la Frontera, Chiclana de la Frontera, Chipiona, Conil de la Frontera, El Bosque, El Gastor,<\/p>\n<p style=\"font-weight: 400;\">El Puerto de Santa Mar\u00eda, Espera, Grazalema, <a href=\"https:\/\/www.bc-maps.com\/mapa-vectorial-eps\/mapa-jerez-illustrator-eps\/\">Jerez de la Frontera<\/a>, Jimena de la Frontera, La L\u00ednea de la Concepci\u00f3n, Los Barrios, Medina-Sidonia, Olvera,<\/p>\n<p style=\"font-weight: 400;\">Paterna de Rivera, Prado del Rey, Puerto Real, Puerto Serrano, Rota, San Fernando, San Jos\u00e9 del Valle, San Roque, Sanl\u00facar de Barrameda, Setenil de las Bodegas,<\/p>\n<p style=\"font-weight: 400;\">Tarifa, Torre Alh\u00e1quime, Trebujena, Ubrique, Vejer de la Frontera, Villaluenga del Rosario, Villamart\u00edn, Zahara.<\/p>\n<p style=\"font-weight: 400;\"><span style=\"font-size: 18px; font-weight: bold;\">Caracter\u00edsticas t\u00e9cnicas :<\/span><\/p>\n<p style=\"font-weight: 400;\"><span style=\"font-size: revert;\">Los mapas de ciudades pueden contener el nombre de todas las calles o solo las principales, as\u00ed como los lugares de inter\u00e9s m\u00e1s importantes.<\/span><\/p>\n<p>El contenido de informaci\u00f3n depender\u00e1 del tama\u00f1o de la zona y la escala o medidas de reproducci\u00f3n.<\/p>\n<p>No trabajamos con textos inferiores a 5 puntos para que sean legibles.<\/p>\n<p>Todos nuestros mapas est\u00e1n estructurados por medio de capas y son totalmente editables, colores y textos.<\/p>\n<p>Los mapas son libres de derechos de reproducci\u00f3n, incluyendo nuestro copyright, s\u00f3lo pagar\u00e1 por ellos una vez independientemente de los usos que realice.<\/p>\n","protected":false},"excerpt":{"rendered":"<p>Mapas vectoriales de municipios de la provincia de C\u00e1diz y sus comarcas Planos\u00a0editables eps illustrator de ciudades y de carreteras de\u00a0Andaluc\u00eda Mapas digitales de c\u00f3digos postales y municipios de C\u00e1diz Podemos crear mapas de municipios y comarcas de la provincia de C\u00e1diz mapas y planos de ciudades. Los mapas se entregan en formatos editables\u00a0adobe\u00a0illustrator, eps. &hellip; <a href=\"https:\/\/www.bc-maps.com\/mapa-vectorial-eps\/mapa-provincia-cadiz-municipios-comarcas-ilustrator-eps\/\" class=\"more-link\">Seguir leyendo <span class=\"screen-reader-text\">Municipios y comarcas de la provincia de C\u00e1diz mapa vectorial illustrator eps<\/span> <span class=\"meta-nav\">&rarr;<\/span><\/a><\/p>\n","protected":false},"author":1,"featured_media":7529,"parent":0,"menu_order":0,"comment_status":"closed","ping_status":"closed","template":"","meta":{"footnotes":""},"class_list":["post-7527","page","type-page","status-publish","has-post-thumbnail","hentry"],"_links":{"self":[{"href":"https:\/\/www.bc-maps.com\/mapa-vectorial-eps\/wp-json\/wp\/v2\/pages\/7527","targetHints":{"allow":["GET"]}}],"collection":[{"href":"https:\/\/www.bc-maps.com\/mapa-vectorial-eps\/wp-json\/wp\/v2\/pages"}],"about":[{"href":"https:\/\/www.bc-maps.com\/mapa-vectorial-eps\/wp-json\/wp\/v2\/types\/page"}],"author":[{"embeddable":true,"href":"https:\/\/www.bc-maps.com\/mapa-vectorial-eps\/wp-json\/wp\/v2\/users\/1"}],"replies":[{"embeddable":true,"href":"https:\/\/www.bc-maps.com\/mapa-vectorial-eps\/wp-json\/wp\/v2\/comments?post=7527"}],"version-history":[{"count":2,"href":"https:\/\/www.bc-maps.com\/mapa-vectorial-eps\/wp-json\/wp\/v2\/pages\/7527\/revisions"}],"predecessor-version":[{"id":7531,"href":"https:\/\/www.bc-maps.com\/mapa-vectorial-eps\/wp-json\/wp\/v2\/pages\/7527\/revisions\/7531"}],"wp:featuredmedia":[{"embeddable":true,"href":"https:\/\/www.bc-maps.com\/mapa-vectorial-eps\/wp-json\/wp\/v2\/media\/7529"}],"wp:attachment":[{"href":"https:\/\/www.bc-maps.com\/mapa-vectorial-eps\/wp-json\/wp\/v2\/media?parent=7527"}],"curies":[{"name":"wp","href":"https:\/\/api.w.org\/{rel}","templated":true}]}}