{"id":7522,"date":"2025-02-03T10:32:20","date_gmt":"2025-02-03T10:32:20","guid":{"rendered":"https:\/\/www.bc-maps.com\/mapa-vectorial-eps\/mapa-provincia-cordoba-municipios-comarcas-ilustrator-eps-2\/"},"modified":"2025-02-28T19:14:51","modified_gmt":"2025-02-28T19:14:51","slug":"mapa-provincia-malaga-municipios-comarcas-ilustrator-eps","status":"publish","type":"page","link":"https:\/\/www.bc-maps.com\/mapa-vectorial-eps\/mapa-provincia-malaga-municipios-comarcas-ilustrator-eps\/","title":{"rendered":"Municipios y comarcas de la provincia de M\u00e1laga mapa vectorial illustrator eps"},"content":{"rendered":"<h1>Mapas vectoriales de municipios de la provincia de M\u00e1laga y sus comarcas<\/h1>\n<h2>Planos\u00a0editables eps illustrator de ciudades y de carreteras de\u00a0Andaluc\u00eda<\/h2>\n<h2>Mapas digitales de c\u00f3digos postales y municipios de M\u00e1laga<\/h2>\n<figure id=\"attachment_7524\" aria-describedby=\"caption-attachment-7524\" style=\"width: 393px\" class=\"wp-caption alignnone\"><a href=\"https:\/\/www.bc-maps.com\/wp-content\/uploads\/2025\/02\/Mapa-vectorial-illustrator-eps-municipios-comarcas-provincia-Malaga.jpg\" target=\"_blank\" rel=\"noopener\"><img loading=\"lazy\" decoding=\"async\" class=\"wp-image-7524\" title=\"Mapa vectorial illustrator eps municipios y comarcas de la provincia de M\u00e1laga\" src=\"https:\/\/www.bc-maps.com\/wp-content\/uploads\/2025\/02\/Mapa-vectorial-illustrator-eps-municipios-comarcas-provincia-Malaga-300x202.jpg\" alt=\"Mapa vectorial illustrator eps municipios y comarcas de la provincia de M\u00e1laga\" width=\"393\" height=\"265\" srcset=\"https:\/\/www.bc-maps.com\/wp-content\/uploads\/2025\/02\/Mapa-vectorial-illustrator-eps-municipios-comarcas-provincia-Malaga-300x202.jpg 300w, https:\/\/www.bc-maps.com\/wp-content\/uploads\/2025\/02\/Mapa-vectorial-illustrator-eps-municipios-comarcas-provincia-Malaga-1024x689.jpg 1024w, https:\/\/www.bc-maps.com\/wp-content\/uploads\/2025\/02\/Mapa-vectorial-illustrator-eps-municipios-comarcas-provincia-Malaga-768x517.jpg 768w, https:\/\/www.bc-maps.com\/wp-content\/uploads\/2025\/02\/Mapa-vectorial-illustrator-eps-municipios-comarcas-provincia-Malaga-1536x1033.jpg 1536w, https:\/\/www.bc-maps.com\/wp-content\/uploads\/2025\/02\/Mapa-vectorial-illustrator-eps-municipios-comarcas-provincia-Malaga.jpg 1701w\" sizes=\"auto, (max-width: 393px) 100vw, 393px\" \/><\/a><figcaption id=\"caption-attachment-7524\" class=\"wp-caption-text\">Mapa vectorial illustrator eps municipios y comarcas de la provincia de M\u00e1laga<\/figcaption><\/figure>\n<p>Podemos crear mapas de municipios y comarcas de la provincia de M\u00e1laga mapas y planos de ciudades.<\/p>\n<p>Los mapas se entregan en formatos editables<span class=\"apple-converted-space\">\u00a0<\/span><a href=\"http:\/\/www.adobe.es\">adobe<\/a><span class=\"apple-converted-space\">\u00a0<\/span>illustrator, eps.<\/p>\n<h4>Municipios de M\u00e1laga<\/h4>\n<p style=\"font-weight: 400;\">Alameda, Alcauc\u00edn, Alfarnate, Alfarnatejo, Algarrobo, Algatoc\u00edn, Alhaur\u00edn de la Torre, Alhaur\u00edn el Grande, Alm\u00e1char, Almargen, Almog\u00eda, \u00c1lora, Alozaina, Alpandeire, Antequera, \u00c1rchez, Archidona, Ardales, Arenas, Arriate, Atajate, Benadalid,<\/p>\n<p style=\"font-weight: 400;\">Benahav\u00eds, Benalaur\u00eda, Benalm\u00e1dena, Benamargosa, Benamocarra, Benaoj\u00e1n, Benarrab\u00e1, Campillos, Canillas de Aceituno, Canillas de Albaida, Ca\u00f1ete la Real, Carratraca, Cartajima, C\u00e1rtama, Casabermeja, Casarabonela, Casares, Co\u00edn,<\/p>\n<p style=\"font-weight: 400;\">Colmenar, Comares, C\u00f3mpeta, Cortes de la Frontera, Cuevas Bajas, Cuevas de San Marcos, Cuevas del Becerro, C\u00fatar, El Borge, El Burgo, Estepona, Faraj\u00e1n, Frigiliana, Fuengirola, Fuente de Piedra, Gauc\u00edn, Genalguacil, Guaro,<\/p>\n<p style=\"font-weight: 400;\">Humilladero, Igualeja, Ist\u00e1n, Iznate, Jimera de L\u00edbar, Jubrique, J\u00fazcar, Macharaviaya, <a href=\"https:\/\/www.bc-maps.com\/mapa-vectorial-eps\/mapas-vectoriales\/espana\/ciudades\/malaga\/\">M\u00e1laga,<\/a> Manilva, <a href=\"https:\/\/www.bc-maps.com\/mapa-vectorial-eps\/marbella-ilustrator-eps\/\">Marbella<\/a>, Mijas, Moclinejo, Mollina, Monda, Montecorto, Montejaque, Nerja, Oj\u00e9n, Parauta, Periana, Pizarra, Pujerra, Rinc\u00f3n de la Victoria,<\/p>\n<p style=\"font-weight: 400;\">Riogordo, Ronda, Salares, Sayalonga, Sedella, Serrato, Sierra de Yeguas, Teba, Tolox, <a href=\"https:\/\/www.bc-maps.com\/mapa-vectorial-eps\/mapa-vectorial-malaga-rincon-victoria-torremolinos-benalmadena\/\">Torremolinos,<\/a> Torrox, Total\u00e1n, Valle de Abdalaj\u00eds, V\u00e9lez-M\u00e1laga, Villanueva de Algaidas, Villanueva de la Concepci\u00f3n, Villanueva de Tapia, Villanueva del Rosario, Villanueva del Trabuco, Vi\u00f1uela, Yunquera.<\/p>\n<h5>Caracter\u00edsticas t\u00e9cnicas :<\/h5>\n<p style=\"font-weight: 400;\"><span style=\"font-size: revert;\">Los mapas de ciudades pueden contener el nombre de todas las calles o solo las principales, as\u00ed como los lugares de inter\u00e9s m\u00e1s importantes.<\/span><\/p>\n<p>El contenido de informaci\u00f3n depender\u00e1 del tama\u00f1o de la zona y la escala o medidas de reproducci\u00f3n.<\/p>\n<p>No trabajamos con textos inferiores a 5 puntos para que sean legibles.<\/p>\n<p>Todos nuestros mapas est\u00e1n estructurados por medio de capas y son totalmente editables, colores y textos.<\/p>\n<p>Los mapas son libres de derechos de reproducci\u00f3n, incluyendo nuestro copyright, s\u00f3lo pagar\u00e1 por ellos una vez independientemente de los usos que realice.<\/p>\n","protected":false},"excerpt":{"rendered":"<p>Mapas vectoriales de municipios de la provincia de M\u00e1laga y sus comarcas Planos\u00a0editables eps illustrator de ciudades y de carreteras de\u00a0Andaluc\u00eda Mapas digitales de c\u00f3digos postales y municipios de M\u00e1laga Podemos crear mapas de municipios y comarcas de la provincia de M\u00e1laga mapas y planos de ciudades. Los mapas se entregan en formatos editables\u00a0adobe\u00a0illustrator, eps. &hellip; <a href=\"https:\/\/www.bc-maps.com\/mapa-vectorial-eps\/mapa-provincia-malaga-municipios-comarcas-ilustrator-eps\/\" class=\"more-link\">Seguir leyendo <span class=\"screen-reader-text\">Municipios y comarcas de la provincia de M\u00e1laga mapa vectorial illustrator eps<\/span> <span class=\"meta-nav\">&rarr;<\/span><\/a><\/p>\n","protected":false},"author":1,"featured_media":7524,"parent":0,"menu_order":0,"comment_status":"closed","ping_status":"closed","template":"","meta":{"footnotes":""},"class_list":["post-7522","page","type-page","status-publish","has-post-thumbnail","hentry"],"_links":{"self":[{"href":"https:\/\/www.bc-maps.com\/mapa-vectorial-eps\/wp-json\/wp\/v2\/pages\/7522","targetHints":{"allow":["GET"]}}],"collection":[{"href":"https:\/\/www.bc-maps.com\/mapa-vectorial-eps\/wp-json\/wp\/v2\/pages"}],"about":[{"href":"https:\/\/www.bc-maps.com\/mapa-vectorial-eps\/wp-json\/wp\/v2\/types\/page"}],"author":[{"embeddable":true,"href":"https:\/\/www.bc-maps.com\/mapa-vectorial-eps\/wp-json\/wp\/v2\/users\/1"}],"replies":[{"embeddable":true,"href":"https:\/\/www.bc-maps.com\/mapa-vectorial-eps\/wp-json\/wp\/v2\/comments?post=7522"}],"version-history":[{"count":2,"href":"https:\/\/www.bc-maps.com\/mapa-vectorial-eps\/wp-json\/wp\/v2\/pages\/7522\/revisions"}],"predecessor-version":[{"id":7526,"href":"https:\/\/www.bc-maps.com\/mapa-vectorial-eps\/wp-json\/wp\/v2\/pages\/7522\/revisions\/7526"}],"wp:featuredmedia":[{"embeddable":true,"href":"https:\/\/www.bc-maps.com\/mapa-vectorial-eps\/wp-json\/wp\/v2\/media\/7524"}],"wp:attachment":[{"href":"https:\/\/www.bc-maps.com\/mapa-vectorial-eps\/wp-json\/wp\/v2\/media?parent=7522"}],"curies":[{"name":"wp","href":"https:\/\/api.w.org\/{rel}","templated":true}]}}