{"id":7363,"date":"2025-12-22T10:20:43","date_gmt":"2025-12-22T10:20:43","guid":{"rendered":"https:\/\/www.bc-maps.com\/mapa-vectorial-eps\/cat-mapa-alt-penedes-vectorial-illustrator-eps-comarca-catalunya-2\/"},"modified":"2025-12-22T16:33:39","modified_gmt":"2025-12-22T16:33:39","slug":"cat-mapa-ribera-ebre-vectorial-illustrator-eps-comarca-catalunya","status":"publish","type":"page","link":"https:\/\/www.bc-maps.com\/mapa-vectorial-eps\/cat-mapa-ribera-ebre-vectorial-illustrator-eps-comarca-catalunya\/","title":{"rendered":"Ribera d&#8217;Ebre mapa vectorial de la comarca en illustrator eps"},"content":{"rendered":"<h1>Pl\u00e0nols vectorials i editables de municipis de la comarca de la Ribera d&#8217;Ebre<\/h1>\n<h2>Mapes de comarques de Catalunya en format ai o eps<\/h2>\n<p data-pm-slice=\"1 1 []\">Elaborem qualsevol mena de mapa de la comarca de la Ribera d&#8217;Ebre, Catalunya, tant en format vectorial com impr\u00e8s, totalment personalitzats i adaptats a les seves necessitats.<\/p>\n<p data-pm-slice=\"1 1 []\">Mapes de carreteres, de nuclis urbans, urbanitzacions, rutes.. Etc<\/p>\n<h4><strong>Mapes vectorials de la Ribera d&#8217;Ebre :<\/strong><\/h4>\n<figure id=\"attachment_8347\" aria-describedby=\"caption-attachment-8347\" style=\"width: 288px\" class=\"wp-caption aligncenter\"><a title=\"Mapa Ribera d'Ebre vectorial illustrator eps mural\" href=\"https:\/\/www.bc-maps.com\/wp-content\/uploads\/2025\/12\/Mapa-Ribera-dEbre-vectorial-illustrator-eps-mural.jpg\" target=\"_blank\" rel=\"noopener\"><img loading=\"lazy\" decoding=\"async\" class=\"size-medium wp-image-8347\" src=\"https:\/\/www.bc-maps.com\/wp-content\/uploads\/2025\/12\/Mapa-Ribera-dEbre-vectorial-illustrator-eps-mural-288x300.jpg\" alt=\"Mapa Ribera d'Ebre vectorial illustrator eps mural\" width=\"288\" height=\"300\" srcset=\"https:\/\/www.bc-maps.com\/wp-content\/uploads\/2025\/12\/Mapa-Ribera-dEbre-vectorial-illustrator-eps-mural-288x300.jpg 288w, https:\/\/www.bc-maps.com\/wp-content\/uploads\/2025\/12\/Mapa-Ribera-dEbre-vectorial-illustrator-eps-mural-984x1024.jpg 984w, https:\/\/www.bc-maps.com\/wp-content\/uploads\/2025\/12\/Mapa-Ribera-dEbre-vectorial-illustrator-eps-mural-768x799.jpg 768w, https:\/\/www.bc-maps.com\/wp-content\/uploads\/2025\/12\/Mapa-Ribera-dEbre-vectorial-illustrator-eps-mural-1476x1536.jpg 1476w, https:\/\/www.bc-maps.com\/wp-content\/uploads\/2025\/12\/Mapa-Ribera-dEbre-vectorial-illustrator-eps-mural.jpg 1701w\" sizes=\"auto, (max-width: 288px) 100vw, 288px\" \/><\/a><figcaption id=\"caption-attachment-8347\" class=\"wp-caption-text\">Mapa Ribera d&#8217;Ebre vectorial illustrator eps mural<\/figcaption><\/figure>\n<p>Una mostra d&#8217;un mapa b\u00e0sic amb la divisi\u00f3 municipal i carreteres principals.<\/p>\n<figure id=\"attachment_7365\" aria-describedby=\"caption-attachment-7365\" style=\"width: 300px\" class=\"wp-caption alignnone\"><a href=\"https:\/\/www.bc-maps.com\/wp-content\/uploads\/2025\/02\/comarca-Ribere-dEbre-mapa-vectorial-illustrator-eps-municipis.jpg\" target=\"_blank\" rel=\"noopener\"><img loading=\"lazy\" decoding=\"async\" class=\"wp-image-7365 size-medium\" title=\"Comarca Ribere d'Ebre mapa vectorial illustrator eps municipis\" src=\"https:\/\/www.bc-maps.com\/wp-content\/uploads\/2025\/02\/comarca-Ribere-dEbre-mapa-vectorial-illustrator-eps-municipis-300x292.jpg\" alt=\"Comarca Ribere d'Ebre mapa vectorial illustrator eps municipis\" width=\"300\" height=\"292\" srcset=\"https:\/\/www.bc-maps.com\/wp-content\/uploads\/2025\/02\/comarca-Ribere-dEbre-mapa-vectorial-illustrator-eps-municipis-300x292.jpg 300w, https:\/\/www.bc-maps.com\/wp-content\/uploads\/2025\/02\/comarca-Ribere-dEbre-mapa-vectorial-illustrator-eps-municipis-1024x996.jpg 1024w, https:\/\/www.bc-maps.com\/wp-content\/uploads\/2025\/02\/comarca-Ribere-dEbre-mapa-vectorial-illustrator-eps-municipis-768x747.jpg 768w, https:\/\/www.bc-maps.com\/wp-content\/uploads\/2025\/02\/comarca-Ribere-dEbre-mapa-vectorial-illustrator-eps-municipis-1536x1493.jpg 1536w, https:\/\/www.bc-maps.com\/wp-content\/uploads\/2025\/02\/comarca-Ribere-dEbre-mapa-vectorial-illustrator-eps-municipis.jpg 1619w\" sizes=\"auto, (max-width: 300px) 100vw, 300px\" \/><\/a><figcaption id=\"caption-attachment-7365\" class=\"wp-caption-text\">Comarca Ribere d&#8217;Ebre mapa vectorial illustrator eps<\/figcaption><\/figure>\n<p>Un exemple d&#8217;un pl\u00e0nol d&#8217;un nucli urb\u00e0, Vinar\u00f2s, Castell\u00f3<\/p>\n<figure id=\"attachment_1974\" aria-describedby=\"caption-attachment-1974\" style=\"width: 212px\" class=\"wp-caption alignnone\"><a href=\"https:\/\/www.bc-maps.com\/wp-content\/uploads\/2013\/08\/VINAROS-MAPA-2013.jpg\" target=\"_blank\" rel=\"noopener\"><img loading=\"lazy\" decoding=\"async\" class=\"wp-image-1974 size-medium\" title=\"Mapa turistic Vinar\u00f2s (Castell\u00f3)\" src=\"https:\/\/www.bc-maps.com\/wp-content\/uploads\/2013\/08\/VINAROS-MAPA-2013-212x300.jpg\" alt=\"Mapa turistic Vinar\u00f2s (Castello)\" width=\"212\" height=\"300\" srcset=\"https:\/\/www.bc-maps.com\/wp-content\/uploads\/2013\/08\/VINAROS-MAPA-2013-212x300.jpg 212w, https:\/\/www.bc-maps.com\/wp-content\/uploads\/2013\/08\/VINAROS-MAPA-2013-724x1024.jpg 724w, https:\/\/www.bc-maps.com\/wp-content\/uploads\/2013\/08\/VINAROS-MAPA-2013.jpg 1123w\" sizes=\"auto, (max-width: 212px) 100vw, 212px\" \/><\/a><figcaption id=\"caption-attachment-1974\" class=\"wp-caption-text\">Mapa turistic Vinar\u00f2s (Castell\u00f3)<\/figcaption><\/figure>\n<p>Un exemple d&#8217;un mapa d&#8217;un municipi, El Pla del Pened\u00e8s (Alt Pened\u00e8s)<\/p>\n<figure id=\"attachment_3331\" aria-describedby=\"caption-attachment-3331\" style=\"width: 363px\" class=\"wp-caption alignnone\"><a href=\"https:\/\/www.bc-maps.com\/wp-content\/uploads\/2017\/12\/EL-PLA-DEL-PENEDES-2018.jpg\" target=\"_blank\" rel=\"noopener\"><img loading=\"lazy\" decoding=\"async\" class=\"wp-image-3331\" title=\"Mapa municipi El Pla del Penedes 2018 mapa vectorial \" src=\"https:\/\/www.bc-maps.com\/wp-content\/uploads\/2017\/12\/EL-PLA-DEL-PENEDES-2018-300x212.jpg\" alt=\"Mapa municipi El Pla del Penedes 2018 mapa vectorial \" width=\"363\" height=\"256\" srcset=\"https:\/\/www.bc-maps.com\/wp-content\/uploads\/2017\/12\/EL-PLA-DEL-PENEDES-2018-300x212.jpg 300w, https:\/\/www.bc-maps.com\/wp-content\/uploads\/2017\/12\/EL-PLA-DEL-PENEDES-2018-768x543.jpg 768w, https:\/\/www.bc-maps.com\/wp-content\/uploads\/2017\/12\/EL-PLA-DEL-PENEDES-2018-1024x724.jpg 1024w\" sizes=\"auto, (max-width: 363px) 100vw, 363px\" \/><\/a><figcaption id=\"caption-attachment-3331\" class=\"wp-caption-text\">Mapa municipi El Pla del Penedes 2018 mapa vectorial illustrator eps<\/figcaption><\/figure>\n<p>Tamb\u00e9 podem elaborar un tipus de mapa m\u00e9s complert, amb simbologia, com aquest exemple de la Conca de Barber\u00e0.<\/p>\n<figure id=\"attachment_7129\" aria-describedby=\"caption-attachment-7129\" style=\"width: 381px\" class=\"wp-caption alignnone\"><a href=\"https:\/\/www.bc-maps.com\/wp-content\/uploads\/2025\/01\/Conca-de-Barbera-illustrator-mapa-vectorial-eps.jpg\" target=\"_blank\" rel=\"noopener\"><img loading=\"lazy\" decoding=\"async\" class=\"wp-image-7129\" title=\"Conca de Barbera illustrator mapa vectorial eps\" src=\"https:\/\/www.bc-maps.com\/wp-content\/uploads\/2025\/01\/Conca-de-Barbera-illustrator-mapa-vectorial-eps-300x212.jpg\" alt=\"Conca de Barbera illustrator mapa vectorial eps\" width=\"381\" height=\"269\" srcset=\"https:\/\/www.bc-maps.com\/wp-content\/uploads\/2025\/01\/Conca-de-Barbera-illustrator-mapa-vectorial-eps-300x212.jpg 300w, https:\/\/www.bc-maps.com\/wp-content\/uploads\/2025\/01\/Conca-de-Barbera-illustrator-mapa-vectorial-eps-1024x724.jpg 1024w, https:\/\/www.bc-maps.com\/wp-content\/uploads\/2025\/01\/Conca-de-Barbera-illustrator-mapa-vectorial-eps-768x543.jpg 768w, https:\/\/www.bc-maps.com\/wp-content\/uploads\/2025\/01\/Conca-de-Barbera-illustrator-mapa-vectorial-eps-1536x1086.jpg 1536w, https:\/\/www.bc-maps.com\/wp-content\/uploads\/2025\/01\/Conca-de-Barbera-illustrator-mapa-vectorial-eps.jpg 1754w\" sizes=\"auto, (max-width: 381px) 100vw, 381px\" \/><\/a><figcaption id=\"caption-attachment-7129\" class=\"wp-caption-text\">Conca de Barbera illustrator mapa vectorial eps<\/figcaption><\/figure>\n<h4 style=\"font-weight: 400;\"><strong>Municipis de la comarca de la Ribera d&#8217;Ebre<\/strong><\/h4>\n<p style=\"font-weight: 400;\">Asc\u00f3, Benissanet, Flix, Garcia, Ginestar, Miravet, M\u00f3ra d&#8217;Ebre, M\u00f3ra la Nova, la Palma d&#8217;Ebre, Rasquera, Riba-roja d&#8217;Ebre, Tivissa, la Torre de l&#8217;Espanyol, Vinebre<\/p>\n<p>Els mapes es lliuren en formats editables com \u00a0<a href=\"http:\/\/www.adobe.es\">illustrator<\/a>, eps<\/p>\n<h5><strong>Caracter\u00edstiques t\u00e8cniques:<\/strong><\/h5>\n<p>1. Escalabilitat: Els mapes vectorials s\u00f3n escalables, cosa que significa que es poden ampliar o reduir sense perdre qualitat.<\/p>\n<p>2. Capes i atributs: Un mapa vectorial pot contenir diferents capes que representen diferents tipus d&#8217;informaci\u00f3, com a carreteres, rius, edificis, \u00e0rees verdes, entre altres.<\/p>\n<p>3. Edici\u00f3 i personalitzaci\u00f3: Els mapes vectorials s\u00f3n editables, la qual cosa permet agregar, eliminar o modificar elements segons les necessitats de l&#8217;usuari. Tamb\u00e9 es poden personalitzar mitjan\u00e7ant la selecci\u00f3 de colors, estils de l\u00ednia i s\u00edmbols.<\/p>\n<p>4. Compatibilitat: Els mapes vectorials solen estar disponibles en formats est\u00e0ndard, com SVG (Scalable Vector Graphics), AI (Adobe Illustrator), EPS (Encapsulated PostScript) o DXF(Drawing Exchange Format), la qual cosa permet la seva visualitzaci\u00f3 i edici\u00f3 en diferent programari de disseny i cartografia.<\/p>\n<h6><\/h6>\n<h1 style=\"text-align: center;\"><\/h1>\n","protected":false},"excerpt":{"rendered":"<p>Pl\u00e0nols vectorials i editables de municipis de la comarca de la Ribera d&#8217;Ebre Mapes de comarques de Catalunya en format ai o eps Elaborem qualsevol mena de mapa de la comarca de la Ribera d&#8217;Ebre, Catalunya, tant en format vectorial com impr\u00e8s, totalment personalitzats i adaptats a les seves necessitats. Mapes de carreteres, de nuclis &hellip; <a href=\"https:\/\/www.bc-maps.com\/mapa-vectorial-eps\/cat-mapa-ribera-ebre-vectorial-illustrator-eps-comarca-catalunya\/\" class=\"more-link\">Seguir leyendo <span class=\"screen-reader-text\">Ribera d&#8217;Ebre mapa vectorial de la comarca en illustrator eps<\/span> <span class=\"meta-nav\">&rarr;<\/span><\/a><\/p>\n","protected":false},"author":1,"featured_media":8347,"parent":0,"menu_order":0,"comment_status":"closed","ping_status":"closed","template":"","meta":{"footnotes":""},"class_list":["post-7363","page","type-page","status-publish","has-post-thumbnail","hentry"],"_links":{"self":[{"href":"https:\/\/www.bc-maps.com\/mapa-vectorial-eps\/wp-json\/wp\/v2\/pages\/7363","targetHints":{"allow":["GET"]}}],"collection":[{"href":"https:\/\/www.bc-maps.com\/mapa-vectorial-eps\/wp-json\/wp\/v2\/pages"}],"about":[{"href":"https:\/\/www.bc-maps.com\/mapa-vectorial-eps\/wp-json\/wp\/v2\/types\/page"}],"author":[{"embeddable":true,"href":"https:\/\/www.bc-maps.com\/mapa-vectorial-eps\/wp-json\/wp\/v2\/users\/1"}],"replies":[{"embeddable":true,"href":"https:\/\/www.bc-maps.com\/mapa-vectorial-eps\/wp-json\/wp\/v2\/comments?post=7363"}],"version-history":[{"count":3,"href":"https:\/\/www.bc-maps.com\/mapa-vectorial-eps\/wp-json\/wp\/v2\/pages\/7363\/revisions"}],"predecessor-version":[{"id":8349,"href":"https:\/\/www.bc-maps.com\/mapa-vectorial-eps\/wp-json\/wp\/v2\/pages\/7363\/revisions\/8349"}],"wp:featuredmedia":[{"embeddable":true,"href":"https:\/\/www.bc-maps.com\/mapa-vectorial-eps\/wp-json\/wp\/v2\/media\/8347"}],"wp:attachment":[{"href":"https:\/\/www.bc-maps.com\/mapa-vectorial-eps\/wp-json\/wp\/v2\/media?parent=7363"}],"curies":[{"name":"wp","href":"https:\/\/api.w.org\/{rel}","templated":true}]}}