{"id":7199,"date":"2025-12-05T10:20:43","date_gmt":"2025-12-05T10:20:43","guid":{"rendered":"https:\/\/www.bc-maps.com\/mapa-vectorial-eps\/cat-mapa-alt-camp-vectorial-illustrator-eps-comarca-catalunya-2\/"},"modified":"2025-12-22T16:44:23","modified_gmt":"2025-12-22T16:44:23","slug":"cat-mapa-alt-emporda-vectorial-illustrator-eps-comarca-catalunya","status":"publish","type":"page","link":"https:\/\/www.bc-maps.com\/mapa-vectorial-eps\/cat-mapa-alt-emporda-vectorial-illustrator-eps-comarca-catalunya\/","title":{"rendered":"Alt Empord\u00e0 mapa vectorial de la comarca en illustrator eps"},"content":{"rendered":"<h1>Pl\u00e0nols vectorials i editables de municipis de la comarca de l&#8217;Alt Empord\u00e0<\/h1>\n<h2>Mapes de comarques de Catalunya en format ai o eps<\/h2>\n<p data-pm-slice=\"1 1 []\">Elaborem qualsevol mena de mapa de la comarca de l&#8217;Alt Empord\u00e0, Catalunya, tant en format vectorial com impr\u00e8s, totalment personalitzats i adaptats a les seves necessitats.<\/p>\n<p data-pm-slice=\"1 1 []\">Mapes de carreteres, de nuclis urbans, urbanitzacions, rutes.. Etc<\/p>\n<h4><strong>Mapes vectorials de l&#8217;Alt Empord\u00e0 :<\/strong><\/h4>\n<figure id=\"attachment_8359\" aria-describedby=\"caption-attachment-8359\" style=\"width: 300px\" class=\"wp-caption aligncenter\"><a title=\"Mapa Alt Empord\u00e0 vectorial illustrator eps mural\" href=\"https:\/\/www.bc-maps.com\/wp-content\/uploads\/2025\/12\/Alt-Empora-mapa-vectorial-relleu-illustrator-eps.jpg\" target=\"_blank\" rel=\"noopener\"><img loading=\"lazy\" decoding=\"async\" class=\"size-medium wp-image-8359\" src=\"https:\/\/www.bc-maps.com\/wp-content\/uploads\/2025\/12\/Alt-Empora-mapa-vectorial-relleu-illustrator-eps-300x195.jpg\" alt=\"Mapa Alt Empord\u00e0 vectorial illustrator eps mural\" width=\"300\" height=\"195\" srcset=\"https:\/\/www.bc-maps.com\/wp-content\/uploads\/2025\/12\/Alt-Empora-mapa-vectorial-relleu-illustrator-eps-300x195.jpg 300w, https:\/\/www.bc-maps.com\/wp-content\/uploads\/2025\/12\/Alt-Empora-mapa-vectorial-relleu-illustrator-eps-1024x665.jpg 1024w, https:\/\/www.bc-maps.com\/wp-content\/uploads\/2025\/12\/Alt-Empora-mapa-vectorial-relleu-illustrator-eps-768x499.jpg 768w, https:\/\/www.bc-maps.com\/wp-content\/uploads\/2025\/12\/Alt-Empora-mapa-vectorial-relleu-illustrator-eps.jpg 1417w\" sizes=\"auto, (max-width: 300px) 100vw, 300px\" \/><\/a><figcaption id=\"caption-attachment-8359\" class=\"wp-caption-text\">Mapa Alt Empord\u00e0 vectorial illustrator eps mural<\/figcaption><\/figure>\n<p>Una mostra d&#8217;un mapa b\u00e0sic amb la divisi\u00f3 municipal i carreteres principals.<\/p>\n<figure id=\"attachment_7202\" aria-describedby=\"caption-attachment-7202\" style=\"width: 324px\" class=\"wp-caption alignnone\"><a href=\"https:\/\/www.bc-maps.com\/wp-content\/uploads\/2025\/02\/comarca-Alt-Emporda-mapa-vectorial-illustrator-eps-municipis.jpg\" target=\"_blank\" rel=\"noopener\"><img loading=\"lazy\" decoding=\"async\" class=\"wp-image-7202\" title=\"Comarca Alt Emporda mapa vectorial illustrator eps municipis\" src=\"https:\/\/www.bc-maps.com\/wp-content\/uploads\/2025\/02\/comarca-Alt-Emporda-mapa-vectorial-illustrator-eps-municipis-300x196.jpg\" alt=\"Comarca Alt Emporda mapa vectorial illustrator eps municipis\" width=\"324\" height=\"212\" srcset=\"https:\/\/www.bc-maps.com\/wp-content\/uploads\/2025\/02\/comarca-Alt-Emporda-mapa-vectorial-illustrator-eps-municipis-300x196.jpg 300w, https:\/\/www.bc-maps.com\/wp-content\/uploads\/2025\/02\/comarca-Alt-Emporda-mapa-vectorial-illustrator-eps-municipis-1024x669.jpg 1024w, https:\/\/www.bc-maps.com\/wp-content\/uploads\/2025\/02\/comarca-Alt-Emporda-mapa-vectorial-illustrator-eps-municipis-768x502.jpg 768w, https:\/\/www.bc-maps.com\/wp-content\/uploads\/2025\/02\/comarca-Alt-Emporda-mapa-vectorial-illustrator-eps-municipis-1536x1003.jpg 1536w, https:\/\/www.bc-maps.com\/wp-content\/uploads\/2025\/02\/comarca-Alt-Emporda-mapa-vectorial-illustrator-eps-municipis-2048x1338.jpg 2048w\" sizes=\"auto, (max-width: 324px) 100vw, 324px\" \/><\/a><figcaption id=\"caption-attachment-7202\" class=\"wp-caption-text\">Comarca Alt Emporda mapa vectorial illustrator eps municipis<\/figcaption><\/figure>\n<p>Un exemple d&#8217;un pl\u00e0nol d&#8217;un nucli urb\u00e0, Portbou<\/p>\n<figure id=\"attachment_4186\" aria-describedby=\"caption-attachment-4186\" style=\"width: 300px\" class=\"wp-caption alignnone\"><a href=\"https:\/\/www.bc-maps.com\/wp-content\/uploads\/2014\/03\/Portbou-2019-planol2.jpg\" target=\"_blank\" rel=\"noopener\"><img loading=\"lazy\" decoding=\"async\" class=\"wp-image-4186 size-medium\" title=\"Portbou 2019 pl\u00e0nol de la ciutat\" src=\"https:\/\/www.bc-maps.com\/wp-content\/uploads\/2014\/03\/Portbou-2019-planol2-300x212.jpg\" alt=\"Portbou 2019 pl\u00e0nol de la ciutat\" width=\"300\" height=\"212\" srcset=\"https:\/\/www.bc-maps.com\/wp-content\/uploads\/2014\/03\/Portbou-2019-planol2-300x212.jpg 300w, https:\/\/www.bc-maps.com\/wp-content\/uploads\/2014\/03\/Portbou-2019-planol2-768x543.jpg 768w, https:\/\/www.bc-maps.com\/wp-content\/uploads\/2014\/03\/Portbou-2019-planol2-1024x724.jpg 1024w\" sizes=\"auto, (max-width: 300px) 100vw, 300px\" \/><\/a><figcaption id=\"caption-attachment-4186\" class=\"wp-caption-text\">Portbou 2019 pl\u00e0nol de la ciutat<\/figcaption><\/figure>\n<p>Navata es un exemple d&#8217;un mapa de terme municipal<\/p>\n<figure id=\"attachment_7448\" aria-describedby=\"caption-attachment-7448\" style=\"width: 246px\" class=\"wp-caption alignnone\"><a href=\"https:\/\/www.bc-maps.com\/wp-content\/uploads\/2025\/02\/Navata-municipi-mapa-vectorial-illustrator-eps.jpg\" target=\"_blank\" rel=\"noopener\"><img loading=\"lazy\" decoding=\"async\" class=\"wp-image-7448\" title=\"Navata municipi mapa vectorial illustrator eps\" src=\"https:\/\/www.bc-maps.com\/wp-content\/uploads\/2025\/02\/Navata-municipi-mapa-vectorial-illustrator-eps-212x300.jpg\" alt=\"Navata municipi mapa vectorial illustrator eps\" width=\"246\" height=\"348\" srcset=\"https:\/\/www.bc-maps.com\/wp-content\/uploads\/2025\/02\/Navata-municipi-mapa-vectorial-illustrator-eps-212x300.jpg 212w, https:\/\/www.bc-maps.com\/wp-content\/uploads\/2025\/02\/Navata-municipi-mapa-vectorial-illustrator-eps-724x1024.jpg 724w, https:\/\/www.bc-maps.com\/wp-content\/uploads\/2025\/02\/Navata-municipi-mapa-vectorial-illustrator-eps-768x1086.jpg 768w, https:\/\/www.bc-maps.com\/wp-content\/uploads\/2025\/02\/Navata-municipi-mapa-vectorial-illustrator-eps-1086x1536.jpg 1086w, https:\/\/www.bc-maps.com\/wp-content\/uploads\/2025\/02\/Navata-municipi-mapa-vectorial-illustrator-eps.jpg 1203w\" sizes=\"auto, (max-width: 246px) 100vw, 246px\" \/><\/a><figcaption id=\"caption-attachment-7448\" class=\"wp-caption-text\">Navata municipi mapa vectorial illustrator eps<\/figcaption><\/figure>\n<p><span style=\"font-size: revert;\">Tamb\u00e9 podem elaborar un tipus de mapa m\u00e9s complert, amb simbologia, com aquest exemple de la Conca de Barber\u00e0.<\/span><\/p>\n<figure id=\"attachment_7129\" aria-describedby=\"caption-attachment-7129\" style=\"width: 381px\" class=\"wp-caption alignnone\"><a href=\"https:\/\/www.bc-maps.com\/wp-content\/uploads\/2025\/01\/Conca-de-Barbera-illustrator-mapa-vectorial-eps.jpg\" target=\"_blank\" rel=\"noopener\"><img loading=\"lazy\" decoding=\"async\" class=\"wp-image-7129\" title=\"Conca de Barbera illustrator mapa vectorial eps\" src=\"https:\/\/www.bc-maps.com\/wp-content\/uploads\/2025\/01\/Conca-de-Barbera-illustrator-mapa-vectorial-eps-300x212.jpg\" alt=\"Conca de Barbera illustrator mapa vectorial eps\" width=\"381\" height=\"269\" srcset=\"https:\/\/www.bc-maps.com\/wp-content\/uploads\/2025\/01\/Conca-de-Barbera-illustrator-mapa-vectorial-eps-300x212.jpg 300w, https:\/\/www.bc-maps.com\/wp-content\/uploads\/2025\/01\/Conca-de-Barbera-illustrator-mapa-vectorial-eps-1024x724.jpg 1024w, https:\/\/www.bc-maps.com\/wp-content\/uploads\/2025\/01\/Conca-de-Barbera-illustrator-mapa-vectorial-eps-768x543.jpg 768w, https:\/\/www.bc-maps.com\/wp-content\/uploads\/2025\/01\/Conca-de-Barbera-illustrator-mapa-vectorial-eps-1536x1086.jpg 1536w, https:\/\/www.bc-maps.com\/wp-content\/uploads\/2025\/01\/Conca-de-Barbera-illustrator-mapa-vectorial-eps.jpg 1754w\" sizes=\"auto, (max-width: 381px) 100vw, 381px\" \/><\/a><figcaption id=\"caption-attachment-7129\" class=\"wp-caption-text\">Conca de Barbera illustrator mapa vectorial eps<\/figcaption><\/figure>\n<h4 style=\"font-weight: 400;\"><strong>Municipis de la comarca de l&#8217;Alt Empord\u00e0<\/strong><\/h4>\n<p style=\"font-weight: 400;\">Agullana, Albany\u00e0, l\u2019Armentera, Avinyonet de Puigvent\u00f3s, B\u00e0scara, Biure, Boadella i les Escaules, Borrass\u00e0, Cabanelles, Cabanes, Cadaqu\u00e9s, Cantallops, Capmany, Castell\u00f3 d&#8217;Emp\u00faries, Cistella, Colera, <a href=\"https:\/\/www.bc-maps.com\/mapa-vectorial-eps\/mapa-turistic-planol-darnius-2015\/\">Darnius<\/a>, l\u2019Escala, Espolla, el Far d&#8217;Empord\u00e0, Figueres, Forti\u00e0, Garrig\u00e0s, Garriguella, la Jonquera, Llad\u00f3, Llan\u00e7\u00e0, Llers, Ma\u00e7anet de Cabrenys, Masarac i Vilarnadal, Mollet de Peralada, <a href=\"https:\/\/www.bc-maps.com\/mapa-vectorial-eps\/cat-mapa-navata-vectorial-illustrator-eps-catalunya\/\" target=\"_blank\" rel=\"noopener\">Navata<\/a>, Ordis, Palau de Santa Eul\u00e0lia, Palau-saverdera, Pau, Pedret i Marz\u00e0, Peralada, Pont de Molins, Pont\u00f3s, el Port de la Selva, <a href=\"https:\/\/www.bc-maps.com\/mapa-vectorial-eps\/mapa-turistic-ajuntament-de-portbou-2019\/\" target=\"_blank\" rel=\"noopener\">Portbou<\/a>, Rab\u00f3s, Riumors, Roses, Sant Climent Sescebes, Sant Lloren\u00e7 de la Muga, Sant Miquel de Fluvi\u00e0, Sant Mori, Sant Pere Pescador, Santa Llogaia d&#8217;\u00c0lguema, Saus, Camallera i Llampaies, la Selva de Mar, Siurana, Terrades, Torroella de Fluvi\u00e0, la Vajol, Ventall\u00f3, Vila-sacra, Vilabertran, Viladamat, Vilafant, Vilaju\u00efga, Vilamacolum, Vilamalla, Vilamaniscle, Vilanant, Vila\u00fcr,<\/p>\n<p>Els mapes es lliuren en formats editables com \u00a0<a href=\"http:\/\/www.adobe.es\" target=\"_blank\" rel=\"noopener\">illustrator<\/a>, eps<\/p>\n<h5><strong>Caracter\u00edstiques t\u00e8cniques:<\/strong><\/h5>\n<p>1. Escalabilitat: Els mapes vectorials s\u00f3n escalables, cosa que significa que es poden ampliar o reduir sense perdre qualitat.<\/p>\n<p>2. Capes i atributs: Un mapa vectorial pot contenir diferents capes que representen diferents tipus d&#8217;informaci\u00f3, com a carreteres, rius, edificis, \u00e0rees verdes, entre altres.<\/p>\n<p>3. Edici\u00f3 i personalitzaci\u00f3: Els mapes vectorials s\u00f3n editables, la qual cosa permet agregar, eliminar o modificar elements segons les necessitats de l&#8217;usuari. Tamb\u00e9 es poden personalitzar mitjan\u00e7ant la selecci\u00f3 de colors, estils de l\u00ednia i s\u00edmbols.<\/p>\n<p>4. Compatibilitat: Els mapes vectorials solen estar disponibles en formats est\u00e0ndard, com SVG (Scalable Vector Graphics), AI (Adobe Illustrator), EPS (Encapsulated PostScript) o DXF(Drawing Exchange Format), la qual cosa permet la seva visualitzaci\u00f3 i edici\u00f3 en diferent programari de disseny i cartografia.<\/p>\n<h6><\/h6>\n<h1 style=\"text-align: center;\"><\/h1>\n","protected":false},"excerpt":{"rendered":"<p>Pl\u00e0nols vectorials i editables de municipis de la comarca de l&#8217;Alt Empord\u00e0 Mapes de comarques de Catalunya en format ai o eps Elaborem qualsevol mena de mapa de la comarca de l&#8217;Alt Empord\u00e0, Catalunya, tant en format vectorial com impr\u00e8s, totalment personalitzats i adaptats a les seves necessitats. Mapes de carreteres, de nuclis urbans, urbanitzacions, &hellip; <a href=\"https:\/\/www.bc-maps.com\/mapa-vectorial-eps\/cat-mapa-alt-emporda-vectorial-illustrator-eps-comarca-catalunya\/\" class=\"more-link\">Seguir leyendo <span class=\"screen-reader-text\">Alt Empord\u00e0 mapa vectorial de la comarca en illustrator eps<\/span> <span class=\"meta-nav\">&rarr;<\/span><\/a><\/p>\n","protected":false},"author":1,"featured_media":8359,"parent":0,"menu_order":0,"comment_status":"closed","ping_status":"closed","template":"","meta":{"footnotes":""},"class_list":["post-7199","page","type-page","status-publish","has-post-thumbnail","hentry"],"_links":{"self":[{"href":"https:\/\/www.bc-maps.com\/mapa-vectorial-eps\/wp-json\/wp\/v2\/pages\/7199","targetHints":{"allow":["GET"]}}],"collection":[{"href":"https:\/\/www.bc-maps.com\/mapa-vectorial-eps\/wp-json\/wp\/v2\/pages"}],"about":[{"href":"https:\/\/www.bc-maps.com\/mapa-vectorial-eps\/wp-json\/wp\/v2\/types\/page"}],"author":[{"embeddable":true,"href":"https:\/\/www.bc-maps.com\/mapa-vectorial-eps\/wp-json\/wp\/v2\/users\/1"}],"replies":[{"embeddable":true,"href":"https:\/\/www.bc-maps.com\/mapa-vectorial-eps\/wp-json\/wp\/v2\/comments?post=7199"}],"version-history":[{"count":6,"href":"https:\/\/www.bc-maps.com\/mapa-vectorial-eps\/wp-json\/wp\/v2\/pages\/7199\/revisions"}],"predecessor-version":[{"id":8391,"href":"https:\/\/www.bc-maps.com\/mapa-vectorial-eps\/wp-json\/wp\/v2\/pages\/7199\/revisions\/8391"}],"wp:featuredmedia":[{"embeddable":true,"href":"https:\/\/www.bc-maps.com\/mapa-vectorial-eps\/wp-json\/wp\/v2\/media\/8359"}],"wp:attachment":[{"href":"https:\/\/www.bc-maps.com\/mapa-vectorial-eps\/wp-json\/wp\/v2\/media?parent=7199"}],"curies":[{"name":"wp","href":"https:\/\/api.w.org\/{rel}","templated":true}]}}