{"id":7172,"date":"2024-09-18T10:38:43","date_gmt":"2024-09-18T10:38:43","guid":{"rendered":"https:\/\/www.bc-maps.com\/mapa-vectorial-eps\/cat-ajuntaments-entitats-consells-comarcals-2-2\/"},"modified":"2025-02-05T08:40:08","modified_gmt":"2025-02-05T08:40:08","slug":"cat-mapes-de-localitzacions-i-accessos","status":"publish","type":"page","link":"https:\/\/www.bc-maps.com\/mapa-vectorial-eps\/cat-mapes-de-localitzacions-i-accessos\/","title":{"rendered":"Mapes de localitzacions i accessos"},"content":{"rendered":"<h1>Mapes vectorials pel sector immobiliari i construcci\u00f3<\/h1>\n<h2>Mapes per promocions i obres<\/h2>\n<p>L\u2019elaboraci\u00f3 de mapes vectorials de localitzaci\u00f3 i accessos \u00e9s una eina fonamental per a empreses immobili\u00e0ries i del sector de la construcci\u00f3, ja que facilita la visualitzaci\u00f3 clara i precisa d\u2019ubicacions estrat\u00e8giques.<\/p>\n<p>Des de fa anys empreses com la francesa <a href=\"http:\/\/www.pichet.fr\">Groupe Pichet<\/a> i el l\u00edder del sector esportiu, camps de gespa artificial, \u00a0<a href=\"https:\/\/fieldturf.com\/es\/\">Fieldturf<\/a> confien en nosaltres.<\/p>\n<figure id=\"attachment_7175\" aria-describedby=\"caption-attachment-7175\" style=\"width: 300px\" class=\"wp-caption alignnone\"><a href=\"https:\/\/www.bc-maps.com\/wp-content\/uploads\/2025\/02\/Mapa-vectorial-illustrator-eps-zoom-acces-Sant-Pere-de-Ribes.jpg\" target=\"_blank\" rel=\"noopener\"><img loading=\"lazy\" decoding=\"async\" class=\"wp-image-7175 size-medium\" title=\"Sant Pere de Ribes Zoom\" src=\"https:\/\/www.bc-maps.com\/wp-content\/uploads\/2025\/02\/Mapa-vectorial-illustrator-eps-zoom-acces-Sant-Pere-de-Ribes-300x212.jpg\" alt=\"Sant Pere de Ribes Zoom\" width=\"300\" height=\"212\" srcset=\"https:\/\/www.bc-maps.com\/wp-content\/uploads\/2025\/02\/Mapa-vectorial-illustrator-eps-zoom-acces-Sant-Pere-de-Ribes-300x212.jpg 300w, https:\/\/www.bc-maps.com\/wp-content\/uploads\/2025\/02\/Mapa-vectorial-illustrator-eps-zoom-acces-Sant-Pere-de-Ribes-1024x724.jpg 1024w, https:\/\/www.bc-maps.com\/wp-content\/uploads\/2025\/02\/Mapa-vectorial-illustrator-eps-zoom-acces-Sant-Pere-de-Ribes-768x543.jpg 768w, https:\/\/www.bc-maps.com\/wp-content\/uploads\/2025\/02\/Mapa-vectorial-illustrator-eps-zoom-acces-Sant-Pere-de-Ribes.jpg 1181w\" sizes=\"auto, (max-width: 300px) 100vw, 300px\" \/><\/a><figcaption id=\"caption-attachment-7175\" class=\"wp-caption-text\">Sant Pere de Ribes Zoom<\/figcaption><\/figure>\n<figure id=\"attachment_7176\" aria-describedby=\"caption-attachment-7176\" style=\"width: 300px\" class=\"wp-caption alignnone\"><a href=\"https:\/\/www.bc-maps.com\/wp-content\/uploads\/2025\/02\/Mapa-vectorial-illustrator-eps-acces-Sant-Pere-de-Ribes.jpg\" target=\"_blank\" rel=\"noopener\"><img loading=\"lazy\" decoding=\"async\" class=\"wp-image-7176 size-medium\" title=\"Sant Pere de Ribes general\" src=\"https:\/\/www.bc-maps.com\/wp-content\/uploads\/2025\/02\/Mapa-vectorial-illustrator-eps-acces-Sant-Pere-de-Ribes-300x212.jpg\" alt=\"Sant Pere de Ribes general\" width=\"300\" height=\"212\" srcset=\"https:\/\/www.bc-maps.com\/wp-content\/uploads\/2025\/02\/Mapa-vectorial-illustrator-eps-acces-Sant-Pere-de-Ribes-300x212.jpg 300w, https:\/\/www.bc-maps.com\/wp-content\/uploads\/2025\/02\/Mapa-vectorial-illustrator-eps-acces-Sant-Pere-de-Ribes-1024x724.jpg 1024w, https:\/\/www.bc-maps.com\/wp-content\/uploads\/2025\/02\/Mapa-vectorial-illustrator-eps-acces-Sant-Pere-de-Ribes-768x543.jpg 768w, https:\/\/www.bc-maps.com\/wp-content\/uploads\/2025\/02\/Mapa-vectorial-illustrator-eps-acces-Sant-Pere-de-Ribes.jpg 1181w\" sizes=\"auto, (max-width: 300px) 100vw, 300px\" \/><\/a><figcaption id=\"caption-attachment-7176\" class=\"wp-caption-text\">Sant Pere de Ribes general<\/figcaption><\/figure>\n<figure id=\"attachment_7100\" aria-describedby=\"caption-attachment-7100\" style=\"width: 300px\" class=\"wp-caption alignnone\"><a href=\"https:\/\/www.bc-maps.com\/wp-content\/uploads\/2025\/01\/La-teste-de-Buch-illustrator-mapa-vectorial-eps-Pichet.jpg\" target=\"_blank\" rel=\"noopener\"><img loading=\"lazy\" decoding=\"async\" class=\"wp-image-7100 size-medium\" title=\"La Teste de Buch mapa vectorial illustrator eps\" src=\"https:\/\/www.bc-maps.com\/wp-content\/uploads\/2025\/01\/La-teste-de-Buch-illustrator-mapa-vectorial-eps-Pichet-300x210.jpg\" alt=\"La Teste de Buch mapa vectorial illustrator eps\" width=\"300\" height=\"210\" srcset=\"https:\/\/www.bc-maps.com\/wp-content\/uploads\/2025\/01\/La-teste-de-Buch-illustrator-mapa-vectorial-eps-Pichet-300x210.jpg 300w, https:\/\/www.bc-maps.com\/wp-content\/uploads\/2025\/01\/La-teste-de-Buch-illustrator-mapa-vectorial-eps-Pichet-1024x716.jpg 1024w, https:\/\/www.bc-maps.com\/wp-content\/uploads\/2025\/01\/La-teste-de-Buch-illustrator-mapa-vectorial-eps-Pichet-768x537.jpg 768w, https:\/\/www.bc-maps.com\/wp-content\/uploads\/2025\/01\/La-teste-de-Buch-illustrator-mapa-vectorial-eps-Pichet.jpg 1245w\" sizes=\"auto, (max-width: 300px) 100vw, 300px\" \/><\/a><figcaption id=\"caption-attachment-7100\" class=\"wp-caption-text\">La Teste de Buch mapa vectorial illustrator eps<\/figcaption><\/figure>\n<p>Aquests mapes, dissenyats amb tecnologia vectorial, permeten representar amb alta qualitat i escalabilitat diferents elements geogr\u00e0fics, com carreteres, terrenys, infraestructures i punts d\u2019inter\u00e8s.<\/p>\n<p>Per a les empreses immobili\u00e0ries, els mapes vectorials s\u00f3n essencials per incloure a la documentaci\u00f3 comercial i t\u00e9cnica mostrar la ubicaci\u00f3 exacta de promocions residencials, zones urban\u00edstiques i accessos principals. Es poden incloure refer\u00e8ncies com transport p\u00fablic, serveis propers i futures infraestructures, aportant aix\u00ed un valor afegit a la presentaci\u00f3 de projectes.<\/p>\n<p>En el sector de la construcci\u00f3, aquests mapes permeten planificar l\u2019acc\u00e9s a les obres, identificar rutes \u00f2ptimes per al transport de materials i millorar la log\u00edstica en entorns urbans i rurals.<\/p>\n<p>Gr\u00e0cies a la personalitzaci\u00f3 dels mapes, \u00e9s possible destacar informaci\u00f3 rellevant, com restriccions de tr\u00e0nsit, desnivells del terreny o zones de protecci\u00f3 ambiental.<\/p>\n","protected":false},"excerpt":{"rendered":"<p>Mapes vectorials pel sector immobiliari i construcci\u00f3 Mapes per promocions i obres L\u2019elaboraci\u00f3 de mapes vectorials de localitzaci\u00f3 i accessos \u00e9s una eina fonamental per a empreses immobili\u00e0ries i del sector de la construcci\u00f3, ja que facilita la visualitzaci\u00f3 clara i precisa d\u2019ubicacions estrat\u00e8giques. Des de fa anys empreses com la francesa Groupe Pichet i &hellip; <a href=\"https:\/\/www.bc-maps.com\/mapa-vectorial-eps\/cat-mapes-de-localitzacions-i-accessos\/\" class=\"more-link\">Seguir leyendo <span class=\"screen-reader-text\">Mapes de localitzacions i accessos<\/span> <span class=\"meta-nav\">&rarr;<\/span><\/a><\/p>\n","protected":false},"author":1,"featured_media":7175,"parent":0,"menu_order":0,"comment_status":"closed","ping_status":"closed","template":"","meta":{"footnotes":""},"class_list":["post-7172","page","type-page","status-publish","has-post-thumbnail","hentry"],"_links":{"self":[{"href":"https:\/\/www.bc-maps.com\/mapa-vectorial-eps\/wp-json\/wp\/v2\/pages\/7172","targetHints":{"allow":["GET"]}}],"collection":[{"href":"https:\/\/www.bc-maps.com\/mapa-vectorial-eps\/wp-json\/wp\/v2\/pages"}],"about":[{"href":"https:\/\/www.bc-maps.com\/mapa-vectorial-eps\/wp-json\/wp\/v2\/types\/page"}],"author":[{"embeddable":true,"href":"https:\/\/www.bc-maps.com\/mapa-vectorial-eps\/wp-json\/wp\/v2\/users\/1"}],"replies":[{"embeddable":true,"href":"https:\/\/www.bc-maps.com\/mapa-vectorial-eps\/wp-json\/wp\/v2\/comments?post=7172"}],"version-history":[{"count":3,"href":"https:\/\/www.bc-maps.com\/mapa-vectorial-eps\/wp-json\/wp\/v2\/pages\/7172\/revisions"}],"predecessor-version":[{"id":7179,"href":"https:\/\/www.bc-maps.com\/mapa-vectorial-eps\/wp-json\/wp\/v2\/pages\/7172\/revisions\/7179"}],"wp:featuredmedia":[{"embeddable":true,"href":"https:\/\/www.bc-maps.com\/mapa-vectorial-eps\/wp-json\/wp\/v2\/media\/7175"}],"wp:attachment":[{"href":"https:\/\/www.bc-maps.com\/mapa-vectorial-eps\/wp-json\/wp\/v2\/media?parent=7172"}],"curies":[{"name":"wp","href":"https:\/\/api.w.org\/{rel}","templated":true}]}}