{"id":6825,"date":"2024-08-26T08:55:00","date_gmt":"2024-08-26T08:55:00","guid":{"rendered":"https:\/\/www.bc-maps.com\/mapa-vectorial-eps\/almassera-valencia-mapa-vectorial-illustrator-eps-ai-cc-2\/"},"modified":"2024-10-20T06:03:32","modified_gmt":"2024-10-20T06:03:32","slug":"rocafort-valencia-mapa-vectorial-illustrator-eps-ai-cc","status":"publish","type":"page","link":"https:\/\/www.bc-maps.com\/mapa-vectorial-eps\/rocafort-valencia-mapa-vectorial-illustrator-eps-ai-cc\/","title":{"rendered":"Rocafort mapa vectorial Illustrator eps ai CC"},"content":{"rendered":"<h1>Planos y mapas vectoriales de <strong>Rocafort<\/strong>, Valencia<\/h1>\n<h2>Mapas vectoriales editables estructurados con capas de <strong>Rocafort<\/strong><\/h2>\n<h3>Planos vectoriales de ciudades de la provincia de Valencia<\/h3>\n<p><strong>Rocafort<\/strong>\u00a0mapa vectorial <strong>illustrator<\/strong>, podemos crear cualquier tipo de mapa del municipio, planos parciales, planos generales, planos de detalle, \u2026etc.<\/p>\n<p>En el caso de necesitar un <strong>mapa tur\u00edstico impreso<\/strong> podemos realizar todas las fases del proceso desde la creaci\u00f3n del dise\u00f1o a la entrega de un producto ya impreso totalmente personalizado, \u00a0formato plegable, talonarios e incluso en versi\u00f3n mural.<\/p>\n<p>Los mapas vectoriales se entregan en formatos editables <a href=\"http:\/\/www.adobe.es\">adobe<\/a> illustrator, eps.<\/p>\n<figure id=\"attachment_6827\" aria-describedby=\"caption-attachment-6827\" style=\"width: 254px\" class=\"wp-caption alignnone\"><a href=\"https:\/\/www.bc-maps.com\/wp-content\/uploads\/2024\/10\/Rocafort-mapa-vectorial-illustrator-eps.jpg\" target=\"_blank\" rel=\"noopener\"><img loading=\"lazy\" decoding=\"async\" class=\"Rocafort mapa vectorial illustrator eps wp-image-6827 size-medium\" title=\"Rocafort mapa vectorial illustrator eps\" src=\"https:\/\/www.bc-maps.com\/wp-content\/uploads\/2024\/10\/Rocafort-mapa-vectorial-illustrator-eps-254x300.jpg\" alt=\"Rocafort mapa vectorial illustrator eps\" width=\"254\" height=\"300\" srcset=\"https:\/\/www.bc-maps.com\/wp-content\/uploads\/2024\/10\/Rocafort-mapa-vectorial-illustrator-eps-254x300.jpg 254w, https:\/\/www.bc-maps.com\/wp-content\/uploads\/2024\/10\/Rocafort-mapa-vectorial-illustrator-eps-866x1024.jpg 866w, https:\/\/www.bc-maps.com\/wp-content\/uploads\/2024\/10\/Rocafort-mapa-vectorial-illustrator-eps-768x908.jpg 768w, https:\/\/www.bc-maps.com\/wp-content\/uploads\/2024\/10\/Rocafort-mapa-vectorial-illustrator-eps-1299x1536.jpg 1299w, https:\/\/www.bc-maps.com\/wp-content\/uploads\/2024\/10\/Rocafort-mapa-vectorial-illustrator-eps.jpg 1439w\" sizes=\"auto, (max-width: 254px) 100vw, 254px\" \/><\/a><figcaption id=\"caption-attachment-6827\" class=\"wp-caption-text\">Rocafort mapa vectorial illustrator eps<\/figcaption><\/figure>\n<figure id=\"attachment_6829\" aria-describedby=\"caption-attachment-6829\" style=\"width: 297px\" class=\"wp-caption alignnone\"><a href=\"https:\/\/www.bc-maps.com\/wp-content\/uploads\/2024\/10\/Rocafort-mapa-vectorial-illustrator-eps-zoom.jpg\" target=\"_blank\" rel=\"noopener\"><img loading=\"lazy\" decoding=\"async\" class=\"Rocafort mapa vectorial illustrator eps zoom wp-image-6829 size-medium\" title=\"Rocafort mapa vectorial illustrator eps zoom\" src=\"https:\/\/www.bc-maps.com\/wp-content\/uploads\/2024\/10\/Rocafort-mapa-vectorial-illustrator-eps-zoom-297x300.jpg\" alt=\"Rocafort mapa vectorial illustrator eps zoom\" width=\"297\" height=\"300\" srcset=\"https:\/\/www.bc-maps.com\/wp-content\/uploads\/2024\/10\/Rocafort-mapa-vectorial-illustrator-eps-zoom-297x300.jpg 297w, https:\/\/www.bc-maps.com\/wp-content\/uploads\/2024\/10\/Rocafort-mapa-vectorial-illustrator-eps-zoom-768x775.jpg 768w, https:\/\/www.bc-maps.com\/wp-content\/uploads\/2024\/10\/Rocafort-mapa-vectorial-illustrator-eps-zoom.jpg 1008w\" sizes=\"auto, (max-width: 297px) 100vw, 297px\" \/><\/a><figcaption id=\"caption-attachment-6829\" class=\"wp-caption-text\">Rocafort mapa vectorial illustrator eps zoom<\/figcaption><\/figure>\n<p><strong>Rocafort<\/strong>, situado en la comarca de <strong>l&#8217;Horta Nord<\/strong>, Valencia, es un municipio conocido por su ambiente tranquilo y su cercan\u00eda a la ciudad de Valencia. Entre sus principales atractivos destaca la <strong>Iglesia Parroquial de San Juan Bautista<\/strong>, un edificio de estilo neocl\u00e1sico que es un importante punto de referencia para los habitantes.<\/p>\n<p>El <strong>Palacio de los Condes de Liria<\/strong>, tambi\u00e9n conocido como el <strong>Castillo de Rocafort<\/strong>, es otro lugar de inter\u00e9s hist\u00f3rico que refleja la rica herencia cultural de la localidad. Adem\u00e1s, el municipio cuenta con varios parques y espacios verdes, ideales para actividades al aire libre y para disfrutar de la naturaleza.<\/p>\n<p>Rocafort celebra diversas festividades, como las <strong>Fallas<\/strong> y las <strong>Fiestas Patronales en honor a San Juan Bautista<\/strong>, que incluyen procesiones, m\u00fasica y eventos culturales. La combinaci\u00f3n de historia, cultura y su ambiente apacible hacen de Rocafort un lugar atractivo tanto para visitar como para residir.<\/p>\n<p>El contenido de informaci\u00f3n depender\u00e1 del tama\u00f1o de la zona y la escala o medidas de reproducci\u00f3n, ya que no trabajamos con textos inferiores a 5 puntos para que sean legibles.<\/p>\n<p>La informaci\u00f3n disponible va desde\u00a0monumentos, lugares de inter\u00e9s y populares, museos, oficinas de turismo, centros comerciales, medios de transporte.<\/p>\n<p>Tambi\u00e9n podemos a\u00f1adir cualquier otra informaci\u00f3n pr\u00e1ctica que nos soliciten ustedes.<\/p>\n<p>Nuestros mapas est\u00e1n estructurados por medio de capas y son totalmente editables, modificables, \u00a0tanto \u00a0colores y\u00a0fuentes\/textos.<\/p>\n<p>Nuestro ficheros\u00a0son libres de derechos para cualquier reproducci\u00f3n, incluyendo nuestro copyright.<\/p>\n<p>Los mapas est\u00e1n creados con licencias oficiales de programas de Adobe, habitualmente entregamos en version CC, pero podemos entregar tambi\u00e9n en otras versiones.<\/p>\n","protected":false},"excerpt":{"rendered":"<p>Planos y mapas vectoriales de Rocafort, Valencia Mapas vectoriales editables estructurados con capas de Rocafort Planos vectoriales de ciudades de la provincia de Valencia Rocafort\u00a0mapa vectorial illustrator, podemos crear cualquier tipo de mapa del municipio, planos parciales, planos generales, planos de detalle, \u2026etc. En el caso de necesitar un mapa tur\u00edstico impreso podemos realizar todas &hellip; <a href=\"https:\/\/www.bc-maps.com\/mapa-vectorial-eps\/rocafort-valencia-mapa-vectorial-illustrator-eps-ai-cc\/\" class=\"more-link\">Seguir leyendo <span class=\"screen-reader-text\">Rocafort mapa vectorial Illustrator eps ai CC<\/span> <span class=\"meta-nav\">&rarr;<\/span><\/a><\/p>\n","protected":false},"author":1,"featured_media":6827,"parent":0,"menu_order":0,"comment_status":"closed","ping_status":"closed","template":"","meta":{"footnotes":""},"class_list":["post-6825","page","type-page","status-publish","has-post-thumbnail","hentry"],"_links":{"self":[{"href":"https:\/\/www.bc-maps.com\/mapa-vectorial-eps\/wp-json\/wp\/v2\/pages\/6825","targetHints":{"allow":["GET"]}}],"collection":[{"href":"https:\/\/www.bc-maps.com\/mapa-vectorial-eps\/wp-json\/wp\/v2\/pages"}],"about":[{"href":"https:\/\/www.bc-maps.com\/mapa-vectorial-eps\/wp-json\/wp\/v2\/types\/page"}],"author":[{"embeddable":true,"href":"https:\/\/www.bc-maps.com\/mapa-vectorial-eps\/wp-json\/wp\/v2\/users\/1"}],"replies":[{"embeddable":true,"href":"https:\/\/www.bc-maps.com\/mapa-vectorial-eps\/wp-json\/wp\/v2\/comments?post=6825"}],"version-history":[{"count":3,"href":"https:\/\/www.bc-maps.com\/mapa-vectorial-eps\/wp-json\/wp\/v2\/pages\/6825\/revisions"}],"predecessor-version":[{"id":6878,"href":"https:\/\/www.bc-maps.com\/mapa-vectorial-eps\/wp-json\/wp\/v2\/pages\/6825\/revisions\/6878"}],"wp:featuredmedia":[{"embeddable":true,"href":"https:\/\/www.bc-maps.com\/mapa-vectorial-eps\/wp-json\/wp\/v2\/media\/6827"}],"wp:attachment":[{"href":"https:\/\/www.bc-maps.com\/mapa-vectorial-eps\/wp-json\/wp\/v2\/media?parent=6825"}],"curies":[{"name":"wp","href":"https:\/\/api.w.org\/{rel}","templated":true}]}}