{"id":6597,"date":"2024-10-11T08:57:00","date_gmt":"2024-10-11T08:57:00","guid":{"rendered":"https:\/\/www.bc-maps.com\/mapa-vectorial-eps\/ariany-mallorca-mapa-vectorial-illustrator-eps-ai-cc-2\/"},"modified":"2024-10-13T06:45:38","modified_gmt":"2024-10-13T06:45:38","slug":"sa-pobla-mallorca-mapa-vectorial-illustrator-eps-ai-cc","status":"publish","type":"page","link":"https:\/\/www.bc-maps.com\/mapa-vectorial-eps\/sa-pobla-mallorca-mapa-vectorial-illustrator-eps-ai-cc\/","title":{"rendered":"sa Pobla mapa vectorial Illustrator eps ai CC"},"content":{"rendered":"<h1>Planos y mapas tur\u00edsticos impresos de sa Pobla , Mallorca, u otras poblaciones de las Baleares<\/h1>\n<h2>Mapas vectoriales editables estructurados con capas del municipio de sa Pobla<\/h2>\n<h3>Mallorca, planos vectoriales de ciudades de la isla<\/h3>\n<p>Podemos crear cualquier tipo de mapa del municipio de sa Pobla planos parciales, planos generales, planos de detalle, \u2026etc.<\/p>\n<p><strong>Los mapas se entregan en formatos editables <a href=\"http:\/\/www.adobe.es\">adobe<\/a> illustrator, eps.<\/strong><\/p>\n<figure id=\"attachment_6599\" aria-describedby=\"caption-attachment-6599\" style=\"width: 255px\" class=\"wp-caption alignnone\"><a href=\"https:\/\/www.bc-maps.com\/wp-content\/uploads\/2024\/10\/sa-Pobla-mapa-vectorial-illustrator-eps.jpg\" target=\"_blank\" rel=\"noopener\"><img loading=\"lazy\" decoding=\"async\" class=\"wp-image-6599 size-medium\" title=\"sa Pobla mapa vectorial illustrator eps\" src=\"https:\/\/www.bc-maps.com\/wp-content\/uploads\/2024\/10\/sa-Pobla-mapa-vectorial-illustrator-eps-255x300.jpg\" alt=\"sa Pobla mapa vectorial illustrator eps\" width=\"255\" height=\"300\" srcset=\"https:\/\/www.bc-maps.com\/wp-content\/uploads\/2024\/10\/sa-Pobla-mapa-vectorial-illustrator-eps-255x300.jpg 255w, https:\/\/www.bc-maps.com\/wp-content\/uploads\/2024\/10\/sa-Pobla-mapa-vectorial-illustrator-eps-872x1024.jpg 872w, https:\/\/www.bc-maps.com\/wp-content\/uploads\/2024\/10\/sa-Pobla-mapa-vectorial-illustrator-eps-768x902.jpg 768w, https:\/\/www.bc-maps.com\/wp-content\/uploads\/2024\/10\/sa-Pobla-mapa-vectorial-illustrator-eps-1308x1536.jpg 1308w, https:\/\/www.bc-maps.com\/wp-content\/uploads\/2024\/10\/sa-Pobla-mapa-vectorial-illustrator-eps.jpg 1448w\" sizes=\"auto, (max-width: 255px) 100vw, 255px\" \/><\/a><figcaption id=\"caption-attachment-6599\" class=\"wp-caption-text\">sa Pobla mapa vectorial illustrator eps<\/figcaption><\/figure>\n<p><strong>Sa Pobla<\/strong>, un municipio en el norte de Mallorca, es conocido por su rica herencia cultural y sus tradiciones agr\u00edcolas. Uno de los principales lugares de inter\u00e9s es la <strong>Iglesia de San Antonio Abad<\/strong>, que destaca por su hermosa arquitectura y su impresionante altar mayor. El <strong>Museo de Sa Pobla<\/strong> alberga exposiciones sobre la historia local y la agricultura, reflejando la vida rural de la regi\u00f3n.<\/p>\n<p>El municipio tambi\u00e9n celebra la famosa <strong>Feria de la Patata<\/strong>, que resalta la producci\u00f3n agr\u00edcola local y atrae a numerosos visitantes. Adem\u00e1s, la <strong>Sierra de Tramuntana<\/strong> cercana ofrece oportunidades para el senderismo y la exploraci\u00f3n de la naturaleza<\/p>\n<p>El contenido de informaci\u00f3n depender\u00e1 del tama\u00f1o de la zona y la escala o medidas de reproducci\u00f3n, ya que no trabajamos con textos inferiores a 5 puntos para que sean legibles.<\/p>\n<p><strong>En el caso de necesitar un mapa tur\u00edstico impreso podemos realizar todas las fases del proceso desde la creaci\u00f3n del dise\u00f1o a la entrega de un producto ya impreso totalmente personalizado, \u00a0formato plegable, talonarios e incluso en versi\u00f3n mural.<\/strong><\/p>\n<p>La informaci\u00f3n disponible va desde\u00a0monumentos, lugares de inter\u00e9s y populares, museos, oficinas de turismo, centros comerciales, medios de transporte.<\/p>\n<p>Tambi\u00e9n podemos a\u00f1adir cualquier otra informaci\u00f3n pr\u00e1ctica que nos soliciten ustedes.<\/p>\n<p>Nuestros mapas est\u00e1n estructurados por medio de capas y son totalmente editables, modificables, \u00a0tanto \u00a0colores y\u00a0fuentes\/textos.<\/p>\n<p>Nuestro ficheros\u00a0son libres de derechos para cualquier reproducci\u00f3n, incluyendo nuestro copyright.<\/p>\n<p>Los maps\u00a0est\u00e1n creados con licencias oficiales de programas de Adobe, habitualmente entregamos en version CC, pero podemos entregar tambi\u00e9n en otras versiones.<\/p>\n","protected":false},"excerpt":{"rendered":"<p>Planos y mapas tur\u00edsticos impresos de sa Pobla , Mallorca, u otras poblaciones de las Baleares Mapas vectoriales editables estructurados con capas del municipio de sa Pobla Mallorca, planos vectoriales de ciudades de la isla Podemos crear cualquier tipo de mapa del municipio de sa Pobla planos parciales, planos generales, planos de detalle, \u2026etc. Los &hellip; <a href=\"https:\/\/www.bc-maps.com\/mapa-vectorial-eps\/sa-pobla-mallorca-mapa-vectorial-illustrator-eps-ai-cc\/\" class=\"more-link\">Seguir leyendo <span class=\"screen-reader-text\">sa Pobla mapa vectorial Illustrator eps ai CC<\/span> <span class=\"meta-nav\">&rarr;<\/span><\/a><\/p>\n","protected":false},"author":1,"featured_media":6599,"parent":0,"menu_order":0,"comment_status":"closed","ping_status":"closed","template":"","meta":{"footnotes":""},"class_list":["post-6597","page","type-page","status-publish","has-post-thumbnail","hentry"],"_links":{"self":[{"href":"https:\/\/www.bc-maps.com\/mapa-vectorial-eps\/wp-json\/wp\/v2\/pages\/6597","targetHints":{"allow":["GET"]}}],"collection":[{"href":"https:\/\/www.bc-maps.com\/mapa-vectorial-eps\/wp-json\/wp\/v2\/pages"}],"about":[{"href":"https:\/\/www.bc-maps.com\/mapa-vectorial-eps\/wp-json\/wp\/v2\/types\/page"}],"author":[{"embeddable":true,"href":"https:\/\/www.bc-maps.com\/mapa-vectorial-eps\/wp-json\/wp\/v2\/users\/1"}],"replies":[{"embeddable":true,"href":"https:\/\/www.bc-maps.com\/mapa-vectorial-eps\/wp-json\/wp\/v2\/comments?post=6597"}],"version-history":[{"count":3,"href":"https:\/\/www.bc-maps.com\/mapa-vectorial-eps\/wp-json\/wp\/v2\/pages\/6597\/revisions"}],"predecessor-version":[{"id":6654,"href":"https:\/\/www.bc-maps.com\/mapa-vectorial-eps\/wp-json\/wp\/v2\/pages\/6597\/revisions\/6654"}],"wp:featuredmedia":[{"embeddable":true,"href":"https:\/\/www.bc-maps.com\/mapa-vectorial-eps\/wp-json\/wp\/v2\/media\/6599"}],"wp:attachment":[{"href":"https:\/\/www.bc-maps.com\/mapa-vectorial-eps\/wp-json\/wp\/v2\/media?parent=6597"}],"curies":[{"name":"wp","href":"https:\/\/api.w.org\/{rel}","templated":true}]}}