{"id":6575,"date":"2024-10-02T08:55:00","date_gmt":"2024-10-02T08:55:00","guid":{"rendered":"https:\/\/www.bc-maps.com\/mapa-vectorial-eps\/inca-mallorca-mapa-vectorial-illustrator-eps-ai-cc-2\/"},"modified":"2024-10-13T06:36:17","modified_gmt":"2024-10-13T06:36:17","slug":"manacor-mallorca-mapa-vectorial-illustrator-eps-ai-cc","status":"publish","type":"page","link":"https:\/\/www.bc-maps.com\/mapa-vectorial-eps\/manacor-mallorca-mapa-vectorial-illustrator-eps-ai-cc\/","title":{"rendered":"Manacor Mallorca mapa vectorial Illustrator eps ai CC"},"content":{"rendered":"<h1><\/h1>\n<h1>Planos y mapas tur\u00edsticos impresos de Manacor u otras poblaciones de la isla de Mallorca<\/h1>\n<h2>Mapas vectoriales editables estructurados con capas del municipio de Manacor<\/h2>\n<h3>Planos vectoriales de ciudades de la isla de Mallorca<\/h3>\n<p>Podemos crear cualquier tipo de mapa del municipio de \u00a0Manacor \u00a0planos parciales, planos generales, planos de detalle, \u2026etc.<\/p>\n<p>Los mapas se entregan en formatos editables <a href=\"http:\/\/www.adobe.es\">adobe<\/a> illustrator, eps.<\/p>\n<figure id=\"attachment_6578\" aria-describedby=\"caption-attachment-6578\" style=\"width: 249px\" class=\"wp-caption alignnone\"><a href=\"https:\/\/www.bc-maps.com\/wp-content\/uploads\/2024\/10\/Manacor-mapa-vectorial-illustrator-eps.jpg\" target=\"_blank\" rel=\"noopener\"><img loading=\"lazy\" decoding=\"async\" class=\"wp-image-6578 size-medium\" title=\"Manacor mapa vectorial illustrator eps\" src=\"https:\/\/www.bc-maps.com\/wp-content\/uploads\/2024\/10\/Manacor-mapa-vectorial-illustrator-eps-249x300.jpg\" alt=\"Manacor mapa vectorial illustrator eps\" width=\"249\" height=\"300\" srcset=\"https:\/\/www.bc-maps.com\/wp-content\/uploads\/2024\/10\/Manacor-mapa-vectorial-illustrator-eps-249x300.jpg 249w, https:\/\/www.bc-maps.com\/wp-content\/uploads\/2024\/10\/Manacor-mapa-vectorial-illustrator-eps-851x1024.jpg 851w, https:\/\/www.bc-maps.com\/wp-content\/uploads\/2024\/10\/Manacor-mapa-vectorial-illustrator-eps-768x925.jpg 768w, https:\/\/www.bc-maps.com\/wp-content\/uploads\/2024\/10\/Manacor-mapa-vectorial-illustrator-eps-1276x1536.jpg 1276w, https:\/\/www.bc-maps.com\/wp-content\/uploads\/2024\/10\/Manacor-mapa-vectorial-illustrator-eps.jpg 1413w\" sizes=\"auto, (max-width: 249px) 100vw, 249px\" \/><\/a><figcaption id=\"caption-attachment-6578\" class=\"wp-caption-text\">Manacor mapa vectorial illustrator eps<\/figcaption><\/figure>\n<p><strong>Manacor,<\/strong> un vibrante municipio en la costa este de Mallorca, es conocido por su rica herencia cultural y natural. La <strong>Iglesia de Nuestra Se\u00f1ora de los Dolores<\/strong>, de estilo g\u00f3tico, es un atractivo arquitect\u00f3nico destacado en el centro del pueblo. Manacor tambi\u00e9n es famosa por ser la cuna de las perlas sint\u00e9ticas, y el <strong>Museo de las Perlas<\/strong> ofrece una interesante visi\u00f3n de esta tradici\u00f3n. Adem\u00e1s, las <strong>cuevas del Drach<\/strong>, ubicadas cerca, son un impresionante sistema de cuevas con lagos subterr\u00e1neos. La <strong>f\u00e1brica de muebles de Manacor<\/strong>, con su historia de producci\u00f3n artesanal, tambi\u00e9n es notable.<\/p>\n<p>El contenido de informaci\u00f3n depender\u00e1 del tama\u00f1o de la zona y la escala o medidas de reproducci\u00f3n, ya que no trabajamos con textos inferiores a 5 puntos para que sean legibles.<\/p>\n<p>En el caso de necesitar un mapa tur\u00edstico impreso podemos realizar todas las fases del proceso desde la creaci\u00f3n del dise\u00f1o a la entrega de un producto ya impreso totalmente personalizado, \u00a0formato plegable, talonarios e incluso en versi\u00f3n mural.<\/p>\n<p>La informaci\u00f3n disponible va desde\u00a0monumentos, lugares de inter\u00e9s y populares, museos, oficinas de turismo, centros comerciales, medios de transporte.<\/p>\n<p>Tambi\u00e9n podemos a\u00f1adir cualquier otra informaci\u00f3n pr\u00e1ctica que nos soliciten ustedes.<\/p>\n<p>Nuestros mapas est\u00e1n estructurados por medio de capas y son totalmente editables, modificables, \u00a0tanto \u00a0colores y\u00a0fuentes\/textos.<\/p>\n<p>Nuestro ficheros\u00a0son libres de derechos para cualquier reproducci\u00f3n, incluyendo nuestro copyright.<\/p>\n<p>Los maps\u00a0est\u00e1n creados con licencias oficiales de programas de Adobe, habitualmente entregamos en version CC, pero podemos entregar tambi\u00e9n en otras versiones.<\/p>\n","protected":false},"excerpt":{"rendered":"<p>Planos y mapas tur\u00edsticos impresos de Manacor u otras poblaciones de la isla de Mallorca Mapas vectoriales editables estructurados con capas del municipio de Manacor Planos vectoriales de ciudades de la isla de Mallorca Podemos crear cualquier tipo de mapa del municipio de \u00a0Manacor \u00a0planos parciales, planos generales, planos de detalle, \u2026etc. Los mapas se &hellip; <a href=\"https:\/\/www.bc-maps.com\/mapa-vectorial-eps\/manacor-mallorca-mapa-vectorial-illustrator-eps-ai-cc\/\" class=\"more-link\">Seguir leyendo <span class=\"screen-reader-text\">Manacor Mallorca mapa vectorial Illustrator eps ai CC<\/span> <span class=\"meta-nav\">&rarr;<\/span><\/a><\/p>\n","protected":false},"author":1,"featured_media":6578,"parent":0,"menu_order":0,"comment_status":"closed","ping_status":"closed","template":"","meta":{"footnotes":""},"class_list":["post-6575","page","type-page","status-publish","has-post-thumbnail","hentry"],"_links":{"self":[{"href":"https:\/\/www.bc-maps.com\/mapa-vectorial-eps\/wp-json\/wp\/v2\/pages\/6575","targetHints":{"allow":["GET"]}}],"collection":[{"href":"https:\/\/www.bc-maps.com\/mapa-vectorial-eps\/wp-json\/wp\/v2\/pages"}],"about":[{"href":"https:\/\/www.bc-maps.com\/mapa-vectorial-eps\/wp-json\/wp\/v2\/types\/page"}],"author":[{"embeddable":true,"href":"https:\/\/www.bc-maps.com\/mapa-vectorial-eps\/wp-json\/wp\/v2\/users\/1"}],"replies":[{"embeddable":true,"href":"https:\/\/www.bc-maps.com\/mapa-vectorial-eps\/wp-json\/wp\/v2\/comments?post=6575"}],"version-history":[{"count":3,"href":"https:\/\/www.bc-maps.com\/mapa-vectorial-eps\/wp-json\/wp\/v2\/pages\/6575\/revisions"}],"predecessor-version":[{"id":6643,"href":"https:\/\/www.bc-maps.com\/mapa-vectorial-eps\/wp-json\/wp\/v2\/pages\/6575\/revisions\/6643"}],"wp:featuredmedia":[{"embeddable":true,"href":"https:\/\/www.bc-maps.com\/mapa-vectorial-eps\/wp-json\/wp\/v2\/media\/6578"}],"wp:attachment":[{"href":"https:\/\/www.bc-maps.com\/mapa-vectorial-eps\/wp-json\/wp\/v2\/media?parent=6575"}],"curies":[{"name":"wp","href":"https:\/\/api.w.org\/{rel}","templated":true}]}}