{"id":56,"date":"2017-11-17T16:06:06","date_gmt":"2017-11-17T16:06:06","guid":{"rendered":"http:\/\/www.bc-maps.com\/mapa-vectorial-eps\/"},"modified":"2018-09-26T10:19:31","modified_gmt":"2018-09-26T10:19:31","slug":"tematicos","status":"publish","type":"page","link":"https:\/\/www.bc-maps.com\/mapa-vectorial-eps\/mapas-vectoriales\/espana\/tematicos\/","title":{"rendered":"Mapas Tem\u00e1ticos"},"content":{"rendered":"<h1>Mapas tem\u00e1ticos<\/h1>\n<p><span style=\"color: #000000;\">Mapas tem\u00e1ticos para libro de texto, atlas y Enciclopedias, gr\u00e1ficos, mapas de coropletas, hist\u00f3ricos, mapas f\u00edsicos.<\/span><\/p>\n<p>Entrega en formato <a href=\"http:\/\/www.adobe.es\">adobe illustrator<\/a> totalmente editable y estructurados por capas<\/p>\n<p>&nbsp;<\/p>\n<figure id=\"attachment_2807\" aria-describedby=\"caption-attachment-2807\" style=\"width: 300px\" class=\"wp-caption alignnone\"><a href=\"http:\/\/www.bc-maps.com\/wp-content\/uploads\/2017\/09\/Mapa-texto-Mexico-IDH.jpg\" target=\"_blank\" rel=\"noopener noreferrer\"><img loading=\"lazy\" decoding=\"async\" class=\"wp-image-2807 size-medium\" title=\"Mapas tem\u00e1ticos libro de texto Mexico IDH\" src=\"http:\/\/www.bc-maps.com\/wp-content\/uploads\/2017\/09\/Mapa-texto-Mexico-IDH-300x214.jpg\" alt=\"Mapas tem\u00e1ticos libro de texto Mexico IDH\" width=\"300\" height=\"214\" srcset=\"https:\/\/www.bc-maps.com\/wp-content\/uploads\/2017\/09\/Mapa-texto-Mexico-IDH-300x214.jpg 300w, https:\/\/www.bc-maps.com\/wp-content\/uploads\/2017\/09\/Mapa-texto-Mexico-IDH-768x547.jpg 768w, https:\/\/www.bc-maps.com\/wp-content\/uploads\/2017\/09\/Mapa-texto-Mexico-IDH-1024x730.jpg 1024w, https:\/\/www.bc-maps.com\/wp-content\/uploads\/2017\/09\/Mapa-texto-Mexico-IDH.jpg 1204w\" sizes=\"auto, (max-width: 300px) 100vw, 300px\" \/><\/a><figcaption id=\"caption-attachment-2807\" class=\"wp-caption-text\">Mapas tem\u00e1ticos libro de texto Mexico IDH<\/figcaption><\/figure>\n<figure id=\"attachment_2804\" aria-describedby=\"caption-attachment-2804\" style=\"width: 300px\" class=\"wp-caption alignnone\"><a href=\"http:\/\/www.bc-maps.com\/wp-content\/uploads\/2017\/09\/Mapamundi-texto-vegetacion.jpg\" target=\"_blank\" rel=\"noopener noreferrer\"><img loading=\"lazy\" decoding=\"async\" class=\"wp-image-2804 size-medium\" title=\"Mapas tem\u00e1ticos libro de texto mundo vegetaci\u00f3n\" src=\"http:\/\/www.bc-maps.com\/wp-content\/uploads\/2017\/09\/Mapamundi-texto-vegetacion-300x212.jpg\" alt=\"Mapas tem\u00e1ticos libro de texto mundo vegetaci\u00f3n\" width=\"300\" height=\"212\" srcset=\"https:\/\/www.bc-maps.com\/wp-content\/uploads\/2017\/09\/Mapamundi-texto-vegetacion-300x212.jpg 300w, https:\/\/www.bc-maps.com\/wp-content\/uploads\/2017\/09\/Mapamundi-texto-vegetacion-768x543.jpg 768w, https:\/\/www.bc-maps.com\/wp-content\/uploads\/2017\/09\/Mapamundi-texto-vegetacion-1024x724.jpg 1024w, https:\/\/www.bc-maps.com\/wp-content\/uploads\/2017\/09\/Mapamundi-texto-vegetacion.jpg 1178w\" sizes=\"auto, (max-width: 300px) 100vw, 300px\" \/><\/a><figcaption id=\"caption-attachment-2804\" class=\"wp-caption-text\">Mapas tem\u00e1ticos libro de texto mundo vegetaci\u00f3n<\/figcaption><\/figure>\n<figure id=\"attachment_2936\" aria-describedby=\"caption-attachment-2936\" style=\"width: 224px\" class=\"wp-caption alignnone\"><a href=\"http:\/\/www.bc-maps.com\/wp-content\/uploads\/2012\/06\/GUERRILLAS-COLOMBIA.jpg\" target=\"_blank\" rel=\"noopener noreferrer\"><img loading=\"lazy\" decoding=\"async\" class=\"wp-image-2936\" title=\"Mapas tem\u00e1ticos Colombia guerrillas mapa vectorial illustrator eps\" src=\"http:\/\/www.bc-maps.com\/wp-content\/uploads\/2012\/06\/GUERRILLAS-COLOMBIA-162x300.jpg\" alt=\"Mapas tem\u00e1ticos Colombia guerrillas mapa vectorial illustrator eps\" width=\"224\" height=\"415\" srcset=\"https:\/\/www.bc-maps.com\/wp-content\/uploads\/2012\/06\/GUERRILLAS-COLOMBIA-162x300.jpg 162w, https:\/\/www.bc-maps.com\/wp-content\/uploads\/2012\/06\/GUERRILLAS-COLOMBIA.jpg 397w\" sizes=\"auto, (max-width: 224px) 100vw, 224px\" \/><\/a><figcaption id=\"caption-attachment-2936\" class=\"wp-caption-text\">Mapas tem\u00e1ticos Colombia guerrillas mapa vectorial illustrator eps<\/figcaption><\/figure>\n","protected":false},"excerpt":{"rendered":"<p>Mapas tem\u00e1ticos Mapas tem\u00e1ticos para libro de texto, atlas y Enciclopedias, gr\u00e1ficos, mapas de coropletas, hist\u00f3ricos, mapas f\u00edsicos. Entrega en formato adobe illustrator totalmente editable y estructurados por capas &nbsp;<\/p>\n","protected":false},"author":1,"featured_media":0,"parent":36,"menu_order":3,"comment_status":"closed","ping_status":"closed","template":"","meta":{"footnotes":""},"class_list":["post-56","page","type-page","status-publish","hentry"],"_links":{"self":[{"href":"https:\/\/www.bc-maps.com\/mapa-vectorial-eps\/wp-json\/wp\/v2\/pages\/56","targetHints":{"allow":["GET"]}}],"collection":[{"href":"https:\/\/www.bc-maps.com\/mapa-vectorial-eps\/wp-json\/wp\/v2\/pages"}],"about":[{"href":"https:\/\/www.bc-maps.com\/mapa-vectorial-eps\/wp-json\/wp\/v2\/types\/page"}],"author":[{"embeddable":true,"href":"https:\/\/www.bc-maps.com\/mapa-vectorial-eps\/wp-json\/wp\/v2\/users\/1"}],"replies":[{"embeddable":true,"href":"https:\/\/www.bc-maps.com\/mapa-vectorial-eps\/wp-json\/wp\/v2\/comments?post=56"}],"version-history":[{"count":3,"href":"https:\/\/www.bc-maps.com\/mapa-vectorial-eps\/wp-json\/wp\/v2\/pages\/56\/revisions"}],"predecessor-version":[{"id":3406,"href":"https:\/\/www.bc-maps.com\/mapa-vectorial-eps\/wp-json\/wp\/v2\/pages\/56\/revisions\/3406"}],"up":[{"embeddable":true,"href":"https:\/\/www.bc-maps.com\/mapa-vectorial-eps\/wp-json\/wp\/v2\/pages\/36"}],"wp:attachment":[{"href":"https:\/\/www.bc-maps.com\/mapa-vectorial-eps\/wp-json\/wp\/v2\/media?parent=56"}],"curies":[{"name":"wp","href":"https:\/\/api.w.org\/{rel}","templated":true}]}}