{"id":502,"date":"2012-05-03T09:47:26","date_gmt":"2012-05-03T09:47:26","guid":{"rendered":"http:\/\/www.bc-maps.com\/mapa-vectorial-eps\/?page_id=502"},"modified":"2021-10-05T09:28:58","modified_gmt":"2021-10-05T09:28:58","slug":"palma-de-mallorca","status":"publish","type":"page","link":"https:\/\/www.bc-maps.com\/mapa-vectorial-eps\/mapas-vectoriales\/espana\/ciudades\/palma-de-mallorca\/","title":{"rendered":"Palma de Mallorca mapa vectorial illustrator eps editable"},"content":{"rendered":"<h1><\/h1>\n<h1>Planos y mapas vectoriales de Palma de Mallorca<\/h1>\n<h2><a href=\"https:\/\/www.bc-maps.com\/mapa-vectorial-eps\/mapas-vectoriales\">Mapas vectoriales<\/a> editables eps, illustrator, freehand,pdf de las calles de Palma de Mallorca<\/h2>\n<h3>Planos vectoriales de ciudades de Baleares<\/h3>\n<p>Podemos crear cualquier tipo de mapa de la ciudad de Palma de Mallorca , planos parciales, planos generales, planos de detalle,\u00a0\u00a0en formato <a href=\"http:\/\/www.adobe.com\/es\">illustrator<\/a>.<\/p>\n<figure id=\"attachment_3159\" aria-describedby=\"caption-attachment-3159\" style=\"width: 300px\" class=\"wp-caption alignnone\"><a href=\"http:\/\/www.bc-maps.com\/wp-content\/uploads\/2014\/01\/Palma-mapa-vectorial-illustrator-eps.jpg\" target=\"_blank\" rel=\"noopener\"><img loading=\"lazy\" decoding=\"async\" class=\"Palma de Mallorca mapa vectorial illustrator eps wp-image-3159 size-medium\" title=\"Palma de Mallorca mapa vectorial illustrator eps\" src=\"http:\/\/www.bc-maps.com\/wp-content\/uploads\/2014\/01\/Palma-mapa-vectorial-illustrator-eps-300x211.jpg\" alt=\"Palma de Mallorca mapa vectorial illustrator eps\" width=\"300\" height=\"211\" srcset=\"https:\/\/www.bc-maps.com\/wp-content\/uploads\/2014\/01\/Palma-mapa-vectorial-illustrator-eps-300x211.jpg 300w, https:\/\/www.bc-maps.com\/wp-content\/uploads\/2014\/01\/Palma-mapa-vectorial-illustrator-eps-768x541.jpg 768w, https:\/\/www.bc-maps.com\/wp-content\/uploads\/2014\/01\/Palma-mapa-vectorial-illustrator-eps-1024x722.jpg 1024w\" sizes=\"auto, (max-width: 300px) 100vw, 300px\" \/><\/a><figcaption id=\"caption-attachment-3159\" class=\"wp-caption-text\">Palma de Mallorca mapa vectorial illustrator eps<\/figcaption><\/figure>\n<figure id=\"attachment_2183\" aria-describedby=\"caption-attachment-2183\" style=\"width: 300px\" class=\"wp-caption alignnone\"><a href=\"http:\/\/www.bc-maps.com\/wp-content\/uploads\/2014\/01\/Palma-Mallorca-mapa-vector.jpg\" target=\"_blank\" rel=\"noopener\"><img loading=\"lazy\" decoding=\"async\" class=\"Palma de Mallorca mapa vectorial eps illustrator centro wp-image-2183 size-medium\" title=\"Palma de Mallorca mapa vectorial eps illustrator centro\" src=\"http:\/\/www.bc-maps.com\/wp-content\/uploads\/2014\/01\/Palma-Mallorca-mapa-vector-300x219.jpg\" alt=\"Palma de Mallorca mapa vectorial eps illustrator centro\" width=\"300\" height=\"219\" srcset=\"https:\/\/www.bc-maps.com\/wp-content\/uploads\/2014\/01\/Palma-Mallorca-mapa-vector-300x219.jpg 300w, https:\/\/www.bc-maps.com\/wp-content\/uploads\/2014\/01\/Palma-Mallorca-mapa-vector.jpg 831w\" sizes=\"auto, (max-width: 300px) 100vw, 300px\" \/><\/a><figcaption id=\"caption-attachment-2183\" class=\"wp-caption-text\">Palma de Mallorca mapa vectorial eps illustrator centro<\/figcaption><\/figure>\n<p>El contenido depender\u00e1 del tama\u00f1o de la zona y la escala o medidas de reproducci\u00f3n, no trabajamos con textos inferiores a 5 puntos para que sean legibles.<\/p>\n<p>La informaci\u00f3n disponible va desde\u00a0monumentos, lugares de inter\u00e9s y populares, museos, oficinas de turismo, centros comerciales, medios de transporte.<\/p>\n<p>Tambi\u00e9n podemos a\u00f1adir cualquier otra informaci\u00f3n pr\u00e1ctica que nos soliciten ustedes,\u00a0Hoteles, instalaciones deportivas, centro comerciales&#8230;etc.<\/p>\n<p>Nuestros mapas est\u00e1n estructurados por medio de capas y son totalmente editables, modificables, \u00a0tanto \u00a0colores y\u00a0fuentes\/textos.<\/p>\n<p>Nuestro ficheros\u00a0son libres de derechos para cualquier reproducci\u00f3n, incluyendo nuestro copyright.<\/p>\n<p>Los mapas\u00a0est\u00e1n creados con licencias oficiales de programas de Adobe, habitualmente entregamos en version CC,<\/p>\n<p>Visitar la Seu, Museo Diocesano, Palacio Real de la Almudaina, s&#8217;Hort del Rei, Plaza de la Cort, es Baluard.<\/p>\n<p>&nbsp;<\/p>\n","protected":false},"excerpt":{"rendered":"<p>Planos y mapas vectoriales de Palma de Mallorca Mapas vectoriales editables eps, illustrator, freehand,pdf de las calles de Palma de Mallorca Planos vectoriales de ciudades de Baleares Podemos crear cualquier tipo de mapa de la ciudad de Palma de Mallorca , planos parciales, planos generales, planos de detalle,\u00a0\u00a0en formato illustrator. El contenido depender\u00e1 del tama\u00f1o &hellip; <a href=\"https:\/\/www.bc-maps.com\/mapa-vectorial-eps\/mapas-vectoriales\/espana\/ciudades\/palma-de-mallorca\/\" class=\"more-link\">Seguir leyendo <span class=\"screen-reader-text\">Palma de Mallorca mapa vectorial illustrator eps editable<\/span> <span class=\"meta-nav\">&rarr;<\/span><\/a><\/p>\n","protected":false},"author":1,"featured_media":0,"parent":52,"menu_order":0,"comment_status":"closed","ping_status":"closed","template":"","meta":{"footnotes":""},"class_list":["post-502","page","type-page","status-publish","hentry"],"_links":{"self":[{"href":"https:\/\/www.bc-maps.com\/mapa-vectorial-eps\/wp-json\/wp\/v2\/pages\/502","targetHints":{"allow":["GET"]}}],"collection":[{"href":"https:\/\/www.bc-maps.com\/mapa-vectorial-eps\/wp-json\/wp\/v2\/pages"}],"about":[{"href":"https:\/\/www.bc-maps.com\/mapa-vectorial-eps\/wp-json\/wp\/v2\/types\/page"}],"author":[{"embeddable":true,"href":"https:\/\/www.bc-maps.com\/mapa-vectorial-eps\/wp-json\/wp\/v2\/users\/1"}],"replies":[{"embeddable":true,"href":"https:\/\/www.bc-maps.com\/mapa-vectorial-eps\/wp-json\/wp\/v2\/comments?post=502"}],"version-history":[{"count":5,"href":"https:\/\/www.bc-maps.com\/mapa-vectorial-eps\/wp-json\/wp\/v2\/pages\/502\/revisions"}],"predecessor-version":[{"id":4936,"href":"https:\/\/www.bc-maps.com\/mapa-vectorial-eps\/wp-json\/wp\/v2\/pages\/502\/revisions\/4936"}],"up":[{"embeddable":true,"href":"https:\/\/www.bc-maps.com\/mapa-vectorial-eps\/wp-json\/wp\/v2\/pages\/52"}],"wp:attachment":[{"href":"https:\/\/www.bc-maps.com\/mapa-vectorial-eps\/wp-json\/wp\/v2\/media?parent=502"}],"curies":[{"name":"wp","href":"https:\/\/api.w.org\/{rel}","templated":true}]}}