{"id":470,"date":"2012-04-27T14:10:13","date_gmt":"2012-04-27T14:10:13","guid":{"rendered":"http:\/\/www.bc-maps.com\/mapa-vectorial-eps\/?page_id=470"},"modified":"2021-10-05T09:34:15","modified_gmt":"2021-10-05T09:34:15","slug":"eivissa-ibiza","status":"publish","type":"page","link":"https:\/\/www.bc-maps.com\/mapa-vectorial-eps\/mapas-vectoriales\/espana\/ciudades\/eivissa-ibiza\/","title":{"rendered":"Eivissa \/ Ibiza mapa vectorial illustrator eps editable"},"content":{"rendered":"<h1>Planos y mapas vectoriales de Eivissa Ibiza<\/h1>\n<h2>Mapas vectoriales editables eps, illustrator, freehand,pdf de las calles de Eivissa Ibiza<\/h2>\n<h3>Planos vectoriales de ciudades de la isla<\/h3>\n<p>Podemos crear cualquier tipo de mapa de la ciudad de Eivissa Ibiza, planos parciales, planos generales, planos de detalle,\u00a0\u00a0en formato <a href=\"http:\/\/www.adobe.com\/es\">illustrator<\/a>.<\/p>\n<figure id=\"attachment_2016\" aria-describedby=\"caption-attachment-2016\" style=\"width: 241px\" class=\"wp-caption alignnone\"><a href=\"http:\/\/www.bc-maps.com\/wp-content\/uploads\/2013\/09\/PLANOL-CIUTAT-EIVISSA.jpg\" target=\"_blank\" rel=\"noopener\"><img loading=\"lazy\" decoding=\"async\" class=\"Eivissa Ibiza mapa vectorial illustrator eps Patronat wp-image-2016 size-medium\" title=\"Eivissa Ibiza mapa vectorial illustrator eps Patronat\" src=\"http:\/\/www.bc-maps.com\/wp-content\/uploads\/2013\/09\/PLANOL-CIUTAT-EIVISSA-241x300.jpg\" alt=\"Eivissa Ibiza mapa vectorial illustrator eps Patronat\" width=\"241\" height=\"300\" srcset=\"https:\/\/www.bc-maps.com\/wp-content\/uploads\/2013\/09\/PLANOL-CIUTAT-EIVISSA-241x300.jpg 241w, https:\/\/www.bc-maps.com\/wp-content\/uploads\/2013\/09\/PLANOL-CIUTAT-EIVISSA.jpg 765w\" sizes=\"auto, (max-width: 241px) 100vw, 241px\" \/><\/a><figcaption id=\"caption-attachment-2016\" class=\"wp-caption-text\">Eivissa Ibiza mapa vectorial illustrator eps Patronat<\/figcaption><\/figure>\n<figure id=\"attachment_3495\" aria-describedby=\"caption-attachment-3495\" style=\"width: 300px\" class=\"wp-caption alignnone\"><a href=\"http:\/\/www.bc-maps.com\/wp-content\/uploads\/2018\/10\/A3-CIUDAD-IBIZA-ROLEX.jpg\" target=\"_blank\" rel=\"noopener\"><img loading=\"lazy\" decoding=\"async\" class=\"Eivissa Ibiza mapa vectorial illustrator eps Rolex wp-image-3495 size-medium\" title=\"Eivissa Ibiza mapa vectorial illustrator eps Rolex\" src=\"http:\/\/www.bc-maps.com\/wp-content\/uploads\/2018\/10\/A3-CIUDAD-IBIZA-ROLEX-300x212.jpg\" alt=\"Eivissa Ibiza mapa vectorial illustrator eps Rolex\" width=\"300\" height=\"212\" srcset=\"https:\/\/www.bc-maps.com\/wp-content\/uploads\/2018\/10\/A3-CIUDAD-IBIZA-ROLEX-300x212.jpg 300w, https:\/\/www.bc-maps.com\/wp-content\/uploads\/2018\/10\/A3-CIUDAD-IBIZA-ROLEX-768x543.jpg 768w, https:\/\/www.bc-maps.com\/wp-content\/uploads\/2018\/10\/A3-CIUDAD-IBIZA-ROLEX-1024x724.jpg 1024w\" sizes=\"auto, (max-width: 300px) 100vw, 300px\" \/><\/a><figcaption id=\"caption-attachment-3495\" class=\"wp-caption-text\">Eivissa Ibiza mapa vectorial illustrator eps Rolex<\/figcaption><\/figure>\n<p>El contenido depender\u00e1 del tama\u00f1o de la zona y la escala o medidas de reproducci\u00f3n, no trabajamos con textos inferiores a 5 puntos para que sean legibles.<\/p>\n<p>La informaci\u00f3n disponible va desde\u00a0monumentos, lugares de inter\u00e9s y populares, museos, oficinas de turismo, centros comerciales, medios de transporte.<\/p>\n<p>Tambi\u00e9n podemos a\u00f1adir cualquier otra informaci\u00f3n pr\u00e1ctica que nos soliciten ustedes.<\/p>\n<p>Nuestros mapas est\u00e1n estructurados por medio de capas y son totalmente editables, modificables, \u00a0tanto \u00a0colores y\u00a0fuentes\/textos.<\/p>\n<p>Nuestro ficheros\u00a0son libres de derechos para cualquier reproducci\u00f3n, incluyendo nuestro copyright.<\/p>\n<p>Los maps\u00a0est\u00e1n creados con licencias oficiales de programas de Adobe, habitualmente entregamos en version CC, pero podemos entregar tambi\u00e9n en otras versiones.<\/p>\n<p>&nbsp;<\/p>\n","protected":false},"excerpt":{"rendered":"<p>Planos y mapas vectoriales de Eivissa Ibiza Mapas vectoriales editables eps, illustrator, freehand,pdf de las calles de Eivissa Ibiza Planos vectoriales de ciudades de la isla Podemos crear cualquier tipo de mapa de la ciudad de Eivissa Ibiza, planos parciales, planos generales, planos de detalle,\u00a0\u00a0en formato illustrator. El contenido depender\u00e1 del tama\u00f1o de la zona &hellip; <a href=\"https:\/\/www.bc-maps.com\/mapa-vectorial-eps\/mapas-vectoriales\/espana\/ciudades\/eivissa-ibiza\/\" class=\"more-link\">Seguir leyendo <span class=\"screen-reader-text\">Eivissa \/ Ibiza mapa vectorial illustrator eps editable<\/span> <span class=\"meta-nav\">&rarr;<\/span><\/a><\/p>\n","protected":false},"author":1,"featured_media":0,"parent":52,"menu_order":0,"comment_status":"closed","ping_status":"closed","template":"","meta":{"footnotes":""},"class_list":["post-470","page","type-page","status-publish","hentry"],"_links":{"self":[{"href":"https:\/\/www.bc-maps.com\/mapa-vectorial-eps\/wp-json\/wp\/v2\/pages\/470","targetHints":{"allow":["GET"]}}],"collection":[{"href":"https:\/\/www.bc-maps.com\/mapa-vectorial-eps\/wp-json\/wp\/v2\/pages"}],"about":[{"href":"https:\/\/www.bc-maps.com\/mapa-vectorial-eps\/wp-json\/wp\/v2\/types\/page"}],"author":[{"embeddable":true,"href":"https:\/\/www.bc-maps.com\/mapa-vectorial-eps\/wp-json\/wp\/v2\/users\/1"}],"replies":[{"embeddable":true,"href":"https:\/\/www.bc-maps.com\/mapa-vectorial-eps\/wp-json\/wp\/v2\/comments?post=470"}],"version-history":[{"count":4,"href":"https:\/\/www.bc-maps.com\/mapa-vectorial-eps\/wp-json\/wp\/v2\/pages\/470\/revisions"}],"predecessor-version":[{"id":4972,"href":"https:\/\/www.bc-maps.com\/mapa-vectorial-eps\/wp-json\/wp\/v2\/pages\/470\/revisions\/4972"}],"up":[{"embeddable":true,"href":"https:\/\/www.bc-maps.com\/mapa-vectorial-eps\/wp-json\/wp\/v2\/pages\/52"}],"wp:attachment":[{"href":"https:\/\/www.bc-maps.com\/mapa-vectorial-eps\/wp-json\/wp\/v2\/media?parent=470"}],"curies":[{"name":"wp","href":"https:\/\/api.w.org\/{rel}","templated":true}]}}