{"id":425,"date":"2012-04-26T09:51:53","date_gmt":"2012-04-26T09:51:53","guid":{"rendered":"http:\/\/www.bc-maps.com\/mapa-vectorial-eps\/"},"modified":"2021-10-05T09:33:29","modified_gmt":"2021-10-05T09:33:29","slug":"alicante-ilustrator-2","status":"publish","type":"page","link":"https:\/\/www.bc-maps.com\/mapa-vectorial-eps\/mapas-vectoriales\/espana\/ciudades\/alicante-ilustrator-2\/","title":{"rendered":"Alacant mapa vectorial illustrator eps editable"},"content":{"rendered":"<h1>Planos y mapas vectoriales de Alacant\/Alicante.<\/h1>\n<h2>Mapas vectoriales editables con de las calles de Alacant\/Alicante<\/h2>\n<h3>Planos vectoriales de ciudades de Alacant\/Alicante<\/h3>\n<p>Podemos crear cualquier tipo de mapa de la ciudad de Alacant\/Alicante, planos parciales, planos generales, planos de detalle\u2026etc. por tanto<\/p>\n<p>Los mapas se entregan en formatos editables <a href=\"http:\/\/www.adobe.es\">adobe<\/a> illustrator, eps, corel, freehand, adem\u00e1s<\/p>\n<p>El contenido de informaci\u00f3n depender\u00e1 del tama\u00f1o de la zona y la escala o medidas de reproducci\u00f3n, ya que no trabajamos con textos inferiores a 5 puntos para que sean legibles.<\/p>\n<figure id=\"attachment_2878\" aria-describedby=\"caption-attachment-2878\" style=\"width: 300px\" class=\"wp-caption alignnone\"><a href=\"http:\/\/www.bc-maps.com\/wp-content\/uploads\/2016\/10\/Mapa-Alicante-vectorial-eps-illustrator-Rolex.jpg\" target=\"_blank\" rel=\"noopener noreferrer\"><img loading=\"lazy\" decoding=\"async\" class=\"wp-image-2878 size-medium\" title=\"Alicante mapa vectorial illustrator eps Rolex\" src=\"http:\/\/www.bc-maps.com\/wp-content\/uploads\/2016\/10\/Mapa-Alicante-vectorial-eps-illustrator-Rolex-300x211.jpg\" alt=\"Alicante mapa vectorial illustrator eps Rolex\" width=\"300\" height=\"211\" srcset=\"https:\/\/www.bc-maps.com\/wp-content\/uploads\/2016\/10\/Mapa-Alicante-vectorial-eps-illustrator-Rolex-300x211.jpg 300w, https:\/\/www.bc-maps.com\/wp-content\/uploads\/2016\/10\/Mapa-Alicante-vectorial-eps-illustrator-Rolex-768x539.jpg 768w, https:\/\/www.bc-maps.com\/wp-content\/uploads\/2016\/10\/Mapa-Alicante-vectorial-eps-illustrator-Rolex-1024x719.jpg 1024w, https:\/\/www.bc-maps.com\/wp-content\/uploads\/2016\/10\/Mapa-Alicante-vectorial-eps-illustrator-Rolex.jpg 1593w\" sizes=\"auto, (max-width: 300px) 100vw, 300px\" \/><\/a><figcaption id=\"caption-attachment-2878\" class=\"wp-caption-text\">Alicante mapa vectorial illustrator eps Rolex<\/figcaption><\/figure>\n<figure id=\"attachment_3018\" aria-describedby=\"caption-attachment-3018\" style=\"width: 300px\" class=\"wp-caption alignnone\"><a href=\"http:\/\/www.bc-maps.com\/wp-content\/uploads\/2012\/04\/Alicante-mapa-vectorial-illustrator-eps.jpg\" target=\"_blank\" rel=\"noopener noreferrer\"><img loading=\"lazy\" decoding=\"async\" class=\"wp-image-3018 size-medium\" title=\"Alicante mapa vectorial illustrator eps\" src=\"http:\/\/www.bc-maps.com\/wp-content\/uploads\/2012\/04\/Alicante-mapa-vectorial-illustrator-eps-300x259.jpg\" alt=\"Alicante mapa vectorial illustrator eps\" width=\"300\" height=\"259\" srcset=\"https:\/\/www.bc-maps.com\/wp-content\/uploads\/2012\/04\/Alicante-mapa-vectorial-illustrator-eps-300x259.jpg 300w, https:\/\/www.bc-maps.com\/wp-content\/uploads\/2012\/04\/Alicante-mapa-vectorial-illustrator-eps-768x662.jpg 768w, https:\/\/www.bc-maps.com\/wp-content\/uploads\/2012\/04\/Alicante-mapa-vectorial-illustrator-eps-1024x883.jpg 1024w\" sizes=\"auto, (max-width: 300px) 100vw, 300px\" \/><\/a><figcaption id=\"caption-attachment-3018\" class=\"wp-caption-text\">Alicante mapa vectorial illustrator eps<\/figcaption><\/figure>\n","protected":false},"excerpt":{"rendered":"<p>Planos y mapas vectoriales de Alacant\/Alicante. Mapas vectoriales editables con de las calles de Alacant\/Alicante Planos vectoriales de ciudades de Alacant\/Alicante Podemos crear cualquier tipo de mapa de la ciudad de Alacant\/Alicante, planos parciales, planos generales, planos de detalle\u2026etc. por tanto Los mapas se entregan en formatos editables adobe illustrator, eps, corel, freehand, adem\u00e1s El &hellip; <a href=\"https:\/\/www.bc-maps.com\/mapa-vectorial-eps\/mapas-vectoriales\/espana\/ciudades\/alicante-ilustrator-2\/\" class=\"more-link\">Seguir leyendo <span class=\"screen-reader-text\">Alacant mapa vectorial illustrator eps editable<\/span> <span class=\"meta-nav\">&rarr;<\/span><\/a><\/p>\n","protected":false},"author":1,"featured_media":0,"parent":52,"menu_order":0,"comment_status":"closed","ping_status":"closed","template":"","meta":{"footnotes":""},"class_list":["post-425","page","type-page","status-publish","hentry"],"_links":{"self":[{"href":"https:\/\/www.bc-maps.com\/mapa-vectorial-eps\/wp-json\/wp\/v2\/pages\/425","targetHints":{"allow":["GET"]}}],"collection":[{"href":"https:\/\/www.bc-maps.com\/mapa-vectorial-eps\/wp-json\/wp\/v2\/pages"}],"about":[{"href":"https:\/\/www.bc-maps.com\/mapa-vectorial-eps\/wp-json\/wp\/v2\/types\/page"}],"author":[{"embeddable":true,"href":"https:\/\/www.bc-maps.com\/mapa-vectorial-eps\/wp-json\/wp\/v2\/users\/1"}],"replies":[{"embeddable":true,"href":"https:\/\/www.bc-maps.com\/mapa-vectorial-eps\/wp-json\/wp\/v2\/comments?post=425"}],"version-history":[{"count":8,"href":"https:\/\/www.bc-maps.com\/mapa-vectorial-eps\/wp-json\/wp\/v2\/pages\/425\/revisions"}],"predecessor-version":[{"id":4966,"href":"https:\/\/www.bc-maps.com\/mapa-vectorial-eps\/wp-json\/wp\/v2\/pages\/425\/revisions\/4966"}],"up":[{"embeddable":true,"href":"https:\/\/www.bc-maps.com\/mapa-vectorial-eps\/wp-json\/wp\/v2\/pages\/52"}],"wp:attachment":[{"href":"https:\/\/www.bc-maps.com\/mapa-vectorial-eps\/wp-json\/wp\/v2\/media?parent=425"}],"curies":[{"name":"wp","href":"https:\/\/api.w.org\/{rel}","templated":true}]}}