{"id":3609,"date":"2025-09-17T15:54:18","date_gmt":"2025-09-17T15:54:18","guid":{"rendered":"http:\/\/www.bc-maps.com\/mapa-vectorial-eps\/?page_id=3609"},"modified":"2025-10-10T16:35:41","modified_gmt":"2025-10-10T16:35:41","slug":"mapas-de-europa","status":"publish","type":"page","link":"https:\/\/www.bc-maps.com\/mapa-vectorial-eps\/mapas-vectoriales\/mapas-de-europa\/","title":{"rendered":"EUROPA"},"content":{"rendered":"\n<h1 class=\"wp-block-heading\">Mapas de Europa vectoriales en illustrator eps editables<\/h1>\n\n\n\n<h1 class=\"wp-block-heading\">Cartograf\u00eda de Europa de ciudades, regiones, pa\u00edses y mapas tem\u00e1ticos.<\/h1>\n\n\n\n<p>BC Maps elabora mapas de Europa adapt\u00e1ndose a la necesidad de cada cliente.<\/p>\n\n\n\n<p>Nuestros mapas siempre se env\u00edan actualizados en la fecha de entrega.<\/p>\n\n\n\n<p>El mapa vectorial se entrega siempre totalmente editable, textos como colores, y estructurado por medio de capas en formatos <a href=\"http:\/\/www.adobe.com\/es\">adobe illustrator.<\/a><\/p>\n\n\n\n<p><a title=\"mapas espa\u00f1a cuidades\" href=\"https:\/\/www.bc-maps.com\/mapa-vectorial-eps\/mapas-vectoriales\/europa\/ciudades-de-europa\/\" target=\"_self\">MAPAS VECTORIALES DE CIUDADES DE EUROPA<\/a><\/p>\n\n\n\n<p>Creamos mapas de ciudades de todo el mundo para gu\u00edas de viajes, cat\u00e1logos, administraciones p\u00fablicas\u2026etc. finalmente<\/p>\n\n\n\n<p>Un amplio abanico de empresas, en especial editoriales, y ayuntamientos disponen en los \u00faltimos a\u00f1os de mapas suministrados por nuestra empresa.<\/p>\n\n\n\n<p><strong>PA\u00cdSES<\/strong><\/p>\n\n\n\n<p class=\"has-text-align-left\"><a href=\"https:\/\/www.bc-maps.com\/mapa-vectorial-eps\/albania-mapa-vectorial-ilustrator-eps\/\" data-type=\"page\" data-id=\"7093\"><strong>Albania<\/strong><\/a>, <strong><a href=\"https:\/\/www.bc-maps.com\/mapa-vectorial-eps\/alemania-mapa-vectorial-ilustrator-eps\/\" data-type=\"page\" data-id=\"7973\">Alemania<\/a><\/strong>, Andorra, Armenia, <strong><a href=\"https:\/\/www.bc-maps.com\/mapa-vectorial-eps\/austria-mapa-vectorial-ilustrator-eps\/\" data-type=\"page\" data-id=\"7984\">Austria<\/a><\/strong>, Azerbaiy\u00e1n,<strong><a title=\"Mapa de carreteras vectorial eps illustrator Belgica\" href=\"https:\/\/www.bc-maps.com\/mapa-vectorial-eps\/vector-map-illustrator-belgica-politico\/\" target=\"_blank\" rel=\"noopener noreferrer\"> B\u00e9lgica<\/a><\/strong>, <strong><a href=\"https:\/\/www.bc-maps.com\/mapa-vectorial-eps\/bielorrusia-mapa-vectorial-ilustrator-eps\/\" data-type=\"page\" data-id=\"7989\">Bielorrusia,<\/a> <a href=\"https:\/\/www.bc-maps.com\/mapa-vectorial-eps\/bosnia-herzegovina-mapa-vectorial-ilustrator-eps\/\" data-type=\"page\" data-id=\"7996\">Bosnia y Herzegovina<\/a>, <a href=\"https:\/\/www.bc-maps.com\/mapa-vectorial-eps\/bulgaria-mapa-vectorial-ilustrator-eps\/\" data-type=\"page\" data-id=\"8012\">Bulgaria,<\/a><\/strong> <a href=\"https:\/\/www.bc-maps.com\/mapa-vectorial-eps\/chequia-mapa-vectorial-ilustrator-eps\/\" data-type=\"page\" data-id=\"8042\"><strong>Chequia<\/strong><\/a>, Chipre, <strong><a href=\"https:\/\/www.bc-maps.com\/mapa-vectorial-eps\/croacia-mapa-vectorial-ilustrator-eps\/\" data-type=\"page\" data-id=\"8052\">Croacia<\/a>,<\/strong> Dinamarca, <a href=\"https:\/\/www.bc-maps.com\/mapa-vectorial-eps\/mapa-vectorial-ciudad-vaticano-eps-illustrator\/\" data-type=\"post\" data-id=\"1928\"><strong>Vaticano<\/strong><\/a> , <strong><a href=\"https:\/\/www.bc-maps.com\/mapa-vectorial-eps\/eslovaquia-mapa-vectorial-ilustrator-eps\/\" data-type=\"page\" data-id=\"8057\">Eslovaquia<\/a><\/strong>, <strong><a href=\"https:\/\/www.bc-maps.com\/mapa-vectorial-eps\/eslovenia-mapa-vectorial-ilustrator-eps\/\" data-type=\"page\" data-id=\"8064\">Eslovenia<\/a><\/strong>,<strong><a title=\"Mapa vectorial de carreteras eps illustrator de Espa\u00f1a\" href=\"https:\/\/www.bc-maps.com\/mapa-vectorial-eps\/vector-map-illustrator-espana-politico\/\" target=\"_blank\" rel=\"noopener noreferrer\">&nbsp;Espa\u00f1a<\/a><\/strong>, Estonia, Finlandia, <strong><a title=\"Mapa de carreteras de Francis eps illustrator\" href=\"https:\/\/www.bc-maps.com\/mapa-vectorial-eps\/vector-map-illustrator-francia-politico\/\" target=\"_self\">Francia<\/a><\/strong>, Georgia, Grecia, <strong><a href=\"https:\/\/www.bc-maps.com\/mapa-vectorial-eps\/hungria-mapa-vectorial-ilustrator-eps\/\" data-type=\"page\" data-id=\"8070\">Hungr\u00eda<\/a><\/strong>, Irlanda, <strong><a href=\"https:\/\/www.bc-maps.com\/mapa-vectorial-eps\/islandia-mapa-vectorial-ilustrator-eps\/\" data-type=\"page\" data-id=\"8075\">Islandia<\/a><\/strong>, <strong><a href=\"https:\/\/www.bc-maps.com\/mapa-vectorial-eps\/italia-mapa-vectorial-ilustrator-eps\/\" data-type=\"page\" data-id=\"8125\">Italia<\/a><\/strong>, Letonia, Liechtenstein, Lituania, <strong><a title=\"Mapa de carreteras de Luxemburgo eps illustrator\" href=\"https:\/\/www.bc-maps.com\/mapa-vectorial-eps\/vector-map-illustrator-luxemburgo-politico\/\" target=\"_blank\" rel=\"noopener noreferrer\">Luxemburgo<\/a><\/strong>, <strong><a href=\"https:\/\/www.bc-maps.com\/mapa-vectorial-eps\/macedonia-del-norte-mapa-vectorial-ilustrator-eps\/\" data-type=\"page\" data-id=\"8090\">Macedonia del Norte<\/a><\/strong>, Malta, <strong><a href=\"https:\/\/www.bc-maps.com\/mapa-vectorial-eps\/moldavia-mapa-vectorial-ilustrator-eps\/\" data-type=\"page\" data-id=\"8096\">Moldavia<\/a><\/strong>, M\u00f3naco, Montenegro, Noruega<strong>, <\/strong><a href=\"https:\/\/www.bc-maps.com\/mapa-vectorial-eps\/mapas-vectoriales\/mapas-de-europa\/paises-de-europa\/illustrator-paises-bajos\/\" data-type=\"page\" data-id=\"1377\"><strong>Pa\u00edses Bajos<\/strong>,<\/a> <a href=\"https:\/\/www.bc-maps.com\/mapa-vectorial-eps\/polonia-mapa-vectorial-ilustrator-eps\/\" data-type=\"page\" data-id=\"8101\"><strong>Polonia<\/strong>,<\/a> <strong><a title=\"Mapa politico vectorial con carreteras de Portugal eps illustrator\" href=\"https:\/\/www.bc-maps.com\/mapa-vectorial-eps\/vector-map-illustrator-portugal-politico\/\" target=\"_blank\" rel=\"noopener noreferrer\">Portugal<\/a><\/strong>,<strong><a title=\"Mapa de carreteras vectorial eps illustrator del Reino Unido\" href=\"https:\/\/www.bc-maps.com\/mapa-vectorial-eps\/vector-map-illustrator-reino-unido-politico\/\" target=\"_blank\" rel=\"noopener noreferrer\"> Reino Unido<\/a><\/strong>, <strong><a href=\"https:\/\/www.bc-maps.com\/mapa-vectorial-eps\/rumania-mapa-vectorial-ilustrator-eps\/\" data-type=\"page\" data-id=\"8106\">Rumania<\/a><\/strong>, Rusia, San Marino, <strong><a href=\"https:\/\/www.bc-maps.com\/mapa-vectorial-eps\/serbia-mapa-vectorial-ilustrator-eps\/\" data-type=\"page\" data-id=\"8111\">Serbia<\/a><\/strong>, Suecia, Suiza, <strong><a href=\"https:\/\/www.bc-maps.com\/mapa-vectorial-eps\/turquia-mapa-vectorial-ilustrator-eps\/\" data-type=\"page\" data-id=\"8116\">Turqu\u00eda<\/a><\/strong>, Ucrania.<\/p>\n\n\n\n<h5>CIUDADES<\/h5>\n<p>Algunos ejemplos de nuestros mapas como referencia del tipo de productos que les podemos ofrecer Lisboa, Madrid, Barcelona, Paris, Bruselas, Amsterdam, Londres, Dublin, Luxemburgo, Berlin, Berna, Roma, Atenas, Tirana, Zagreb<\/p>\n\n\n\n<p>&nbsp;<\/p>\n\n\n\n<p><a title=\"mapas espa\u00f1a comunidades\" href=\"https:\/\/www.bc-maps.com\/mapa-vectorial-eps\/mapas-vectoriales\/europa\/paises-de-europa\/\" target=\"_self\">MAPAS VECTORIALES DE PAISES&nbsp;<\/a><\/p>\n\n\n\n<figure class=\"wp-block-gallery has-nested-images columns-default is-cropped wp-block-gallery-1 is-layout-flex wp-block-gallery-is-layout-flex\">\n<figure class=\"wp-block-image size-large Belgica mapa vectorial illustrator eps wp-image-3198 size-medium\"><a href=\"https:\/\/www.bc-maps.com\/wp-content\/uploads\/2012\/06\/Belgica-mapa-vectorial-illustrator-eps-1.jpg\" target=\"_blank\" rel=\" noreferrer noopener\"><img loading=\"lazy\" decoding=\"async\" width=\"1024\" height=\"731\" data-id=\"3198\" src=\"https:\/\/www.bc-maps.com\/wp-content\/uploads\/2012\/06\/Belgica-mapa-vectorial-illustrator-eps-1-1024x731.jpg\" alt=\"Belgica mapa vectorial illustrator eps\" class=\"wp-image-3198\" srcset=\"https:\/\/www.bc-maps.com\/wp-content\/uploads\/2012\/06\/Belgica-mapa-vectorial-illustrator-eps-1-1024x731.jpg 1024w, https:\/\/www.bc-maps.com\/wp-content\/uploads\/2012\/06\/Belgica-mapa-vectorial-illustrator-eps-1-300x214.jpg 300w, https:\/\/www.bc-maps.com\/wp-content\/uploads\/2012\/06\/Belgica-mapa-vectorial-illustrator-eps-1-768x549.jpg 768w\" sizes=\"auto, (max-width: 1024px) 100vw, 1024px\" \/><\/a><figcaption class=\"wp-element-caption\">Belgica mapa vectorial illustrator eps<\/figcaption><\/figure>\n<\/figure>\n\n\n\n<figure class=\"wp-block-gallery has-nested-images columns-default is-cropped wp-block-gallery-2 is-layout-flex wp-block-gallery-is-layout-flex\">\n<figure class=\"wp-block-image size-large\"><a href=\"https:\/\/www.bc-maps.com\/wp-content\/uploads\/2012\/06\/Milano.jpg\" target=\"_blank\" rel=\"noopener noreferrer\"><img loading=\"lazy\" decoding=\"async\" width=\"1024\" height=\"727\" data-id=\"3141\" src=\"https:\/\/www.bc-maps.com\/wp-content\/uploads\/2012\/06\/Milano-1024x727.jpg\" alt=\"Milan mapa vectorial illustrator eps\" class=\"wp-image-3141\" srcset=\"https:\/\/www.bc-maps.com\/wp-content\/uploads\/2012\/06\/Milano-1024x727.jpg 1024w, https:\/\/www.bc-maps.com\/wp-content\/uploads\/2012\/06\/Milano-300x213.jpg 300w, https:\/\/www.bc-maps.com\/wp-content\/uploads\/2012\/06\/Milano-768x545.jpg 768w, https:\/\/www.bc-maps.com\/wp-content\/uploads\/2012\/06\/Milano.jpg 1134w\" sizes=\"auto, (max-width: 1024px) 100vw, 1024px\" \/><\/a><figcaption class=\"wp-element-caption\">Milan mapa vectorial illustrator eps<\/figcaption><\/figure>\n<\/figure>\n\n\n\n<figure class=\"wp-block-gallery has-nested-images columns-default is-cropped wp-block-gallery-3 is-layout-flex wp-block-gallery-is-layout-flex\">\n<figure class=\"wp-block-image size-large\"><a href=\"https:\/\/www.bc-maps.com\/wp-content\/uploads\/2018\/09\/Mapa-vectorial-Europa-1914.jpg\" target=\"_blank\" rel=\"noopener noreferrer\"><img loading=\"lazy\" decoding=\"async\" width=\"1024\" height=\"659\" data-id=\"3423\" src=\"https:\/\/www.bc-maps.com\/wp-content\/uploads\/2018\/09\/Mapa-vectorial-Europa-1914-1024x659.jpg\" alt=\"Mapas de Europa vectoriales 1914\" class=\"wp-image-3423\" srcset=\"https:\/\/www.bc-maps.com\/wp-content\/uploads\/2018\/09\/Mapa-vectorial-Europa-1914-1024x659.jpg 1024w, https:\/\/www.bc-maps.com\/wp-content\/uploads\/2018\/09\/Mapa-vectorial-Europa-1914-300x193.jpg 300w, https:\/\/www.bc-maps.com\/wp-content\/uploads\/2018\/09\/Mapa-vectorial-Europa-1914-768x494.jpg 768w\" sizes=\"auto, (max-width: 1024px) 100vw, 1024px\" \/><\/a><figcaption class=\"wp-element-caption\">Mapas de Europa vectoriales 1914<\/figcaption><\/figure>\n<\/figure>\n\n\n\n<p>Nuestro ficheros&nbsp;son libres de derechos para cualquier reproducci\u00f3n, incluyendo nuestro copyright, adem\u00e1s<\/p>\n\n\n\n<p>Los mapas&nbsp;est\u00e1n creados con licencias oficiales de programas de <a href=\"http:\/\/www.adobe.com\/es\">Adobe,<\/a> habitualmente entregamos en version CC, pero podemos entregar tambi\u00e9n en otras versiones.<\/p>\n\n\n","protected":false},"excerpt":{"rendered":"<p>Mapas de Europa vectoriales en illustrator eps editables Cartograf\u00eda de Europa de ciudades, regiones, pa\u00edses y mapas tem\u00e1ticos. BC Maps elabora mapas de Europa adapt\u00e1ndose a la necesidad de cada cliente. Nuestros mapas siempre se env\u00edan actualizados en la fecha de entrega. El mapa vectorial se entrega siempre totalmente editable, textos como colores, y estructurado &hellip; <a href=\"https:\/\/www.bc-maps.com\/mapa-vectorial-eps\/mapas-vectoriales\/mapas-de-europa\/\" class=\"more-link\">Seguir leyendo <span class=\"screen-reader-text\">EUROPA<\/span> <span class=\"meta-nav\">&rarr;<\/span><\/a><\/p>\n","protected":false},"author":1,"featured_media":7188,"parent":8,"menu_order":1,"comment_status":"closed","ping_status":"closed","template":"","meta":{"footnotes":""},"class_list":["post-3609","page","type-page","status-publish","has-post-thumbnail","hentry"],"_links":{"self":[{"href":"https:\/\/www.bc-maps.com\/mapa-vectorial-eps\/wp-json\/wp\/v2\/pages\/3609","targetHints":{"allow":["GET"]}}],"collection":[{"href":"https:\/\/www.bc-maps.com\/mapa-vectorial-eps\/wp-json\/wp\/v2\/pages"}],"about":[{"href":"https:\/\/www.bc-maps.com\/mapa-vectorial-eps\/wp-json\/wp\/v2\/types\/page"}],"author":[{"embeddable":true,"href":"https:\/\/www.bc-maps.com\/mapa-vectorial-eps\/wp-json\/wp\/v2\/users\/1"}],"replies":[{"embeddable":true,"href":"https:\/\/www.bc-maps.com\/mapa-vectorial-eps\/wp-json\/wp\/v2\/comments?post=3609"}],"version-history":[{"count":10,"href":"https:\/\/www.bc-maps.com\/mapa-vectorial-eps\/wp-json\/wp\/v2\/pages\/3609\/revisions"}],"predecessor-version":[{"id":8136,"href":"https:\/\/www.bc-maps.com\/mapa-vectorial-eps\/wp-json\/wp\/v2\/pages\/3609\/revisions\/8136"}],"up":[{"embeddable":true,"href":"https:\/\/www.bc-maps.com\/mapa-vectorial-eps\/wp-json\/wp\/v2\/pages\/8"}],"wp:featuredmedia":[{"embeddable":true,"href":"https:\/\/www.bc-maps.com\/mapa-vectorial-eps\/wp-json\/wp\/v2\/media\/7188"}],"wp:attachment":[{"href":"https:\/\/www.bc-maps.com\/mapa-vectorial-eps\/wp-json\/wp\/v2\/media?parent=3609"}],"curies":[{"name":"wp","href":"https:\/\/api.w.org\/{rel}","templated":true}]}}