{"id":36,"date":"2010-11-17T15:54:18","date_gmt":"2010-11-17T15:54:18","guid":{"rendered":"http:\/\/www.bc-maps.com\/mapa-vectorial-eps\/"},"modified":"2025-12-02T16:17:55","modified_gmt":"2025-12-02T16:17:55","slug":"espana","status":"publish","type":"page","link":"https:\/\/www.bc-maps.com\/mapa-vectorial-eps\/mapas-vectoriales\/espana\/","title":{"rendered":"ESPA\u00d1A"},"content":{"rendered":"\n<p>&nbsp;<\/p>\n\n\n\n<p>Mapas vectoriales de Espa\u00f1a ciudades, Comunidades y Mapas Tem\u00e1ticos<\/p>\n\n\n\n<p>BC Maps elabora su cartograf\u00eda de Espa\u00f1a adapt\u00e1ndose a la necesidad de cada cliente.<\/p>\n\n\n\n<p>Nuestros mapas siempre se env\u00edan actualizados en la fecha de entrega.<\/p>\n\n\n\n<p>El mapa vectorial se entrega siempre totalmente editable, textos como colores, y estructurado por medio de capas en formatos adobe illustrator.<\/p>\n\n\n\n<p>Creamos mapas de ciudades de todo el mundo para gu\u00edas de viajes, cat\u00e1logos, administraciones p\u00fablicas\u2026etc.<\/p>\n\n\n\n<p>Un amplio abanico de empresas, en especial editoriales, y ayuntamientos disponen en los \u00faltimos a\u00f1os de mapas suministrados por nuestra empresa.<\/p>\n\n\n\n<p><a title=\"mapas espa\u00f1a cuidades\" href=\"https:\/\/www.bc-maps.com\/mapa-vectorial-eps\/mapas-vectoriales\/espana\/ciudades\/\" target=\"_self\">MAPAS VECTORIALES DE CIUDADES<\/a><\/p>\n\n\n\n<p><a title=\"mapas espa\u00f1a comunidades\" href=\"https:\/\/www.bc-maps.com\/mapa-vectorial-eps\/mapas-vectoriales\/espana\/comunidades\/\" target=\"_self\">PLANOS&nbsp;VECTORIALES DE COMUNIDADES Y PROVINCIAS&nbsp;<\/a><\/p>\n\n\n\n<p><a title=\"mapas espa\u00f1a tematicos\" href=\"https:\/\/www.bc-maps.com\/mapa-vectorial-eps\/mapas-vectoriales\/espana\/tematicos\/\" target=\"_self\">MAPAS VECTORIALES TEM\u00c1TICOS<\/a><\/p>\n\n\n\n<figure class=\"wp-block-gallery has-nested-images columns-default is-cropped wp-block-gallery-1 is-layout-flex wp-block-gallery-is-layout-flex\">\n<figure class=\"wp-block-image size-large alignnone\"><a href=\"http:\/\/www.bc-maps.com\/wp-content\/uploads\/2012\/06\/ESPA\u00d1A-MAPA-CARRTERAS.jpg\" target=\"_blank\" rel=\"noopener noreferrer\"><img loading=\"lazy\" decoding=\"async\" width=\"1024\" height=\"669\" data-id=\"2950\" src=\"https:\/\/www.bc-maps.com\/wp-content\/uploads\/2012\/06\/ESPA\u00d1A-MAPA-CARRTERAS-1024x669.jpg\" alt=\"Mapa vectorial illustrator eps Espa\u00f1a\" class=\"wp-image-2950\" srcset=\"https:\/\/www.bc-maps.com\/wp-content\/uploads\/2012\/06\/ESPA\u00d1A-MAPA-CARRTERAS-1024x669.jpg 1024w, https:\/\/www.bc-maps.com\/wp-content\/uploads\/2012\/06\/ESPA\u00d1A-MAPA-CARRTERAS-300x196.jpg 300w, https:\/\/www.bc-maps.com\/wp-content\/uploads\/2012\/06\/ESPA\u00d1A-MAPA-CARRTERAS-768x502.jpg 768w\" sizes=\"auto, (max-width: 1024px) 100vw, 1024px\" \/><\/a><figcaption class=\"wp-element-caption\">Mapa vectorial illustrator eps Espa\u00f1a<\/figcaption><\/figure>\n<\/figure>\n\n\n\n<figure class=\"wp-block-gallery has-nested-images columns-default is-cropped wp-block-gallery-2 is-layout-flex wp-block-gallery-is-layout-flex\">\n<figure class=\"wp-block-image size-large alignnone\"><a href=\"https:\/\/www.bc-maps.com\/wp-content\/uploads\/2016\/09\/Zaragoza-mapa-vectorial-illustrator-eps.Rolex_.jpg\" target=\"_blank\" rel=\"noopener noreferrer\"><img loading=\"lazy\" decoding=\"async\" width=\"1024\" height=\"724\" data-id=\"2746\" src=\"https:\/\/www.bc-maps.com\/wp-content\/uploads\/2016\/09\/Zaragoza-mapa-vectorial-illustrator-eps.Rolex_-1024x724.jpg\" alt=\"Plano vectorial Zaragoza illustrator eps Rolex\" class=\"wp-image-2746\" srcset=\"https:\/\/www.bc-maps.com\/wp-content\/uploads\/2016\/09\/Zaragoza-mapa-vectorial-illustrator-eps.Rolex_-1024x724.jpg 1024w, https:\/\/www.bc-maps.com\/wp-content\/uploads\/2016\/09\/Zaragoza-mapa-vectorial-illustrator-eps.Rolex_-300x212.jpg 300w, https:\/\/www.bc-maps.com\/wp-content\/uploads\/2016\/09\/Zaragoza-mapa-vectorial-illustrator-eps.Rolex_-768x543.jpg 768w\" sizes=\"auto, (max-width: 1024px) 100vw, 1024px\" \/><\/a><figcaption class=\"wp-element-caption\">Plano vectorial Zaragoza illustrator eps Rolex<\/figcaption><\/figure>\n<\/figure>\n\n\n\n\n\n<figure class=\"wp-block-gallery has-nested-images columns-default is-cropped wp-block-gallery-3 is-layout-flex wp-block-gallery-is-layout-flex\">\n<figure class=\"wp-block-image size-large alignnone\"><a href=\"https:\/\/www.bc-maps.com\/wp-content\/uploads\/2014\/09\/Mapa-galicia-DO-Vectorial-Tambre.jpg\" target=\"_blank\" rel=\"noopener noreferrer\"><img loading=\"lazy\" decoding=\"async\" width=\"848\" height=\"1024\" data-id=\"2324\" src=\"https:\/\/www.bc-maps.com\/wp-content\/uploads\/2014\/09\/Mapa-galicia-DO-Vectorial-Tambre-848x1024.jpg\" alt=\"Mapa galicia DO Vectorial Tambre\" class=\"wp-image-2324\" srcset=\"https:\/\/www.bc-maps.com\/wp-content\/uploads\/2014\/09\/Mapa-galicia-DO-Vectorial-Tambre-848x1024.jpg 848w, https:\/\/www.bc-maps.com\/wp-content\/uploads\/2014\/09\/Mapa-galicia-DO-Vectorial-Tambre-248x300.jpg 248w, https:\/\/www.bc-maps.com\/wp-content\/uploads\/2014\/09\/Mapa-galicia-DO-Vectorial-Tambre.jpg 1116w\" sizes=\"auto, (max-width: 848px) 100vw, 848px\" \/><\/a><figcaption class=\"wp-element-caption\">Mapa galicia DO Vectorial Tambre<\/figcaption><\/figure>\n<\/figure>\n\n\n\n<figure class=\"wp-block-gallery has-nested-images columns-default is-cropped wp-block-gallery-4 is-layout-flex wp-block-gallery-is-layout-flex\">\n<figure class=\"wp-block-image size-large alignnone\"><a href=\"https:\/\/www.bc-maps.com\/wp-content\/uploads\/2014\/09\/Mapa-vectorial-Historic-Baula.jpg\" target=\"_blank\" rel=\"noopener noreferrer\"><img loading=\"lazy\" decoding=\"async\" width=\"729\" height=\"561\" data-id=\"2329\" src=\"https:\/\/www.bc-maps.com\/wp-content\/uploads\/2014\/09\/Mapa-vectorial-Historic-Baula.jpg\" alt=\"Mapa vectorial Historico Baula libro de texto\" class=\"wp-image-2329\" srcset=\"https:\/\/www.bc-maps.com\/wp-content\/uploads\/2014\/09\/Mapa-vectorial-Historic-Baula.jpg 729w, https:\/\/www.bc-maps.com\/wp-content\/uploads\/2014\/09\/Mapa-vectorial-Historic-Baula-300x230.jpg 300w\" sizes=\"auto, (max-width: 729px) 100vw, 729px\" \/><\/a><figcaption class=\"wp-element-caption\">Mapa vectorial Historico Baula libro de texto<\/figcaption><\/figure>\n<\/figure>\n\n\n\n<p>&nbsp;<\/p>\n\n\n\n<p>Nuestro ficheros&nbsp;son libres de derechos para cualquier reproducci\u00f3n, incluyendo nuestro copyright.<\/p>\n\n\n\n<p>Los maps&nbsp;est\u00e1n creados con licencias oficiales de programas de <a href=\"http:\/\/www.adobe.com\/es\">Adobe,<\/a> habitualmente entregamos en version CC, pero podemos entregar tambi\u00e9n en otras versiones.<\/p>\n","protected":false},"excerpt":{"rendered":"<p>&nbsp; Mapas vectoriales de Espa\u00f1a ciudades, Comunidades y Mapas Tem\u00e1ticos BC Maps elabora su cartograf\u00eda de Espa\u00f1a adapt\u00e1ndose a la necesidad de cada cliente. Nuestros mapas siempre se env\u00edan actualizados en la fecha de entrega. El mapa vectorial se entrega siempre totalmente editable, textos como colores, y estructurado por medio de capas en formatos adobe &hellip; <a href=\"https:\/\/www.bc-maps.com\/mapa-vectorial-eps\/mapas-vectoriales\/espana\/\" class=\"more-link\">Seguir leyendo <span class=\"screen-reader-text\">ESPA\u00d1A<\/span> <span class=\"meta-nav\">&rarr;<\/span><\/a><\/p>\n","protected":false},"author":1,"featured_media":7546,"parent":8,"menu_order":1,"comment_status":"closed","ping_status":"closed","template":"","meta":{"footnotes":""},"class_list":["post-36","page","type-page","status-publish","has-post-thumbnail","hentry"],"_links":{"self":[{"href":"https:\/\/www.bc-maps.com\/mapa-vectorial-eps\/wp-json\/wp\/v2\/pages\/36","targetHints":{"allow":["GET"]}}],"collection":[{"href":"https:\/\/www.bc-maps.com\/mapa-vectorial-eps\/wp-json\/wp\/v2\/pages"}],"about":[{"href":"https:\/\/www.bc-maps.com\/mapa-vectorial-eps\/wp-json\/wp\/v2\/types\/page"}],"author":[{"embeddable":true,"href":"https:\/\/www.bc-maps.com\/mapa-vectorial-eps\/wp-json\/wp\/v2\/users\/1"}],"replies":[{"embeddable":true,"href":"https:\/\/www.bc-maps.com\/mapa-vectorial-eps\/wp-json\/wp\/v2\/comments?post=36"}],"version-history":[{"count":6,"href":"https:\/\/www.bc-maps.com\/mapa-vectorial-eps\/wp-json\/wp\/v2\/pages\/36\/revisions"}],"predecessor-version":[{"id":8211,"href":"https:\/\/www.bc-maps.com\/mapa-vectorial-eps\/wp-json\/wp\/v2\/pages\/36\/revisions\/8211"}],"up":[{"embeddable":true,"href":"https:\/\/www.bc-maps.com\/mapa-vectorial-eps\/wp-json\/wp\/v2\/pages\/8"}],"wp:featuredmedia":[{"embeddable":true,"href":"https:\/\/www.bc-maps.com\/mapa-vectorial-eps\/wp-json\/wp\/v2\/media\/7546"}],"wp:attachment":[{"href":"https:\/\/www.bc-maps.com\/mapa-vectorial-eps\/wp-json\/wp\/v2\/media?parent=36"}],"curies":[{"name":"wp","href":"https:\/\/api.w.org\/{rel}","templated":true}]}}