{"id":3407,"date":"2018-09-17T11:40:46","date_gmt":"2018-09-17T11:40:46","guid":{"rendered":"http:\/\/www.bc-maps.com\/mapa-vectorial-eps\/?page_id=3407"},"modified":"2018-10-04T14:00:12","modified_gmt":"2018-10-04T14:00:12","slug":"las-palmas-gran-canaria-ilustrator","status":"publish","type":"page","link":"https:\/\/www.bc-maps.com\/mapa-vectorial-eps\/mapas-vectoriales\/espana\/ciudades\/las-palmas-gran-canaria-ilustrator\/","title":{"rendered":"Las Palmas mapa vectorial illustrator eps editable"},"content":{"rendered":"<h1>Planos y mapas vectoriales de Las Palmas<\/h1>\n<h2>Mapas\u00a0vectoriales editables con de las calles de\u00a0las ciudades de las Canarias<\/h2>\n<h2>Planos vectoriales de las principales ciudades de\u00a0Gran Canaria, Las Palmas,\u00a0Telde, Ingenio, Maspalomas, G\u00e1ldar.<\/h2>\n<h4>Otras ciudades, \u00a0Mog\u00e1n, Arucas, Teror, Valsequillo, Ag\u00fcimes, Arinaga, Santa Br\u00edgida, Vega de San Mateo&#8230;<\/h4>\n<p>Podemos crear cualquier tipo de mapa de la ciudad de Las Palmas, planos parciales, planos generales, planos de detalle\u2026etc.<\/p>\n<p>Los mapas se entregan en formatos editables <a href=\"http:\/\/www.adobe.es\">adobe<\/a> illustrator, eps, corel, freehand.\u00a0estructurados por medio de capas de informaci\u00f3n.<\/p>\n<figure id=\"attachment_3408\" aria-describedby=\"caption-attachment-3408\" style=\"width: 300px\" class=\"wp-caption alignnone\"><a href=\"http:\/\/www.bc-maps.com\/wp-content\/uploads\/2012\/06\/mapa-vectorial-illustrator-eps-Las-Palmas.jpg\" target=\"_blank\" rel=\"noopener noreferrer\"><img loading=\"lazy\" decoding=\"async\" class=\"mapa vectorial illustrator eps Las Palmas wp-image-3408 size-medium\" title=\"mapa vectorial illustrator eps Las Palmas\" src=\"http:\/\/www.bc-maps.com\/wp-content\/uploads\/2012\/06\/mapa-vectorial-illustrator-eps-Las-Palmas-300x265.jpg\" alt=\"mapa vectorial illustrator eps Las Palmas\" width=\"300\" height=\"265\" srcset=\"https:\/\/www.bc-maps.com\/wp-content\/uploads\/2012\/06\/mapa-vectorial-illustrator-eps-Las-Palmas-300x265.jpg 300w, https:\/\/www.bc-maps.com\/wp-content\/uploads\/2012\/06\/mapa-vectorial-illustrator-eps-Las-Palmas-768x677.jpg 768w, https:\/\/www.bc-maps.com\/wp-content\/uploads\/2012\/06\/mapa-vectorial-illustrator-eps-Las-Palmas-1024x903.jpg 1024w, https:\/\/www.bc-maps.com\/wp-content\/uploads\/2012\/06\/mapa-vectorial-illustrator-eps-Las-Palmas.jpg 1971w\" sizes=\"auto, (max-width: 300px) 100vw, 300px\" \/><\/a><figcaption id=\"caption-attachment-3408\" class=\"wp-caption-text\">mapa vectorial illustrator eps Las Palmas<\/figcaption><\/figure>\n<div class=\"mceTemp\"><\/div>\n<p>El contenido de informaci\u00f3n depender\u00e1 del tama\u00f1o de la zona y la escala o medidas de reproducci\u00f3n, ya que no trabajamos con textos inferiores a 5 puntos para que sean legibles.<\/p>\n<p>Todos nuestros mapas est\u00e1n estructurados por medio de capas y son totalmente editables, colores y textos.<\/p>\n<p>Los mapas son libres de derechos de reproducci\u00f3n, incluyendo nuestro copyright, s\u00f3lo pagar\u00e1 por ellos una vez independientemente de los usos que realice.<\/p>\n<p>&nbsp;<\/p>\n","protected":false},"excerpt":{"rendered":"<p>Planos y mapas vectoriales de Las Palmas Mapas\u00a0vectoriales editables con de las calles de\u00a0las ciudades de las Canarias Planos vectoriales de las principales ciudades de\u00a0Gran Canaria, Las Palmas,\u00a0Telde, Ingenio, Maspalomas, G\u00e1ldar. Otras ciudades, \u00a0Mog\u00e1n, Arucas, Teror, Valsequillo, Ag\u00fcimes, Arinaga, Santa Br\u00edgida, Vega de San Mateo&#8230; Podemos crear cualquier tipo de mapa de la ciudad de &hellip; <a href=\"https:\/\/www.bc-maps.com\/mapa-vectorial-eps\/mapas-vectoriales\/espana\/ciudades\/las-palmas-gran-canaria-ilustrator\/\" class=\"more-link\">Seguir leyendo <span class=\"screen-reader-text\">Las Palmas mapa vectorial illustrator eps editable<\/span> <span class=\"meta-nav\">&rarr;<\/span><\/a><\/p>\n","protected":false},"author":1,"featured_media":0,"parent":52,"menu_order":0,"comment_status":"closed","ping_status":"closed","template":"","meta":{"footnotes":""},"class_list":["post-3407","page","type-page","status-publish","hentry"],"_links":{"self":[{"href":"https:\/\/www.bc-maps.com\/mapa-vectorial-eps\/wp-json\/wp\/v2\/pages\/3407","targetHints":{"allow":["GET"]}}],"collection":[{"href":"https:\/\/www.bc-maps.com\/mapa-vectorial-eps\/wp-json\/wp\/v2\/pages"}],"about":[{"href":"https:\/\/www.bc-maps.com\/mapa-vectorial-eps\/wp-json\/wp\/v2\/types\/page"}],"author":[{"embeddable":true,"href":"https:\/\/www.bc-maps.com\/mapa-vectorial-eps\/wp-json\/wp\/v2\/users\/1"}],"replies":[{"embeddable":true,"href":"https:\/\/www.bc-maps.com\/mapa-vectorial-eps\/wp-json\/wp\/v2\/comments?post=3407"}],"version-history":[{"count":1,"href":"https:\/\/www.bc-maps.com\/mapa-vectorial-eps\/wp-json\/wp\/v2\/pages\/3407\/revisions"}],"predecessor-version":[{"id":3409,"href":"https:\/\/www.bc-maps.com\/mapa-vectorial-eps\/wp-json\/wp\/v2\/pages\/3407\/revisions\/3409"}],"up":[{"embeddable":true,"href":"https:\/\/www.bc-maps.com\/mapa-vectorial-eps\/wp-json\/wp\/v2\/pages\/52"}],"wp:attachment":[{"href":"https:\/\/www.bc-maps.com\/mapa-vectorial-eps\/wp-json\/wp\/v2\/media?parent=3407"}],"curies":[{"name":"wp","href":"https:\/\/api.w.org\/{rel}","templated":true}]}}