{"id":2299,"date":"2014-09-20T04:51:26","date_gmt":"2014-09-20T04:51:26","guid":{"rendered":"http:\/\/www.bc-maps.com\/mapa-vectorial-eps\/?page_id=2299"},"modified":"2018-09-05T21:08:49","modified_gmt":"2018-09-05T21:08:49","slug":"murales-personalizados-comunidades-espana","status":"publish","type":"page","link":"https:\/\/www.bc-maps.com\/mapa-vectorial-eps\/murales-personalizados-comunidades-espana\/","title":{"rendered":"Mapas murales personalizados de Comunidades de Espa\u00f1a"},"content":{"rendered":"<h1>\u00a0Mapas murales personalizados de Comunidades de Espa\u00f1a<\/h1>\n<h2>Mapas murales personalizados con el logo de su empresa<\/h2>\n<p>Podemos crear cualquier tipo de mapa mural de comunidades de Espa\u00f1a personalizado con su informaci\u00f3n corporativa.<\/p>\n<p>Los mapas murales pueden contenerlos datos de sus delegaciones y personalizarse con su imagen corporativa.<\/p>\n<figure id=\"attachment_2302\" aria-describedby=\"caption-attachment-2302\" style=\"width: 300px\" class=\"wp-caption alignnone\"><a title=\"Mapa mural Andaluc\u00eda Coca Cola\" href=\"https:\/\/www.bc-maps.com\/mapa-vectorial-eps\/wp-content\/uploads\/2014\/09\/Mapa-mural-Andalucia-Coca-Cola.jpg\" target=\"_blank\"><img loading=\"lazy\" decoding=\"async\" class=\"size-medium wp-image-2302\" src=\"https:\/\/www.bc-maps.com\/mapa-vectorial-eps\/wp-content\/uploads\/2014\/09\/Mapa-mural-Andalucia-Coca-Cola-300x221.jpg\" alt=\"Mapa mural Andalucia Coca Cola\" width=\"300\" height=\"221\" srcset=\"https:\/\/www.bc-maps.com\/wp-content\/uploads\/2014\/09\/Mapa-mural-Andalucia-Coca-Cola-300x221.jpg 300w, https:\/\/www.bc-maps.com\/wp-content\/uploads\/2014\/09\/Mapa-mural-Andalucia-Coca-Cola-1024x757.jpg 1024w, https:\/\/www.bc-maps.com\/wp-content\/uploads\/2014\/09\/Mapa-mural-Andalucia-Coca-Cola.jpg 1512w\" sizes=\"auto, (max-width: 300px) 100vw, 300px\" \/><\/a><figcaption id=\"caption-attachment-2302\" class=\"wp-caption-text\">Mapa mural Andalucia Coca Cola<\/figcaption><\/figure>\n<figure id=\"attachment_2301\" aria-describedby=\"caption-attachment-2301\" style=\"width: 274px\" class=\"wp-caption alignleft\"><a title=\"Mapa mural Andalucia Este Coca Cola\" href=\"https:\/\/www.bc-maps.com\/mapa-vectorial-eps\/wp-content\/uploads\/2014\/09\/Mapa-mural-Este-Andalucia-Coca-Cola.jpg\" target=\"_blank\"><img loading=\"lazy\" decoding=\"async\" class=\"wp-image-2301 size-full\" src=\"https:\/\/www.bc-maps.com\/mapa-vectorial-eps\/wp-content\/uploads\/2014\/09\/Mapa-mural-Este-Andalucia-Coca-Cola.jpg\" alt=\"Mapa mural Este Andalucia Coca Cola\" width=\"274\" height=\"258\" \/><\/a><figcaption id=\"caption-attachment-2301\" class=\"wp-caption-text\">Mapa mural Este Andalucia Coca Cola<\/figcaption><\/figure>\n<figure id=\"attachment_2300\" aria-describedby=\"caption-attachment-2300\" style=\"width: 300px\" class=\"wp-caption alignnone\"><a title=\"Mapa mural Canarias Coca Cola\" href=\"https:\/\/www.bc-maps.com\/mapa-vectorial-eps\/wp-content\/uploads\/2014\/09\/Mapa-mural-Canarias-Coca-Cola.jpg\" target=\"_blank\"><img loading=\"lazy\" decoding=\"async\" class=\"size-medium wp-image-2300\" src=\"https:\/\/www.bc-maps.com\/mapa-vectorial-eps\/wp-content\/uploads\/2014\/09\/Mapa-mural-Canarias-Coca-Cola-300x158.jpg\" alt=\"Mapa mural Canarias Coca Cola\" width=\"300\" height=\"158\" srcset=\"https:\/\/www.bc-maps.com\/wp-content\/uploads\/2014\/09\/Mapa-mural-Canarias-Coca-Cola-300x158.jpg 300w, https:\/\/www.bc-maps.com\/wp-content\/uploads\/2014\/09\/Mapa-mural-Canarias-Coca-Cola-1024x541.jpg 1024w, https:\/\/www.bc-maps.com\/wp-content\/uploads\/2014\/09\/Mapa-mural-Canarias-Coca-Cola.jpg 1512w\" sizes=\"auto, (max-width: 300px) 100vw, 300px\" \/><\/a><figcaption id=\"caption-attachment-2300\" class=\"wp-caption-text\">Mapa mural Canarias Coca Cola<\/figcaption><\/figure>\n<p>El contenido de informaci\u00f3n depender\u00e1 del tama\u00f1o de la zona y la escala o medidas de reproducci\u00f3n, ya que no trabajamos con textos inferiores a 5 puntos para que sean legibles.<\/p>\n<p>Los mapas murales pueden teneer diferentes acabados, laminados, varillas y si lo desean se pueden presentar dentro de un tubo para facilitar su posterior env\u00edo a sus clientes.<\/p>\n<p>&nbsp;<\/p>\n<p>&nbsp;<\/p>\n<p>&nbsp;<\/p>\n","protected":false},"excerpt":{"rendered":"<p>\u00a0Mapas murales personalizados de Comunidades de Espa\u00f1a Mapas murales personalizados con el logo de su empresa Podemos crear cualquier tipo de mapa mural de comunidades de Espa\u00f1a personalizado con su informaci\u00f3n corporativa. Los mapas murales pueden contenerlos datos de sus delegaciones y personalizarse con su imagen corporativa. El contenido de informaci\u00f3n depender\u00e1 del tama\u00f1o de &hellip; <a href=\"https:\/\/www.bc-maps.com\/mapa-vectorial-eps\/murales-personalizados-comunidades-espana\/\" class=\"more-link\">Seguir leyendo <span class=\"screen-reader-text\">Mapas murales personalizados de Comunidades de Espa\u00f1a<\/span> <span class=\"meta-nav\">&rarr;<\/span><\/a><\/p>\n","protected":false},"author":1,"featured_media":0,"parent":0,"menu_order":0,"comment_status":"closed","ping_status":"closed","template":"","meta":{"footnotes":""},"class_list":["post-2299","page","type-page","status-publish","hentry"],"_links":{"self":[{"href":"https:\/\/www.bc-maps.com\/mapa-vectorial-eps\/wp-json\/wp\/v2\/pages\/2299","targetHints":{"allow":["GET"]}}],"collection":[{"href":"https:\/\/www.bc-maps.com\/mapa-vectorial-eps\/wp-json\/wp\/v2\/pages"}],"about":[{"href":"https:\/\/www.bc-maps.com\/mapa-vectorial-eps\/wp-json\/wp\/v2\/types\/page"}],"author":[{"embeddable":true,"href":"https:\/\/www.bc-maps.com\/mapa-vectorial-eps\/wp-json\/wp\/v2\/users\/1"}],"replies":[{"embeddable":true,"href":"https:\/\/www.bc-maps.com\/mapa-vectorial-eps\/wp-json\/wp\/v2\/comments?post=2299"}],"version-history":[{"count":2,"href":"https:\/\/www.bc-maps.com\/mapa-vectorial-eps\/wp-json\/wp\/v2\/pages\/2299\/revisions"}],"predecessor-version":[{"id":2304,"href":"https:\/\/www.bc-maps.com\/mapa-vectorial-eps\/wp-json\/wp\/v2\/pages\/2299\/revisions\/2304"}],"wp:attachment":[{"href":"https:\/\/www.bc-maps.com\/mapa-vectorial-eps\/wp-json\/wp\/v2\/media?parent=2299"}],"curies":[{"name":"wp","href":"https:\/\/api.w.org\/{rel}","templated":true}]}}