{"id":2067,"date":"2013-10-28T10:47:15","date_gmt":"2013-10-28T10:47:15","guid":{"rendered":"http:\/\/www.bc-maps.com\/mapa-vectorial-eps\/?page_id=2067"},"modified":"2018-10-04T15:21:15","modified_gmt":"2018-10-04T15:21:15","slug":"edimburgo-ilustrator","status":"publish","type":"page","link":"https:\/\/www.bc-maps.com\/mapa-vectorial-eps\/mapas-vectoriales\/mapas-de-europa\/ciudades\/edimburgo-ilustrator\/","title":{"rendered":"Mapa en Illustrator de Edimburgo"},"content":{"rendered":"<h1>Planos y mapas vectoriales de\u00a0Edimburgo<\/h1>\n<h2>Mapas vectoriales editables con de las calles de\u00a0Edimburgo<\/h2>\n<h3>Planos vectoriales de\u00a0Edimburgo<\/h3>\n<p>Podemos crear cualquier tipo de mapa de la ciudad de\u00a0Edimburgo, planos parciales, planos generales, planos de detalle\u2026etc.\u00a0en <a href=\"http:\/\/www.adobe.com\/es\">adobe illustrator<\/a><\/p>\n<p>Formatos editables, textos y colores, estructurados por medio de capas de informaci\u00f3n, illustrator, eps, pdf, svg, freehand.<\/p>\n<div class=\"mceTemp\"><\/div>\n<figure id=\"attachment_3093\" aria-describedby=\"caption-attachment-3093\" style=\"width: 245px\" class=\"wp-caption alignnone\"><a href=\"http:\/\/www.bc-maps.com\/wp-content\/uploads\/2013\/10\/Edimburgo-mapa-vectorial-illustrator-eps.jpg\" target=\"_blank\" rel=\"noopener noreferrer\"><img loading=\"lazy\" decoding=\"async\" class=\"wp-image-3093 size-medium\" title=\"Edimburgo mapa vectorial illustrator eps\" src=\"http:\/\/www.bc-maps.com\/wp-content\/uploads\/2013\/10\/Edimburgo-mapa-vectorial-illustrator-eps-245x300.jpg\" alt=\"Edimburgo mapa vectorial illustrator eps\" width=\"245\" height=\"300\" srcset=\"https:\/\/www.bc-maps.com\/wp-content\/uploads\/2013\/10\/Edimburgo-mapa-vectorial-illustrator-eps-245x300.jpg 245w, https:\/\/www.bc-maps.com\/wp-content\/uploads\/2013\/10\/Edimburgo-mapa-vectorial-illustrator-eps-768x939.jpg 768w, https:\/\/www.bc-maps.com\/wp-content\/uploads\/2013\/10\/Edimburgo-mapa-vectorial-illustrator-eps-838x1024.jpg 838w, https:\/\/www.bc-maps.com\/wp-content\/uploads\/2013\/10\/Edimburgo-mapa-vectorial-illustrator-eps.jpg 1300w\" sizes=\"auto, (max-width: 245px) 100vw, 245px\" \/><\/a><figcaption id=\"caption-attachment-3093\" class=\"wp-caption-text\">Edimburgo mapa vectorial illustrator eps<\/figcaption><\/figure>\n<p>El contenido de informaci\u00f3n depender\u00e1 del tama\u00f1o de la zona y la escala o medidas de reproducci\u00f3n, ya que no trabajamos con textos inferiores a 5 puntos para que sean legibles.<\/p>\n","protected":false},"excerpt":{"rendered":"<p>Planos y mapas vectoriales de\u00a0Edimburgo Mapas vectoriales editables con de las calles de\u00a0Edimburgo Planos vectoriales de\u00a0Edimburgo Podemos crear cualquier tipo de mapa de la ciudad de\u00a0Edimburgo, planos parciales, planos generales, planos de detalle\u2026etc.\u00a0en adobe illustrator Formatos editables, textos y colores, estructurados por medio de capas de informaci\u00f3n, illustrator, eps, pdf, svg, freehand. El contenido de &hellip; <a href=\"https:\/\/www.bc-maps.com\/mapa-vectorial-eps\/mapas-vectoriales\/mapas-de-europa\/ciudades\/edimburgo-ilustrator\/\" class=\"more-link\">Seguir leyendo <span class=\"screen-reader-text\">Mapa en Illustrator de Edimburgo<\/span> <span class=\"meta-nav\">&rarr;<\/span><\/a><\/p>\n","protected":false},"author":1,"featured_media":0,"parent":3611,"menu_order":0,"comment_status":"closed","ping_status":"closed","template":"","meta":{"footnotes":""},"class_list":["post-2067","page","type-page","status-publish","hentry"],"_links":{"self":[{"href":"https:\/\/www.bc-maps.com\/mapa-vectorial-eps\/wp-json\/wp\/v2\/pages\/2067","targetHints":{"allow":["GET"]}}],"collection":[{"href":"https:\/\/www.bc-maps.com\/mapa-vectorial-eps\/wp-json\/wp\/v2\/pages"}],"about":[{"href":"https:\/\/www.bc-maps.com\/mapa-vectorial-eps\/wp-json\/wp\/v2\/types\/page"}],"author":[{"embeddable":true,"href":"https:\/\/www.bc-maps.com\/mapa-vectorial-eps\/wp-json\/wp\/v2\/users\/1"}],"replies":[{"embeddable":true,"href":"https:\/\/www.bc-maps.com\/mapa-vectorial-eps\/wp-json\/wp\/v2\/comments?post=2067"}],"version-history":[{"count":4,"href":"https:\/\/www.bc-maps.com\/mapa-vectorial-eps\/wp-json\/wp\/v2\/pages\/2067\/revisions"}],"predecessor-version":[{"id":3651,"href":"https:\/\/www.bc-maps.com\/mapa-vectorial-eps\/wp-json\/wp\/v2\/pages\/2067\/revisions\/3651"}],"up":[{"embeddable":true,"href":"https:\/\/www.bc-maps.com\/mapa-vectorial-eps\/wp-json\/wp\/v2\/pages\/3611"}],"wp:attachment":[{"href":"https:\/\/www.bc-maps.com\/mapa-vectorial-eps\/wp-json\/wp\/v2\/media?parent=2067"}],"curies":[{"name":"wp","href":"https:\/\/api.w.org\/{rel}","templated":true}]}}