{"id":2,"date":"2013-06-10T07:45:21","date_gmt":"2013-06-10T07:45:21","guid":{"rendered":"http:\/\/www.bc-maps.com\/mapa-vectorial-eps\/?page_id=2"},"modified":"2026-02-11T12:49:17","modified_gmt":"2026-02-11T12:49:17","slug":"mapa-vectorial-illustrator-eps-editable","status":"publish","type":"page","link":"https:\/\/www.bc-maps.com\/mapa-vectorial-eps\/","title":{"rendered":"Mapa vectorial illustrator eps editable estructurado con capas"},"content":{"rendered":"<h1 class=\"wp-block-heading\">Mapas editables vectoriales en illustrator<\/h1>\n\n\n<p class=\"has-text-align-left\"><span style=\"font-family: arial, helvetica, sans-serif;\">Bc Maps es un estudio especializado en dise\u00f1o cartogr\u00e1fico donde elaboramos cualquier tipo de mapa vectorial en formato adobe illustrator.<\/span> adapt\u00e1ndonos a las gu\u00edas de estilos de cada cliente. Convertimos una mapa en una pieza de comunicaci\u00f3n.<\/p>\n\n\n\n<p class=\"has-text-align-left\"><span style=\"font-family: arial, helvetica, sans-serif;\">Entregamos los mapas en formatos 100% editables y estructurados por medio de capas de informaci\u00f3n, pensados para su impresi\u00f3n, perfectos para editoriales, presentaciones de empresas y gran formato.<\/span><\/p>\n<p class=\"has-text-align-left\"><span style=\"font-family: arial, helvetica, sans-serif;\">Desde planos de ciudades, mapas de municipios, mapas de carreteras, mapas pol\u00edticos, mapas f\u00edsicos, mapa para libro de texto, mapas para Atlas, Enciclopedias.<\/span><\/p>\n\n\n<p>El contenido de informaci\u00f3n depender\u00e1 del tama\u00f1o de la zona y la escala o medidas de reproducci\u00f3n, ya que no trabajamos con textos inferiores a 5 puntos para que sean legibles.<\/p>\n\n\n<p>Habitualmente se entregan ficheros en formato&nbsp;<a href=\"http:\/\/www.adobe.com\/es\/products\/illustrator.html\">Illustrator<\/a>, totalmente editables, colores y textos, estructurados por medio de casas de informaci\u00f3n para facilitar los cambios y personalizaciones, inclusi\u00f3n de lugares de inter\u00e9s, museos, colegios, monumentos&#8230;etc<\/p>\n\n\n\n<h2 class=\"wp-block-heading\">Mapas y planos vectoriales de ciudades, comarcas, comunidades o pa\u00edses<\/h2>\n\n\n\n<figure class=\"wp-block-gallery has-nested-images columns-default is-cropped wp-block-gallery-1 is-layout-flex wp-block-gallery-is-layout-flex\">\n<figure class=\"wp-block-image size-large\"><a href=\"https:\/\/www.bc-maps.com\/wp-content\/uploads\/2025\/07\/Madrid-mapa-vectorial-centro-editable-50-70-cm.jpg\" target=\"_blank\" rel=\"noopener noreferrer\"><img loading=\"lazy\" decoding=\"async\" width=\"1024\" height=\"730\" data-id=\"7925\" src=\"https:\/\/www.bc-maps.com\/wp-content\/uploads\/2025\/07\/Madrid-mapa-vectorial-centro-editable-50-70-cm-1024x730.jpg\" alt=\"Mapa vectorial editable illustrator centro Madrid Star1rocket 50 70 cm\" class=\"wp-image-7925\" srcset=\"https:\/\/www.bc-maps.com\/wp-content\/uploads\/2025\/07\/Madrid-mapa-vectorial-centro-editable-50-70-cm-1024x730.jpg 1024w, https:\/\/www.bc-maps.com\/wp-content\/uploads\/2025\/07\/Madrid-mapa-vectorial-centro-editable-50-70-cm-300x214.jpg 300w, https:\/\/www.bc-maps.com\/wp-content\/uploads\/2025\/07\/Madrid-mapa-vectorial-centro-editable-50-70-cm-768x548.jpg 768w, https:\/\/www.bc-maps.com\/wp-content\/uploads\/2025\/07\/Madrid-mapa-vectorial-centro-editable-50-70-cm-1536x1096.jpg 1536w, https:\/\/www.bc-maps.com\/wp-content\/uploads\/2025\/07\/Madrid-mapa-vectorial-centro-editable-50-70-cm.jpg 1772w\" sizes=\"auto, (max-width: 1024px) 100vw, 1024px\" \/><\/a><figcaption class=\"wp-element-caption\">Mapa vectorial editable illustrator centro Madrid Star1rocket 50 70 cm<\/figcaption><\/figure>\n<\/figure>\n\n\n\n<figure class=\"wp-block-gallery has-nested-images columns-default is-cropped wp-block-gallery-2 is-layout-flex wp-block-gallery-is-layout-flex\">\n<figure class=\"wp-block-image size-large\"><a href=\"https:\/\/www.bc-maps.com\/wp-content\/uploads\/2012\/06\/Mapa-mural-vectorial-Catalunya-Vegueries.jpg\" target=\"_blank\" rel=\"noopener noreferrer\"><img loading=\"lazy\" decoding=\"async\" width=\"1024\" height=\"1024\" data-id=\"3314\" src=\"https:\/\/www.bc-maps.com\/wp-content\/uploads\/2012\/06\/Mapa-mural-vectorial-Catalunya-Vegueries-1024x1024.jpg\" alt=\"Mapa mural vectorial Catalunya Vegueries\" class=\"wp-image-3314\" srcset=\"https:\/\/www.bc-maps.com\/wp-content\/uploads\/2012\/06\/Mapa-mural-vectorial-Catalunya-Vegueries-1024x1024.jpg 1024w, https:\/\/www.bc-maps.com\/wp-content\/uploads\/2012\/06\/Mapa-mural-vectorial-Catalunya-Vegueries-150x150.jpg 150w, https:\/\/www.bc-maps.com\/wp-content\/uploads\/2012\/06\/Mapa-mural-vectorial-Catalunya-Vegueries-300x300.jpg 300w, https:\/\/www.bc-maps.com\/wp-content\/uploads\/2012\/06\/Mapa-mural-vectorial-Catalunya-Vegueries-768x768.jpg 768w\" sizes=\"auto, (max-width: 1024px) 100vw, 1024px\" \/><\/a><figcaption class=\"wp-element-caption\">Mapa de Catalu\u00f1a vectorial<\/figcaption><\/figure>\n<\/figure>\n\n\n\n<figure class=\"wp-block-gallery has-nested-images columns-default is-cropped wp-block-gallery-3 is-layout-flex wp-block-gallery-is-layout-flex\">\n<figure class=\"wp-block-image size-large size-medium wp-image-4302\"><a href=\"https:\/\/www.bc-maps.com\/wp-content\/uploads\/2025\/01\/Conca-de-Barbera-illustrator-mapa-vectorial-eps.jpg\" target=\"_blank\" rel=\" noreferrer noopener\"><img loading=\"lazy\" decoding=\"async\" width=\"1024\" height=\"724\" data-id=\"7129\" src=\"https:\/\/www.bc-maps.com\/wp-content\/uploads\/2025\/01\/Conca-de-Barbera-illustrator-mapa-vectorial-eps-1024x724.jpg\" alt=\"Conca de Barbera illustrator mapa vectorial eps\" class=\"wp-image-7129\" srcset=\"https:\/\/www.bc-maps.com\/wp-content\/uploads\/2025\/01\/Conca-de-Barbera-illustrator-mapa-vectorial-eps-1024x724.jpg 1024w, https:\/\/www.bc-maps.com\/wp-content\/uploads\/2025\/01\/Conca-de-Barbera-illustrator-mapa-vectorial-eps-300x212.jpg 300w, https:\/\/www.bc-maps.com\/wp-content\/uploads\/2025\/01\/Conca-de-Barbera-illustrator-mapa-vectorial-eps-768x543.jpg 768w, https:\/\/www.bc-maps.com\/wp-content\/uploads\/2025\/01\/Conca-de-Barbera-illustrator-mapa-vectorial-eps-1536x1086.jpg 1536w, https:\/\/www.bc-maps.com\/wp-content\/uploads\/2025\/01\/Conca-de-Barbera-illustrator-mapa-vectorial-eps.jpg 1754w\" sizes=\"auto, (max-width: 1024px) 100vw, 1024px\" \/><\/a><figcaption class=\"wp-element-caption\">Conca de Barbera illustrator mapa vectorial eps<\/figcaption><\/figure>\n<\/figure>\n\n\n\n<figure class=\"wp-block-gallery has-nested-images columns-default is-cropped wp-block-gallery-4 is-layout-flex wp-block-gallery-is-layout-flex\">\n<figure class=\"wp-block-image size-large size-medium wp-image-4302\"><a href=\"https:\/\/www.bc-maps.com\/wp-content\/uploads\/2025\/10\/Italia-mapa-vectorial-illustrator-eps-1.jpg\" target=\"_blank\" rel=\" noreferrer noopener\"><img loading=\"lazy\" decoding=\"async\" width=\"771\" height=\"1024\" data-id=\"8129\" src=\"https:\/\/www.bc-maps.com\/wp-content\/uploads\/2025\/10\/Italia-mapa-vectorial-illustrator-eps-1-771x1024.jpg\" alt=\"Italia mapa vectorial illustrator eps\" class=\"wp-image-8129\" srcset=\"https:\/\/www.bc-maps.com\/wp-content\/uploads\/2025\/10\/Italia-mapa-vectorial-illustrator-eps-1-771x1024.jpg 771w, https:\/\/www.bc-maps.com\/wp-content\/uploads\/2025\/10\/Italia-mapa-vectorial-illustrator-eps-1-226x300.jpg 226w, https:\/\/www.bc-maps.com\/wp-content\/uploads\/2025\/10\/Italia-mapa-vectorial-illustrator-eps-1-768x1020.jpg 768w, https:\/\/www.bc-maps.com\/wp-content\/uploads\/2025\/10\/Italia-mapa-vectorial-illustrator-eps-1.jpg 854w\" sizes=\"auto, (max-width: 771px) 100vw, 771px\" \/><\/a><figcaption class=\"wp-element-caption\">Italia mapa vectorial illustrator eps<\/figcaption><\/figure>\n<\/figure>\n\n\n\n<h2 class=\"wp-block-heading\">Mapas y gr\u00e1ficos vectoriales para libro de texto<\/h2>\n\n\n\n<p>Elaboramos mapas para libro de texto, mapas pol\u00edticos, f\u00edsicos, tem\u00e1ticos e hist\u00f3ricos adapt\u00e1ndonos al libro de estilo de la editorial.<\/p>\n<p>Los contenidos son pautados por los editores y entregamos ficheros listos para maquetar en cualquier idioma castellano, catal\u00e1n, gallego, valenciano, euskera, aran\u00e9s, ingl\u00e9s, franc\u00e9s, portugu\u00e9s&#8230;.<\/p>\n<p>Asimismo realizamos tambi\u00e9n todo tipo de gr\u00e1ficos, \u00abquesitos\u00bb, barras, etc.<\/p>\n\n\n\n<figure class=\"wp-block-gallery has-nested-images columns-default is-cropped wp-block-gallery-5 is-layout-flex wp-block-gallery-is-layout-flex\">\n<figure class=\"wp-block-image size-large\"><a href=\"https:\/\/www.bc-maps.com\/wp-content\/uploads\/2021\/08\/Mapa-Yugoslavia-Baula.jpg\" target=\"_blank\" rel=\"noopener noreferrer\"><img loading=\"lazy\" decoding=\"async\" width=\"588\" height=\"591\" data-id=\"4301\" src=\"https:\/\/www.bc-maps.com\/wp-content\/uploads\/2021\/08\/Mapa-Yugoslavia-Baula.jpg\" alt=\"Mapa Yugoslavia libro de texto Edicions Baula\" class=\"wp-image-4301\" srcset=\"https:\/\/www.bc-maps.com\/wp-content\/uploads\/2021\/08\/Mapa-Yugoslavia-Baula.jpg 588w, https:\/\/www.bc-maps.com\/wp-content\/uploads\/2021\/08\/Mapa-Yugoslavia-Baula-298x300.jpg 298w, https:\/\/www.bc-maps.com\/wp-content\/uploads\/2021\/08\/Mapa-Yugoslavia-Baula-150x150.jpg 150w\" sizes=\"auto, (max-width: 588px) 100vw, 588px\" \/><\/a><figcaption class=\"wp-element-caption\">Mapa Yugoslavia libro de texto Edicions Baula<\/figcaption><\/figure>\n<\/figure>\n\n\n\n<figure class=\"wp-block-gallery has-nested-images columns-default is-cropped wp-block-gallery-6 is-layout-flex wp-block-gallery-is-layout-flex\">\n<figure class=\"wp-block-image size-large\"><a href=\"https:\/\/www.bc-maps.com\/wp-content\/uploads\/2021\/08\/Mapa-Andalucia-fisico-Edebe.jpg\" target=\"_blank\" rel=\"noopener noreferrer\"><img loading=\"lazy\" decoding=\"async\" width=\"1024\" height=\"835\" data-id=\"4300\" src=\"https:\/\/www.bc-maps.com\/wp-content\/uploads\/2021\/08\/Mapa-Andalucia-fisico-Edebe-1024x835.jpg\" alt=\"Andalucia fisico mapa Edebe\" class=\"wp-image-4300\" srcset=\"https:\/\/www.bc-maps.com\/wp-content\/uploads\/2021\/08\/Mapa-Andalucia-fisico-Edebe-1024x835.jpg 1024w, https:\/\/www.bc-maps.com\/wp-content\/uploads\/2021\/08\/Mapa-Andalucia-fisico-Edebe-300x245.jpg 300w, https:\/\/www.bc-maps.com\/wp-content\/uploads\/2021\/08\/Mapa-Andalucia-fisico-Edebe-768x626.jpg 768w, https:\/\/www.bc-maps.com\/wp-content\/uploads\/2021\/08\/Mapa-Andalucia-fisico-Edebe-1536x1252.jpg 1536w, https:\/\/www.bc-maps.com\/wp-content\/uploads\/2021\/08\/Mapa-Andalucia-fisico-Edebe-2048x1669.jpg 2048w\" sizes=\"auto, (max-width: 1024px) 100vw, 1024px\" \/><\/a><figcaption class=\"wp-element-caption\">Andalucia fisico mapa Edebe<\/figcaption><\/figure>\n<\/figure>\n\n\n\n<figure class=\"wp-block-gallery has-nested-images columns-default is-cropped wp-block-gallery-7 is-layout-flex wp-block-gallery-is-layout-flex\">\n<figure class=\"wp-block-image size-large size-medium wp-image-4302\"><a href=\"https:\/\/www.bc-maps.com\/wp-content\/uploads\/2021\/08\/Grafico-edades-galicia-Tambre.jpg\" target=\"_blank\" rel=\" noreferrer noopener\"><img loading=\"lazy\" decoding=\"async\" width=\"331\" height=\"291\" data-id=\"4302\" src=\"https:\/\/www.bc-maps.com\/wp-content\/uploads\/2021\/08\/Grafico-edades-galicia-Tambre.jpg\" alt=\"Grafico edades galicia Tambre\" class=\"wp-image-4302\" srcset=\"https:\/\/www.bc-maps.com\/wp-content\/uploads\/2021\/08\/Grafico-edades-galicia-Tambre.jpg 331w, https:\/\/www.bc-maps.com\/wp-content\/uploads\/2021\/08\/Grafico-edades-galicia-Tambre-300x264.jpg 300w\" sizes=\"auto, (max-width: 331px) 100vw, 331px\" \/><\/a><figcaption class=\"wp-element-caption\">Grafico edades galicia Tambre<\/figcaption><\/figure>\n<\/figure>\n\n\n\n<h2 class=\"wp-block-heading\">Mapas vectoriales e impresos para ayuntamientos, administraciones p\u00fablicas y empresas<\/h2>\n\n\n\n<p>Podemos elaborar productos impresos,  <a href=\"https:\/\/www.bc-maps.com\/mapa-vectorial-eps\/mapa-turistico-ayuntamiento-pego-2016-2\/\" target=\"_blank\" rel=\"noopener noreferrer\"><strong>mapas en tacos<\/strong><\/a> o <strong><a href=\"https:\/\/www.bc-maps.com\/mapa-vectorial-eps\/mapa-turistico-fogars-montclus-2017\/\" target=\"_blank\" rel=\"noopener noreferrer\">plegados<\/a><\/strong> con la informaci\u00f3n que el cliente desea.<\/p>\n\n\n\n<p>Podemos incluir iconos, rutas, fotograf\u00edas sin ning\u00fan tipo de problemas<\/p>\n\n\n\n<figure class=\"wp-block-gallery has-nested-images columns-default is-cropped wp-block-gallery-8 is-layout-flex wp-block-gallery-is-layout-flex\">\n<figure class=\"wp-block-image size-large\"><a href=\"https:\/\/www.bc-maps.com\/wp-content\/uploads\/2019\/06\/Mapa-vectorial-illustrator-eps-municipios-Soria.jpg\" target=\"_blank\" rel=\"noopener noreferrer\"><img loading=\"lazy\" decoding=\"async\" width=\"1024\" height=\"898\" data-id=\"4166\" src=\"https:\/\/www.bc-maps.com\/wp-content\/uploads\/2019\/06\/Mapa-vectorial-illustrator-eps-municipios-Soria-1024x898.jpg\" alt=\"Mapa vectorial illustrator eps municipios Soria\" class=\"wp-image-4166\" srcset=\"https:\/\/www.bc-maps.com\/wp-content\/uploads\/2019\/06\/Mapa-vectorial-illustrator-eps-municipios-Soria-1024x898.jpg 1024w, https:\/\/www.bc-maps.com\/wp-content\/uploads\/2019\/06\/Mapa-vectorial-illustrator-eps-municipios-Soria-300x263.jpg 300w, https:\/\/www.bc-maps.com\/wp-content\/uploads\/2019\/06\/Mapa-vectorial-illustrator-eps-municipios-Soria-768x673.jpg 768w\" sizes=\"auto, (max-width: 1024px) 100vw, 1024px\" \/><\/a><figcaption class=\"wp-element-caption\">Mapa vectorial illustrator eps municipios Soria<\/figcaption><\/figure>\n<\/figure>\n\n\n\n<figure class=\"wp-block-gallery has-nested-images columns-default is-cropped wp-block-gallery-9 is-layout-flex wp-block-gallery-is-layout-flex\">\n<figure class=\"wp-block-image size-large\"><a href=\"https:\/\/www.bc-maps.com\/wp-content\/uploads\/2018\/11\/Planol-Premia-de-Mar-Monolits-1.jpg\" target=\"_blank\" rel=\"noopener noreferrer\"><img loading=\"lazy\" decoding=\"async\" width=\"1024\" height=\"702\" data-id=\"4182\" src=\"https:\/\/www.bc-maps.com\/wp-content\/uploads\/2018\/11\/Planol-Premia-de-Mar-Monolits-1-1024x702.jpg\" alt=\"Plano de Premia de Mar\" class=\"wp-image-4182\" srcset=\"https:\/\/www.bc-maps.com\/wp-content\/uploads\/2018\/11\/Planol-Premia-de-Mar-Monolits-1-1024x702.jpg 1024w, https:\/\/www.bc-maps.com\/wp-content\/uploads\/2018\/11\/Planol-Premia-de-Mar-Monolits-1-300x206.jpg 300w, https:\/\/www.bc-maps.com\/wp-content\/uploads\/2018\/11\/Planol-Premia-de-Mar-Monolits-1-768x527.jpg 768w\" sizes=\"auto, (max-width: 1024px) 100vw, 1024px\" \/><\/a><figcaption class=\"wp-element-caption\">Plano de Premia de Mar<\/figcaption><\/figure>\n<\/figure>\n\n\n\n\n\n<figure class=\"wp-block-gallery has-nested-images columns-default is-cropped wp-block-gallery-10 is-layout-flex wp-block-gallery-is-layout-flex\">\n<figure class=\"wp-block-image size-large\"><a href=\"https:\/\/www.bc-maps.com\/wp-content\/uploads\/2017\/12\/EL-PLA-DEL-PENEDES-2018.jpg\" target=\"_blank\" rel=\"noopener noreferrer\"><img loading=\"lazy\" decoding=\"async\" width=\"1024\" height=\"724\" data-id=\"3331\" src=\"https:\/\/www.bc-maps.com\/wp-content\/uploads\/2017\/12\/EL-PLA-DEL-PENEDES-2018-1024x724.jpg\" alt=\"BC Maps mapa municipio El Pla del Penedes vectorial illustrator eps\" class=\"wp-image-3331\" srcset=\"https:\/\/www.bc-maps.com\/wp-content\/uploads\/2017\/12\/EL-PLA-DEL-PENEDES-2018-1024x724.jpg 1024w, https:\/\/www.bc-maps.com\/wp-content\/uploads\/2017\/12\/EL-PLA-DEL-PENEDES-2018-300x212.jpg 300w, https:\/\/www.bc-maps.com\/wp-content\/uploads\/2017\/12\/EL-PLA-DEL-PENEDES-2018-768x543.jpg 768w\" sizes=\"auto, (max-width: 1024px) 100vw, 1024px\" \/><\/a><figcaption class=\"wp-element-caption\">BC Maps mapa municipio El Pla del Penedes vectorial illustrator eps<\/figcaption><\/figure>\n<\/figure>\n\n\n\n<h2>Mapas personalizados<\/h2>\n<p class=\"has-text-align-left\">Asimismo podemos crear cualquier tipo de mapa impreso personalizado en formato mural, plegado o de sobremesa, para empresas de transportes\u00a0 y log\u00edstica\u00a0 por ejemplo <strong><a href=\"https:\/\/www.bc-maps.com\/mapa-vectorial-eps\/mapa-europa-codigos-postales-mapamundi-atlas-mediterraneo\/\" target=\"_blank\" rel=\"noopener noreferrer\">mapamundi<\/a> <\/strong>o <a href=\"https:\/\/www.bc-maps.com\/mapa-vectorial-eps\/mapa-europa-codigos-postales-mapamundi-dsv-espana-2017\/\" target=\"_blank\" rel=\"noopener noreferrer\"><strong>mapa de Europa de c\u00f3digos<\/strong> <\/a>postales.<\/p>\n\n\n\n<figure class=\"wp-block-gallery has-nested-images columns-default is-cropped wp-block-gallery-11 is-layout-flex wp-block-gallery-is-layout-flex\">\n<figure class=\"wp-block-image size-large\"><a href=\"https:\/\/www.bc-maps.com\/wp-content\/uploads\/2021\/01\/Mapamundi-politico-puertos-Uniport-2021.jpg\" target=\"_blank\" rel=\"noopener noreferrer\"><img loading=\"lazy\" decoding=\"async\" width=\"1024\" height=\"686\" data-id=\"4251\" src=\"https:\/\/www.bc-maps.com\/wp-content\/uploads\/2021\/01\/Mapamundi-politico-puertos-Uniport-2021-1024x686.jpg\" alt=\"Mapamundi politico puertos Uniport 2021\" class=\"wp-image-4251\" srcset=\"https:\/\/www.bc-maps.com\/wp-content\/uploads\/2021\/01\/Mapamundi-politico-puertos-Uniport-2021-1024x686.jpg 1024w, https:\/\/www.bc-maps.com\/wp-content\/uploads\/2021\/01\/Mapamundi-politico-puertos-Uniport-2021-300x201.jpg 300w, https:\/\/www.bc-maps.com\/wp-content\/uploads\/2021\/01\/Mapamundi-politico-puertos-Uniport-2021-768x514.jpg 768w, https:\/\/www.bc-maps.com\/wp-content\/uploads\/2021\/01\/Mapamundi-politico-puertos-Uniport-2021-1536x1029.jpg 1536w, https:\/\/www.bc-maps.com\/wp-content\/uploads\/2021\/01\/Mapamundi-politico-puertos-Uniport-2021-2048x1372.jpg 2048w\" sizes=\"auto, (max-width: 1024px) 100vw, 1024px\" \/><\/a><figcaption class=\"wp-element-caption\">Mapamundi politico puertos Uniport 2021<\/figcaption><\/figure>\n<\/figure>\n\n\n\n<figure class=\"wp-block-gallery has-nested-images columns-default is-cropped wp-block-gallery-12 is-layout-flex wp-block-gallery-is-layout-flex\">\n<figure class=\"wp-block-image size-large\"><a href=\"https:\/\/www.bc-maps.com\/wp-content\/uploads\/2020\/03\/Mapa-Europa-sobremesa-codigos-postales-Grupo-TT-2021.jpg\" target=\"_blank\" rel=\"noopener noreferrer\"><img loading=\"lazy\" decoding=\"async\" width=\"1024\" height=\"686\" data-id=\"4215\" src=\"https:\/\/www.bc-maps.com\/wp-content\/uploads\/2020\/03\/Mapa-Europa-sobremesa-codigos-postales-Grupo-TT-2021-1024x686.jpg\" alt=\"Mapa de Europa c\u00f3digos postales sobremesa Grupo TT\" class=\"wp-image-4215\" srcset=\"https:\/\/www.bc-maps.com\/wp-content\/uploads\/2020\/03\/Mapa-Europa-sobremesa-codigos-postales-Grupo-TT-2021-1024x686.jpg 1024w, https:\/\/www.bc-maps.com\/wp-content\/uploads\/2020\/03\/Mapa-Europa-sobremesa-codigos-postales-Grupo-TT-2021-300x201.jpg 300w, https:\/\/www.bc-maps.com\/wp-content\/uploads\/2020\/03\/Mapa-Europa-sobremesa-codigos-postales-Grupo-TT-2021-768x514.jpg 768w\" sizes=\"auto, (max-width: 1024px) 100vw, 1024px\" \/><\/a><figcaption class=\"wp-element-caption\">Mapa de Europa c\u00f3digos postales sobremesa Grupo TT<\/figcaption><\/figure>\n<\/figure>\n\n\n\n<p class=\"has-text-align-center\">&nbsp;<\/p>\n","protected":false},"excerpt":{"rendered":"<p>Mapas editables vectoriales en illustrator Bc Maps es un estudio especializado en dise\u00f1o cartogr\u00e1fico donde elaboramos cualquier tipo de mapa vectorial en formato adobe illustrator. adapt\u00e1ndonos a las gu\u00edas de estilos de cada cliente. Convertimos una mapa en una pieza de comunicaci\u00f3n. Entregamos los mapas en formatos 100% editables y estructurados por medio de capas &hellip; <a href=\"https:\/\/www.bc-maps.com\/mapa-vectorial-eps\/\" class=\"more-link\">Seguir leyendo <span class=\"screen-reader-text\">Mapa vectorial illustrator eps editable estructurado con capas<\/span> <span class=\"meta-nav\">&rarr;<\/span><\/a><\/p>\n","protected":false},"author":1,"featured_media":3370,"parent":0,"menu_order":0,"comment_status":"closed","ping_status":"closed","template":"","meta":{"footnotes":""},"class_list":["post-2","page","type-page","status-publish","has-post-thumbnail","hentry"],"_links":{"self":[{"href":"https:\/\/www.bc-maps.com\/mapa-vectorial-eps\/wp-json\/wp\/v2\/pages\/2","targetHints":{"allow":["GET"]}}],"collection":[{"href":"https:\/\/www.bc-maps.com\/mapa-vectorial-eps\/wp-json\/wp\/v2\/pages"}],"about":[{"href":"https:\/\/www.bc-maps.com\/mapa-vectorial-eps\/wp-json\/wp\/v2\/types\/page"}],"author":[{"embeddable":true,"href":"https:\/\/www.bc-maps.com\/mapa-vectorial-eps\/wp-json\/wp\/v2\/users\/1"}],"replies":[{"embeddable":true,"href":"https:\/\/www.bc-maps.com\/mapa-vectorial-eps\/wp-json\/wp\/v2\/comments?post=2"}],"version-history":[{"count":15,"href":"https:\/\/www.bc-maps.com\/mapa-vectorial-eps\/wp-json\/wp\/v2\/pages\/2\/revisions"}],"predecessor-version":[{"id":8448,"href":"https:\/\/www.bc-maps.com\/mapa-vectorial-eps\/wp-json\/wp\/v2\/pages\/2\/revisions\/8448"}],"wp:featuredmedia":[{"embeddable":true,"href":"https:\/\/www.bc-maps.com\/mapa-vectorial-eps\/wp-json\/wp\/v2\/media\/3370"}],"wp:attachment":[{"href":"https:\/\/www.bc-maps.com\/mapa-vectorial-eps\/wp-json\/wp\/v2\/media?parent=2"}],"curies":[{"name":"wp","href":"https:\/\/api.w.org\/{rel}","templated":true}]}}