{"id":1471,"date":"2012-06-15T10:32:03","date_gmt":"2012-06-15T10:32:03","guid":{"rendered":"http:\/\/www.bc-maps.com\/mapa-vectorial-eps\/"},"modified":"2024-12-04T05:22:16","modified_gmt":"2024-12-04T05:22:16","slug":"illustrator-peru-politico","status":"publish","type":"page","link":"https:\/\/www.bc-maps.com\/mapa-vectorial-eps\/illustrator-peru-politico\/","title":{"rendered":"Per\u00fa mapa politico y carreteras en Illustrator"},"content":{"rendered":"<h1>Per\u00fa mapas vectorizados<\/h1>\n<h2>Mapas editables eps illustrator politicos y de carreteras de Per\u00fa<\/h2>\n<h2>Mapas digitales de regiones de Per\u00fa<\/h2>\n<p>Podemos crear cualquier tipo de mapa de Per\u00fa, mapas parciales, mapas generales, mapas tem\u00e1ticos\u2026etc.<\/p>\n<p>Los mapas vectoriales se entregan en formatos <a href=\"http:\/\/www.adobe.es\">illustrator<\/a> o eps de adobe, totalmente \u00a0editables<\/p>\n<p>El contenido de informaci\u00f3n depender\u00e1 del tama\u00f1o de la zona y la escala o medidas de reproducci\u00f3n, ya que no trabajamos con textos inferiores a 5 puntos para que sean legibles.<\/p>\n<figure id=\"attachment_7032\" aria-describedby=\"caption-attachment-7032\" style=\"width: 233px\" class=\"wp-caption alignnone\"><a href=\"https:\/\/www.bc-maps.com\/wp-content\/uploads\/2024\/12\/PERU-LE.jpg\" target=\"_blank\" rel=\"noopener\"><img loading=\"lazy\" decoding=\"async\" class=\"wp-image-7032\" title=\"Per\u00fa mapa vectorial pol\u00edtico illustrator eps\" src=\"https:\/\/www.bc-maps.com\/wp-content\/uploads\/2024\/12\/PERU-LE-212x300.jpg\" alt=\"Per\u00fa mapa vectorial pol\u00edtico illustrator eps\" width=\"233\" height=\"330\" srcset=\"https:\/\/www.bc-maps.com\/wp-content\/uploads\/2024\/12\/PERU-LE-212x300.jpg 212w, https:\/\/www.bc-maps.com\/wp-content\/uploads\/2024\/12\/PERU-LE.jpg 610w\" sizes=\"auto, (max-width: 233px) 100vw, 233px\" \/><\/a><figcaption id=\"caption-attachment-7032\" class=\"wp-caption-text\">Per\u00fa mapa vectorial pol\u00edtico illustrator eps<\/figcaption><\/figure>\n<p><strong>Departamentos<\/strong><\/p>\n<p>Amazonas, \u00c1ncash, Apur\u00edmac, Arequipa, Ayacucho, Cajamarca, Callao, Cusco, Huancavelica, Hu\u00e1nuco, Ica, Jun\u00edn,La Libertad, Lambayeque, Lima, Loreto,Madre de Dios, Moquegua, Pasco, Piura, Puno, San Mart\u00edn, Tacna, Tumbes, Ucayali.<\/p>\n<p><strong>Principales ciudades<\/strong><\/p>\n<p>Abancay, Andahuaylas, Arequipa, Ayacucho, Cajamarca, Callao, Cerro de Pasco, Chachapoyas, Chiclayo, Chimbote, Cuzco, Huacho, Huancavelica, Huancayo, Hu\u00e1nuco, Huaraz, Ica, Iquitos, Juliaca, Lima, Moquegua, Moyobamba, Piura, Pucallpa, Puerto Maldonado, Puno, Tacna, Tarapoto, Trujillo, Tumbes.<\/p>\n","protected":false},"excerpt":{"rendered":"<p>Per\u00fa mapas vectorizados Mapas editables eps illustrator politicos y de carreteras de Per\u00fa Mapas digitales de regiones de Per\u00fa Podemos crear cualquier tipo de mapa de Per\u00fa, mapas parciales, mapas generales, mapas tem\u00e1ticos\u2026etc. Los mapas vectoriales se entregan en formatos illustrator o eps de adobe, totalmente \u00a0editables El contenido de informaci\u00f3n depender\u00e1 del tama\u00f1o de &hellip; <a href=\"https:\/\/www.bc-maps.com\/mapa-vectorial-eps\/illustrator-peru-politico\/\" class=\"more-link\">Seguir leyendo <span class=\"screen-reader-text\">Per\u00fa mapa politico y carreteras en Illustrator<\/span> <span class=\"meta-nav\">&rarr;<\/span><\/a><\/p>\n","protected":false},"author":1,"featured_media":7032,"parent":0,"menu_order":0,"comment_status":"closed","ping_status":"closed","template":"","meta":{"footnotes":""},"class_list":["post-1471","page","type-page","status-publish","has-post-thumbnail","hentry"],"_links":{"self":[{"href":"https:\/\/www.bc-maps.com\/mapa-vectorial-eps\/wp-json\/wp\/v2\/pages\/1471","targetHints":{"allow":["GET"]}}],"collection":[{"href":"https:\/\/www.bc-maps.com\/mapa-vectorial-eps\/wp-json\/wp\/v2\/pages"}],"about":[{"href":"https:\/\/www.bc-maps.com\/mapa-vectorial-eps\/wp-json\/wp\/v2\/types\/page"}],"author":[{"embeddable":true,"href":"https:\/\/www.bc-maps.com\/mapa-vectorial-eps\/wp-json\/wp\/v2\/users\/1"}],"replies":[{"embeddable":true,"href":"https:\/\/www.bc-maps.com\/mapa-vectorial-eps\/wp-json\/wp\/v2\/comments?post=1471"}],"version-history":[{"count":2,"href":"https:\/\/www.bc-maps.com\/mapa-vectorial-eps\/wp-json\/wp\/v2\/pages\/1471\/revisions"}],"predecessor-version":[{"id":7034,"href":"https:\/\/www.bc-maps.com\/mapa-vectorial-eps\/wp-json\/wp\/v2\/pages\/1471\/revisions\/7034"}],"wp:featuredmedia":[{"embeddable":true,"href":"https:\/\/www.bc-maps.com\/mapa-vectorial-eps\/wp-json\/wp\/v2\/media\/7032"}],"wp:attachment":[{"href":"https:\/\/www.bc-maps.com\/mapa-vectorial-eps\/wp-json\/wp\/v2\/media?parent=1471"}],"curies":[{"name":"wp","href":"https:\/\/api.w.org\/{rel}","templated":true}]}}