{"id":1207,"date":"2012-06-04T09:36:31","date_gmt":"2012-06-04T09:36:31","guid":{"rendered":"http:\/\/www.bc-maps.com\/mapa-vectorial-eps\/"},"modified":"2018-10-04T15:26:22","modified_gmt":"2018-10-04T15:26:22","slug":"francia-ilustrator","status":"publish","type":"page","link":"https:\/\/www.bc-maps.com\/mapa-vectorial-eps\/mapas-vectoriales\/mapas-de-europa\/paises-de-europa\/francia-ilustrator\/","title":{"rendered":"Mapa Francia vectorial en Illustrator con carreteras"},"content":{"rendered":"<h1>Mapas vectoriales de Francia<\/h1>\n<h2>Mapa Francia vectorial editable eps illustrator pol\u00edtico y de carreteras<\/h2>\n<h2>Mapas digitales de regiones y provincias de Francia<\/h2>\n<p>Podemos crear cualquier tipo de mapa Francia vectorial, mapas parciales, mapas generales, mapas tem\u00e1ticos\u2026etc.\u00a0en <a href=\"http:\/\/www.adobe.com\/es\">adobe illustrator<\/a><\/p>\n<p>El contenido de informaci\u00f3n depender\u00e1 del tama\u00f1o de la zona y la escala o medidas de reproducci\u00f3n, ya que no trabajamos con textos inferiores a 5 puntos para que sean legibles.<\/p>\n<p>Habitualmente se entregan ficheros en formato\u00a0<a href=\"http:\/\/www.adobe.com\/es\/products\/illustrator.html\">Illustrator CC<\/a>, totalmente editables, colores y textos, estructurados por medio de casas de informaci\u00f3n para facilitar los cambios y personalizaciones, inclusi\u00f3n de lugares de inter\u00e9s, museos, colegios, monumentos&#8230;etc.<\/p>\n<figure id=\"attachment_3208\" aria-describedby=\"caption-attachment-3208\" style=\"width: 300px\" class=\"wp-caption alignnone\"><a href=\"http:\/\/www.bc-maps.com\/wp-content\/uploads\/2012\/06\/FRANCE-Carte-map-routiere.jpg\" target=\"_blank\" rel=\"noopener noreferrer\"><img loading=\"lazy\" decoding=\"async\" class=\"wp-image-3208 size-medium\" title=\"Francia mapa vectorial illustrator eps\" src=\"http:\/\/www.bc-maps.com\/wp-content\/uploads\/2012\/06\/FRANCE-Carte-map-routiere-300x212.jpg\" alt=\"Francia mapa vectorial illustrator eps\" width=\"300\" height=\"212\" srcset=\"https:\/\/www.bc-maps.com\/wp-content\/uploads\/2012\/06\/FRANCE-Carte-map-routiere-300x212.jpg 300w, https:\/\/www.bc-maps.com\/wp-content\/uploads\/2012\/06\/FRANCE-Carte-map-routiere-768x542.jpg 768w, https:\/\/www.bc-maps.com\/wp-content\/uploads\/2012\/06\/FRANCE-Carte-map-routiere-1024x723.jpg 1024w\" sizes=\"auto, (max-width: 300px) 100vw, 300px\" \/><\/a><figcaption id=\"caption-attachment-3208\" class=\"wp-caption-text\">Francia mapa vectorial illustrator eps<\/figcaption><\/figure>\n<h5><strong>REGIONES<\/strong><\/h5>\n<p>Alsace, Aquitaine, Auvergne, Basse-Normandie, Bourgogne, Bretagne, Centre, Champagne-Ardenne, Corse, Franche-Comt\u00e9, Guadeloupe, Guyane,<\/p>\n<p>Haute-Normandie, \u00cele-de-France, La R\u00e9union, Languedoc-Roussillon, Limousin,<\/p>\n<p>Lorraine, Martinique, Mayotte, Midi-Pyr\u00e9n\u00e9es, Nord-Pas-de-Calais, Pays de la Loire, Picardie, Poitou-Charentes, Provence-Alpes-C\u00f4te d&#8217;Azur, Rh\u00f4ne-Alpes.<\/p>\n<h5><strong>DEPARTAMENTOS<\/strong><\/h5>\n<p>Ain\u00a0(01), Aisne\u00a0(02), Allier\u00a0(03), Alpes-de-Haute-Provence\u00a0(04), Alpes-Maritimes\u00a0(06), Ard\u00e8che\u00a0(07), Ardennes\u00a0(08), seguidamente<\/p>\n<p>Ari\u00e8ge\u00a0(09), Aube\u00a0(10), Aude\u00a0(11), Aveyron\u00a0(12), Bas-Rhin\u00a0(67), Bouches-du-Rh\u00f4ne\u00a0(13), Calvados\u00a0(14), Cantal\u00a0(15), Charente\u00a0(16),<\/p>\n<p>Charente-Maritime\u00a0(17), Cher\u00a0(18), Corr\u00e8ze\u00a0(19), Corse-du-Sud\u00a0(2A), C\u00f4te-d&#8217;Or\u00a0(21), C\u00f4tes-d&#8217;Armor\u00a0(22), Creuse\u00a0(23),<\/p>\n<p>Deux-S\u00e8vres\u00a0(79), Dordogne\u00a0(24), Doubs\u00a0(25), Dr\u00f4me\u00a0(26), Essonne\u00a0(91), Eure\u00a0(27), Eure-et-Loir\u00a0(28), Finist\u00e8re\u00a0(29),seguidamente<\/p>\n<p>Gard\u00a0(30), Gers\u00a0(32), Gironde\u00a0(33), Guadeloupe\u00a0(971), Guyane\u00a0(973), Haute-Corse\u00a0(2B), Haute-Garonne\u00a0(31), Haute-Loire\u00a0(43),<\/p>\n<p>Haute-Marne\u00a0(52), Hautes-Alpes\u00a0(05), Haute-Sa\u00f4ne\u00a0(70), Haute-Savoie\u00a0(74), Hautes-Pyr\u00e9n\u00e9es\u00a0(65),<\/p>\n<p>Haute-Vienne\u00a0(87), Haut-Rhin\u00a0(68), Hauts-de-Seine\u00a0(92), H\u00e9rault\u00a0(34), Ille-et-Vilaine\u00a0(35), Indre\u00a0(36), Indre-et-Loire\u00a0(37),seguidamente<\/p>\n<p>Is\u00e8re\u00a0(38), Jura\u00a0(39), La R\u00e9union\u00a0(974),<\/p>\n<p>Landes\u00a0(40), Loire\u00a0(42), Loire-Atlantique\u00a0(44), Loiret\u00a0(45), Loir-et-Cher\u00a0(41), Lot\u00a0(46), Lot-et-Garonne\u00a0(47), Loz\u00e8re\u00a0(48),seguidamente<\/p>\n<p>Maine-et-Loire\u00a0(49), Manche\u00a0(50), Marne\u00a0(51), Martinique\u00a0(972), Mayenne\u00a0(53), Mayotte\u00a0(976),seguidamente<\/p>\n<p>Meurthe-et-Moselle\u00a0(54), Meuse\u00a0(55), Morbihan\u00a0(56), Moselle\u00a0(57), Ni\u00e8vre\u00a0(58), Nord\u00a0(59), Oise\u00a0(60), Orne\u00a0(61), Paris\u00a0(75), Pas-de-Calais\u00a0(62), Puy-de-D\u00f4me\u00a0(63),<\/p>\n<p>Pyr\u00e9n\u00e9es-Atlantiques\u00a0(64), Pyr\u00e9n\u00e9es-Orientales\u00a0(66), Rh\u00f4ne\u00a0(69), Sa\u00f4ne-et-Loire\u00a0(71), Sarthe\u00a0(72), Savoie\u00a0(73), Seine-et-Marne\u00a0(77), Seine-Maritime\u00a0(76),seguidamente<\/p>\n<p>Seine-Saint-Denis\u00a0(93), Somme\u00a0(80), Tarn\u00a0(81), Tarn-et-Garonne\u00a0(82), Territoire de Belfort\u00a0(90), Val-de-Marne\u00a0(94), Val-d&#8217;Oise\u00a0(95), Var\u00a0(83), Vaucluse\u00a0(84),seguidamente<\/p>\n<p>Vend\u00e9e\u00a0(85), Vienne\u00a0(86), Vosges\u00a0(88), Yonne\u00a0(89), Yvelines\u00a0(78).<\/p>\n<h5><strong>Principales ciudades<\/strong><\/h5>\n<p><a title=\"Mapa Vectorial illustrator eps Paris\" href=\"https:\/\/www.bc-maps.com\/mapa-vectorial-eps\/paris-mapa-vectorial-illustrator-eps\/\" target=\"_self\">Paris<\/a>, Ajaccio, Amiens, Basse-Terre, Besan\u00e7on, <a href=\"https:\/\/www.bc-maps.com\/mapa-vectorial-eps\/bordeaux-mapa-vectorial-illustrator-eps-burdeos\/\">Bordeaux,<\/a> Caen, Cayenne, Ch\u00e2lons-en-Champagne, Clermont-Ferrand, Dijon, Fort-de-France, Lille, Limoges, <a title=\"Mapa vectorial illustrator eps Lyon\" href=\"https:\/\/www.bc-maps.com\/mapa-vectorial-eps\/illustrator-vector-map-lyon\/\" target=\"_self\">Lyon<\/a>,\u00a0seguidamente<\/p>\n<p>Mamoudzou, Marseille, Metz, Montpellier, <a href=\"https:\/\/www.bc-maps.com\/mapa-vectorial-eps\/nantes-mapa-vectorial-illustrator-eps\/\">Nantes<\/a>, Orl\u00e9ans, Poitiers, Rennes, Rouen,Saint-Denis, Strasbourg, Toulouse.<\/p>\n","protected":false},"excerpt":{"rendered":"<p>Mapas vectoriales de Francia Mapa Francia vectorial editable eps illustrator pol\u00edtico y de carreteras Mapas digitales de regiones y provincias de Francia Podemos crear cualquier tipo de mapa Francia vectorial, mapas parciales, mapas generales, mapas tem\u00e1ticos\u2026etc.\u00a0en adobe illustrator El contenido de informaci\u00f3n depender\u00e1 del tama\u00f1o de la zona y la escala o medidas de reproducci\u00f3n, &hellip; <a href=\"https:\/\/www.bc-maps.com\/mapa-vectorial-eps\/mapas-vectoriales\/mapas-de-europa\/paises-de-europa\/francia-ilustrator\/\" class=\"more-link\">Seguir leyendo <span class=\"screen-reader-text\">Mapa Francia vectorial en Illustrator con carreteras<\/span> <span class=\"meta-nav\">&rarr;<\/span><\/a><\/p>\n","protected":false},"author":1,"featured_media":0,"parent":3616,"menu_order":0,"comment_status":"closed","ping_status":"closed","template":"","meta":{"footnotes":""},"class_list":["post-1207","page","type-page","status-publish","hentry"],"_links":{"self":[{"href":"https:\/\/www.bc-maps.com\/mapa-vectorial-eps\/wp-json\/wp\/v2\/pages\/1207","targetHints":{"allow":["GET"]}}],"collection":[{"href":"https:\/\/www.bc-maps.com\/mapa-vectorial-eps\/wp-json\/wp\/v2\/pages"}],"about":[{"href":"https:\/\/www.bc-maps.com\/mapa-vectorial-eps\/wp-json\/wp\/v2\/types\/page"}],"author":[{"embeddable":true,"href":"https:\/\/www.bc-maps.com\/mapa-vectorial-eps\/wp-json\/wp\/v2\/users\/1"}],"replies":[{"embeddable":true,"href":"https:\/\/www.bc-maps.com\/mapa-vectorial-eps\/wp-json\/wp\/v2\/comments?post=1207"}],"version-history":[{"count":6,"href":"https:\/\/www.bc-maps.com\/mapa-vectorial-eps\/wp-json\/wp\/v2\/pages\/1207\/revisions"}],"predecessor-version":[{"id":6965,"href":"https:\/\/www.bc-maps.com\/mapa-vectorial-eps\/wp-json\/wp\/v2\/pages\/1207\/revisions\/6965"}],"up":[{"embeddable":true,"href":"https:\/\/www.bc-maps.com\/mapa-vectorial-eps\/wp-json\/wp\/v2\/pages\/3616"}],"wp:attachment":[{"href":"https:\/\/www.bc-maps.com\/mapa-vectorial-eps\/wp-json\/wp\/v2\/media?parent=1207"}],"curies":[{"name":"wp","href":"https:\/\/api.w.org\/{rel}","templated":true}]}}