{"id":1143,"date":"2012-06-01T11:39:53","date_gmt":"2012-06-01T11:39:53","guid":{"rendered":"http:\/\/www.bc-maps.com\/mapa-vectorial-eps\/"},"modified":"2025-10-10T06:23:32","modified_gmt":"2025-10-10T06:23:32","slug":"mapa-en-illustrator-de-munich","status":"publish","type":"page","link":"https:\/\/www.bc-maps.com\/mapa-vectorial-eps\/mapa-en-illustrator-de-munich\/","title":{"rendered":"Mapa en Illustrator de Munich"},"content":{"rendered":"\n<h1 class=\"wp-block-heading\">Planos y mapas vectoriales de Munich\/Munchen<\/h1>\n\n\n\n<h2 class=\"wp-block-heading\">Mapas vectoriales editables con de las calles de Munich\/Munchen<\/h2>\n\n\n\n<h3 class=\"wp-block-heading\">Planos vectoriales de ciudades de Alemania<\/h3>\n\n\n\n<p>Podemos crear cualquier tipo de mapa de la ciudad de Munich\/Munchen, planos parciales, planos generales, planos de detalle\u2026etc.<\/p>\n\n\n\n<p>Formatos editables, textos y colores, estructurados por medio de capas de informaci\u00f3n, <a href=\"http:\/\/www.adobe.com\">illustrator,<\/a> eps, pdf, svg, <\/p>\n\n\n\n<div class=\"mceTemp\">\u00a0<\/div>\n\n\n\n<figure class=\"wp-block-gallery has-nested-images columns-default is-cropped wp-block-gallery-1 is-layout-flex wp-block-gallery-is-layout-flex\">\n<figure class=\"wp-block-image size-large\"><a href=\"https:\/\/www.bc-maps.com\/wp-content\/uploads\/2012\/06\/Munich-mapa-vectorial-eps-illustrator.jpg\" target=\"_blank\" rel=\"noopener noreferrer\"><img loading=\"lazy\" decoding=\"async\" width=\"1024\" height=\"769\" data-id=\"2958\" src=\"https:\/\/www.bc-maps.com\/wp-content\/uploads\/2012\/06\/Munich-mapa-vectorial-eps-illustrator-1024x769.jpg\" alt=\"Munich mapa vectorial eps illustrator\" class=\"wp-image-2958\" srcset=\"https:\/\/www.bc-maps.com\/wp-content\/uploads\/2012\/06\/Munich-mapa-vectorial-eps-illustrator-1024x769.jpg 1024w, https:\/\/www.bc-maps.com\/wp-content\/uploads\/2012\/06\/Munich-mapa-vectorial-eps-illustrator-300x225.jpg 300w, https:\/\/www.bc-maps.com\/wp-content\/uploads\/2012\/06\/Munich-mapa-vectorial-eps-illustrator-768x576.jpg 768w, https:\/\/www.bc-maps.com\/wp-content\/uploads\/2012\/06\/Munich-mapa-vectorial-eps-illustrator.jpg 1355w\" sizes=\"auto, (max-width: 1024px) 100vw, 1024px\" \/><\/a><figcaption class=\"wp-element-caption\">Munich mapa vectorial eps illustrator<\/figcaption><\/figure>\n<\/figure>\n\n\n\n<p>El contenido de informaci\u00f3n depender\u00e1 del tama\u00f1o de la zona y la escala o medidas de reproducci\u00f3n, ya que no trabajamos con textos inferiores a 5 puntos para que sean legibles.<\/p>\n","protected":false},"excerpt":{"rendered":"<p>Planos y mapas vectoriales de Munich\/Munchen Mapas vectoriales editables con de las calles de Munich\/Munchen Planos vectoriales de ciudades de Alemania Podemos crear cualquier tipo de mapa de la ciudad de Munich\/Munchen, planos parciales, planos generales, planos de detalle\u2026etc. Formatos editables, textos y colores, estructurados por medio de capas de informaci\u00f3n, illustrator, eps, pdf, svg, &hellip; <a href=\"https:\/\/www.bc-maps.com\/mapa-vectorial-eps\/mapa-en-illustrator-de-munich\/\" class=\"more-link\">Seguir leyendo <span class=\"screen-reader-text\">Mapa en Illustrator de Munich<\/span> <span class=\"meta-nav\">&rarr;<\/span><\/a><\/p>\n","protected":false},"author":1,"featured_media":0,"parent":0,"menu_order":0,"comment_status":"closed","ping_status":"closed","template":"","meta":{"footnotes":""},"class_list":["post-1143","page","type-page","status-publish","hentry"],"_links":{"self":[{"href":"https:\/\/www.bc-maps.com\/mapa-vectorial-eps\/wp-json\/wp\/v2\/pages\/1143","targetHints":{"allow":["GET"]}}],"collection":[{"href":"https:\/\/www.bc-maps.com\/mapa-vectorial-eps\/wp-json\/wp\/v2\/pages"}],"about":[{"href":"https:\/\/www.bc-maps.com\/mapa-vectorial-eps\/wp-json\/wp\/v2\/types\/page"}],"author":[{"embeddable":true,"href":"https:\/\/www.bc-maps.com\/mapa-vectorial-eps\/wp-json\/wp\/v2\/users\/1"}],"replies":[{"embeddable":true,"href":"https:\/\/www.bc-maps.com\/mapa-vectorial-eps\/wp-json\/wp\/v2\/comments?post=1143"}],"version-history":[{"count":4,"href":"https:\/\/www.bc-maps.com\/mapa-vectorial-eps\/wp-json\/wp\/v2\/pages\/1143\/revisions"}],"predecessor-version":[{"id":8031,"href":"https:\/\/www.bc-maps.com\/mapa-vectorial-eps\/wp-json\/wp\/v2\/pages\/1143\/revisions\/8031"}],"wp:attachment":[{"href":"https:\/\/www.bc-maps.com\/mapa-vectorial-eps\/wp-json\/wp\/v2\/media?parent=1143"}],"curies":[{"name":"wp","href":"https:\/\/api.w.org\/{rel}","templated":true}]}}