{"id":1107,"date":"2012-06-01T11:18:51","date_gmt":"2012-06-01T11:18:51","guid":{"rendered":"http:\/\/www.bc-maps.com\/mapa-vectorial-eps\/"},"modified":"2025-10-10T06:30:14","modified_gmt":"2025-10-10T06:30:14","slug":"frankfurt-ilustrator","status":"publish","type":"page","link":"https:\/\/www.bc-maps.com\/mapa-vectorial-eps\/mapas-vectoriales\/mapas-de-europa\/ciudades\/frankfurt-ilustrator\/","title":{"rendered":"Mapa en Illustrator de Frankfurt"},"content":{"rendered":"\n<h1 class=\"wp-block-heading\">Planos y mapas vectoriales de Frankfurt<\/h1>\n\n\n\n<h2 class=\"wp-block-heading\">Mapas vectoriales editables con de las calles de Frankfurt<\/h2>\n\n\n\n<h3 class=\"wp-block-heading\">Planos vectoriales de ciudades de Alemania<\/h3>\n\n\n\n<p>Podemos crear cualquier tipo de mapa de la ciudad de Frankfurt, planos parciales, planos generales, planos de detalle\u2026etc.&nbsp;en <a href=\"http:\/\/www.adobe.com\/es\">adobe illustrator<\/a><\/p>\n\n\n\n<p>Formatos editables, textos y colores, estructurados por medio de capas de informaci\u00f3n, illustrator, eps, pdf, svg, freehand.<\/p>\n\n\n\n<div class=\"mceTemp\">&nbsp;<\/div>\n\n\n\n<figure class=\"wp-block-gallery has-nested-images columns-default is-cropped wp-block-gallery-1 is-layout-flex wp-block-gallery-is-layout-flex\">\n<figure class=\"wp-block-image size-large\"><a href=\"https:\/\/www.bc-maps.com\/wp-content\/uploads\/2012\/06\/Frankfurt-72.jpg\" target=\"_blank\" rel=\"noopener noreferrer\"><img loading=\"lazy\" decoding=\"async\" width=\"227\" height=\"350\" data-id=\"3100\" src=\"https:\/\/www.bc-maps.com\/wp-content\/uploads\/2012\/06\/Frankfurt-72.jpg\" alt=\"Frankfurt mapa vectorial illustrator eps\" class=\"wp-image-3100\" srcset=\"https:\/\/www.bc-maps.com\/wp-content\/uploads\/2012\/06\/Frankfurt-72.jpg 227w, https:\/\/www.bc-maps.com\/wp-content\/uploads\/2012\/06\/Frankfurt-72-195x300.jpg 195w\" sizes=\"auto, (max-width: 227px) 100vw, 227px\" \/><\/a><figcaption class=\"wp-element-caption\">Frankfurt mapa vectorial illustrator eps<\/figcaption><\/figure>\n<\/figure>\n\n\n\n<p>El contenido de informaci\u00f3n depender\u00e1 del tama\u00f1o de la zona y la escala o medidas de reproducci\u00f3n, ya que no trabajamos con textos inferiores a 5 puntos para que sean legibles.<\/p>\n","protected":false},"excerpt":{"rendered":"<p>Planos y mapas vectoriales de Frankfurt Mapas vectoriales editables con de las calles de Frankfurt Planos vectoriales de ciudades de Alemania Podemos crear cualquier tipo de mapa de la ciudad de Frankfurt, planos parciales, planos generales, planos de detalle\u2026etc.&nbsp;en adobe illustrator Formatos editables, textos y colores, estructurados por medio de capas de informaci\u00f3n, illustrator, eps, &hellip; <a href=\"https:\/\/www.bc-maps.com\/mapa-vectorial-eps\/mapas-vectoriales\/mapas-de-europa\/ciudades\/frankfurt-ilustrator\/\" class=\"more-link\">Seguir leyendo <span class=\"screen-reader-text\">Mapa en Illustrator de Frankfurt<\/span> <span class=\"meta-nav\">&rarr;<\/span><\/a><\/p>\n","protected":false},"author":1,"featured_media":3100,"parent":3611,"menu_order":0,"comment_status":"closed","ping_status":"closed","template":"","meta":{"footnotes":""},"class_list":["post-1107","page","type-page","status-publish","has-post-thumbnail","hentry"],"_links":{"self":[{"href":"https:\/\/www.bc-maps.com\/mapa-vectorial-eps\/wp-json\/wp\/v2\/pages\/1107","targetHints":{"allow":["GET"]}}],"collection":[{"href":"https:\/\/www.bc-maps.com\/mapa-vectorial-eps\/wp-json\/wp\/v2\/pages"}],"about":[{"href":"https:\/\/www.bc-maps.com\/mapa-vectorial-eps\/wp-json\/wp\/v2\/types\/page"}],"author":[{"embeddable":true,"href":"https:\/\/www.bc-maps.com\/mapa-vectorial-eps\/wp-json\/wp\/v2\/users\/1"}],"replies":[{"embeddable":true,"href":"https:\/\/www.bc-maps.com\/mapa-vectorial-eps\/wp-json\/wp\/v2\/comments?post=1107"}],"version-history":[{"count":5,"href":"https:\/\/www.bc-maps.com\/mapa-vectorial-eps\/wp-json\/wp\/v2\/pages\/1107\/revisions"}],"predecessor-version":[{"id":8038,"href":"https:\/\/www.bc-maps.com\/mapa-vectorial-eps\/wp-json\/wp\/v2\/pages\/1107\/revisions\/8038"}],"up":[{"embeddable":true,"href":"https:\/\/www.bc-maps.com\/mapa-vectorial-eps\/wp-json\/wp\/v2\/pages\/3611"}],"wp:featuredmedia":[{"embeddable":true,"href":"https:\/\/www.bc-maps.com\/mapa-vectorial-eps\/wp-json\/wp\/v2\/media\/3100"}],"wp:attachment":[{"href":"https:\/\/www.bc-maps.com\/mapa-vectorial-eps\/wp-json\/wp\/v2\/media?parent=1107"}],"curies":[{"name":"wp","href":"https:\/\/api.w.org\/{rel}","templated":true}]}}