{"id":1095,"date":"2012-06-01T11:18:08","date_gmt":"2012-06-01T11:18:08","guid":{"rendered":"http:\/\/www.bc-maps.com\/mapa-vectorial-eps\/"},"modified":"2018-10-04T15:18:38","modified_gmt":"2018-10-04T15:18:38","slug":"cork-illustrator","status":"publish","type":"page","link":"https:\/\/www.bc-maps.com\/mapa-vectorial-eps\/mapas-vectoriales\/mapas-de-europa\/ciudades\/cork-illustrator\/","title":{"rendered":"Mapa en Illustrator de Cork"},"content":{"rendered":"<h1>Planos y mapas vectoriales de Cork<\/h1>\n<h2>Mapas vectoriales editables<\/h2>\n<h3>Planos vectoriales de ciudades de Irlanda<\/h3>\n<p>Podemos crear cualquier tipo de mapa de la ciudad de Cork, planos parciales, planos generales, planos de detalle\u2026etc.\u00a0en <a href=\"http:\/\/www.adobe.com\/es\">adobe illustrator<\/a><\/p>\n<p>Los mapas de ciudades pueden contener el nombre de todas las calles o solo las principales, as\u00ed como los lugares de inter\u00e9s m\u00e1s importantes.<\/p>\n<p>Formatos editables, textos y colores, estructurados por medio de capas de informaci\u00f3n, illustrator, eps, pdf, svg, freehand.<\/p>\n<div class=\"mceTemp\"><\/div>\n<figure id=\"attachment_3082\" aria-describedby=\"caption-attachment-3082\" style=\"width: 300px\" class=\"wp-caption alignnone\"><a href=\"http:\/\/www.bc-maps.com\/wp-content\/uploads\/2012\/06\/CORK-CITY-BC-MAPS.jpg\" target=\"_blank\" rel=\"noopener noreferrer\"><img loading=\"lazy\" decoding=\"async\" class=\"wp-image-3082 size-medium\" title=\"Cork mapa vectorial illustrator eps editable\" src=\"http:\/\/www.bc-maps.com\/wp-content\/uploads\/2012\/06\/CORK-CITY-BC-MAPS-300x220.jpg\" alt=\"Cork mapa vectorial illustrator eps editable\" width=\"300\" height=\"220\" srcset=\"https:\/\/www.bc-maps.com\/wp-content\/uploads\/2012\/06\/CORK-CITY-BC-MAPS-300x220.jpg 300w, https:\/\/www.bc-maps.com\/wp-content\/uploads\/2012\/06\/CORK-CITY-BC-MAPS-768x563.jpg 768w, https:\/\/www.bc-maps.com\/wp-content\/uploads\/2012\/06\/CORK-CITY-BC-MAPS-1024x751.jpg 1024w, https:\/\/www.bc-maps.com\/wp-content\/uploads\/2012\/06\/CORK-CITY-BC-MAPS.jpg 1159w\" sizes=\"auto, (max-width: 300px) 100vw, 300px\" \/><\/a><figcaption id=\"caption-attachment-3082\" class=\"wp-caption-text\">Cork mapa vectorial illustrator eps editable<\/figcaption><\/figure>\n<p>El contenido de informaci\u00f3n depender\u00e1 del tama\u00f1o de la zona y la escala o medidas de reproducci\u00f3n, ya que no trabajamos con textos inferiores a 5 puntos para que sean legibles.<\/p>\n<p>Los mapas son siempre libres de derechos.<\/p>\n","protected":false},"excerpt":{"rendered":"<p>Planos y mapas vectoriales de Cork Mapas vectoriales editables Planos vectoriales de ciudades de Irlanda Podemos crear cualquier tipo de mapa de la ciudad de Cork, planos parciales, planos generales, planos de detalle\u2026etc.\u00a0en adobe illustrator Los mapas de ciudades pueden contener el nombre de todas las calles o solo las principales, as\u00ed como los lugares &hellip; <a href=\"https:\/\/www.bc-maps.com\/mapa-vectorial-eps\/mapas-vectoriales\/mapas-de-europa\/ciudades\/cork-illustrator\/\" class=\"more-link\">Seguir leyendo <span class=\"screen-reader-text\">Mapa en Illustrator de Cork<\/span> <span class=\"meta-nav\">&rarr;<\/span><\/a><\/p>\n","protected":false},"author":1,"featured_media":0,"parent":3611,"menu_order":0,"comment_status":"closed","ping_status":"closed","template":"","meta":{"footnotes":""},"class_list":["post-1095","page","type-page","status-publish","hentry"],"_links":{"self":[{"href":"https:\/\/www.bc-maps.com\/mapa-vectorial-eps\/wp-json\/wp\/v2\/pages\/1095","targetHints":{"allow":["GET"]}}],"collection":[{"href":"https:\/\/www.bc-maps.com\/mapa-vectorial-eps\/wp-json\/wp\/v2\/pages"}],"about":[{"href":"https:\/\/www.bc-maps.com\/mapa-vectorial-eps\/wp-json\/wp\/v2\/types\/page"}],"author":[{"embeddable":true,"href":"https:\/\/www.bc-maps.com\/mapa-vectorial-eps\/wp-json\/wp\/v2\/users\/1"}],"replies":[{"embeddable":true,"href":"https:\/\/www.bc-maps.com\/mapa-vectorial-eps\/wp-json\/wp\/v2\/comments?post=1095"}],"version-history":[{"count":4,"href":"https:\/\/www.bc-maps.com\/mapa-vectorial-eps\/wp-json\/wp\/v2\/pages\/1095\/revisions"}],"predecessor-version":[{"id":3648,"href":"https:\/\/www.bc-maps.com\/mapa-vectorial-eps\/wp-json\/wp\/v2\/pages\/1095\/revisions\/3648"}],"up":[{"embeddable":true,"href":"https:\/\/www.bc-maps.com\/mapa-vectorial-eps\/wp-json\/wp\/v2\/pages\/3611"}],"wp:attachment":[{"href":"https:\/\/www.bc-maps.com\/mapa-vectorial-eps\/wp-json\/wp\/v2\/media?parent=1095"}],"curies":[{"name":"wp","href":"https:\/\/api.w.org\/{rel}","templated":true}]}}