{"id":1087,"date":"2012-06-01T11:17:51","date_gmt":"2012-06-01T11:17:51","guid":{"rendered":"http:\/\/www.bc-maps.com\/mapa-vectorial-eps\/"},"modified":"2018-10-04T14:25:55","modified_gmt":"2018-10-04T14:25:55","slug":"berlin-ilustrator","status":"publish","type":"page","link":"https:\/\/www.bc-maps.com\/mapa-vectorial-eps\/mapas-vectoriales\/mapas-de-europa\/ciudades\/berlin-ilustrator\/","title":{"rendered":"Mapa en Illustrator de Berlin"},"content":{"rendered":"<h1>Planos y mapas vectoriales de Berlin<\/h1>\n<h2>Berlin mapa vectorial editable<\/h2>\n<h3>Planos vectoriales de ciudades de Alemania<\/h3>\n<p>Podemos crear cualquier tipo de mapa de Berlin , Alemania, mapas de ciudades, mapas de Lands, mapas de regiones de Alemania,\u00a0en <a href=\"http:\/\/www.adobe.com\/es\">adobe illustrator<\/a><\/p>\n<p>Formatos editables, textos y colores, estructurados por medio de capas de informaci\u00f3n, illustrator, eps, pdf, svg, freehand.<\/p>\n<figure id=\"attachment_3047\" aria-describedby=\"caption-attachment-3047\" style=\"width: 300px\" class=\"wp-caption alignnone\"><a href=\"http:\/\/www.bc-maps.com\/wp-content\/uploads\/2012\/06\/Berlin-mapa-vectorial-illustrator-eps.jpg\" target=\"_blank\" rel=\"noopener noreferrer\"><img loading=\"lazy\" decoding=\"async\" class=\"wp-image-3047 size-medium\" title=\"Berlin mapa vectorial illustrator eps\" src=\"http:\/\/www.bc-maps.com\/wp-content\/uploads\/2012\/06\/Berlin-mapa-vectorial-illustrator-eps-300x166.jpg\" alt=\"Berlin mapa vectorial illustrator eps\" width=\"300\" height=\"166\" srcset=\"https:\/\/www.bc-maps.com\/wp-content\/uploads\/2012\/06\/Berlin-mapa-vectorial-illustrator-eps-300x166.jpg 300w, https:\/\/www.bc-maps.com\/wp-content\/uploads\/2012\/06\/Berlin-mapa-vectorial-illustrator-eps-768x424.jpg 768w, https:\/\/www.bc-maps.com\/wp-content\/uploads\/2012\/06\/Berlin-mapa-vectorial-illustrator-eps-1024x566.jpg 1024w, https:\/\/www.bc-maps.com\/wp-content\/uploads\/2012\/06\/Berlin-mapa-vectorial-illustrator-eps-672x372.jpg 672w, https:\/\/www.bc-maps.com\/wp-content\/uploads\/2012\/06\/Berlin-mapa-vectorial-illustrator-eps-1038x576.jpg 1038w, https:\/\/www.bc-maps.com\/wp-content\/uploads\/2012\/06\/Berlin-mapa-vectorial-illustrator-eps.jpg 1272w\" sizes=\"auto, (max-width: 300px) 100vw, 300px\" \/><\/a><figcaption id=\"caption-attachment-3047\" class=\"wp-caption-text\">Berlin mapa vectorial illustrator eps<\/figcaption><\/figure>\n<p>El contenido de informaci\u00f3n del mapa vectorial de Berlin depender\u00e1 del tama\u00f1o de la zona y la escala o medidas de reproducci\u00f3n, ya que no trabajamos con textos inferiores a 5 puntos para que sean legibles.<\/p>\n","protected":false},"excerpt":{"rendered":"<p>Planos y mapas vectoriales de Berlin Berlin mapa vectorial editable Planos vectoriales de ciudades de Alemania Podemos crear cualquier tipo de mapa de Berlin , Alemania, mapas de ciudades, mapas de Lands, mapas de regiones de Alemania,\u00a0en adobe illustrator Formatos editables, textos y colores, estructurados por medio de capas de informaci\u00f3n, illustrator, eps, pdf, svg, &hellip; <a href=\"https:\/\/www.bc-maps.com\/mapa-vectorial-eps\/mapas-vectoriales\/mapas-de-europa\/ciudades\/berlin-ilustrator\/\" class=\"more-link\">Seguir leyendo <span class=\"screen-reader-text\">Mapa en Illustrator de Berlin<\/span> <span class=\"meta-nav\">&rarr;<\/span><\/a><\/p>\n","protected":false},"author":1,"featured_media":0,"parent":3611,"menu_order":0,"comment_status":"closed","ping_status":"closed","template":"","meta":{"footnotes":""},"class_list":["post-1087","page","type-page","status-publish","hentry"],"_links":{"self":[{"href":"https:\/\/www.bc-maps.com\/mapa-vectorial-eps\/wp-json\/wp\/v2\/pages\/1087","targetHints":{"allow":["GET"]}}],"collection":[{"href":"https:\/\/www.bc-maps.com\/mapa-vectorial-eps\/wp-json\/wp\/v2\/pages"}],"about":[{"href":"https:\/\/www.bc-maps.com\/mapa-vectorial-eps\/wp-json\/wp\/v2\/types\/page"}],"author":[{"embeddable":true,"href":"https:\/\/www.bc-maps.com\/mapa-vectorial-eps\/wp-json\/wp\/v2\/users\/1"}],"replies":[{"embeddable":true,"href":"https:\/\/www.bc-maps.com\/mapa-vectorial-eps\/wp-json\/wp\/v2\/comments?post=1087"}],"version-history":[{"count":5,"href":"https:\/\/www.bc-maps.com\/mapa-vectorial-eps\/wp-json\/wp\/v2\/pages\/1087\/revisions"}],"predecessor-version":[{"id":3637,"href":"https:\/\/www.bc-maps.com\/mapa-vectorial-eps\/wp-json\/wp\/v2\/pages\/1087\/revisions\/3637"}],"up":[{"embeddable":true,"href":"https:\/\/www.bc-maps.com\/mapa-vectorial-eps\/wp-json\/wp\/v2\/pages\/3611"}],"wp:attachment":[{"href":"https:\/\/www.bc-maps.com\/mapa-vectorial-eps\/wp-json\/wp\/v2\/media?parent=1087"}],"curies":[{"name":"wp","href":"https:\/\/api.w.org\/{rel}","templated":true}]}}